000
CDUS41 KBOX 240542
CLIPVD


CLIMATE REPORT
NATIONAL WEATHER SERVICE TAUNTON MA
1236 AM EST TUE JAN 24 2017


...................................

...THE PROVIDENCE RI CLIMATE SUMMARY FOR JANUARY 23 2017...

CLIMATE NORMAL PERIOD 1981 TO 2010
CLIMATE RECORD PERIOD 1904 TO 2017


WEATHER ITEM   OBSERVED TIME   RECORD YEAR NORMAL DEPARTURE LAST
                VALUE   (LST)  VALUE       VALUE  FROM      YEAR
                                                  NORMAL
..................................................................
TEMPERATURE (F)
 YESTERDAY
  MAXIMUM         41   1205 AM  64    1906  37      4       33
  MINIMUM         36    838 AM -13    1976  21     15       21
  AVERAGE         39                        29     10       27

PRECIPITATION (IN)
  YESTERDAY        0.58          2.37 1992   0.12   0.46     0.43
  MONTH TO DATE    3.29                      2.88   0.41     3.03
  SINCE DEC 1      6.43                      7.10  -0.67     7.83
  SINCE JAN 1      3.29                      2.88   0.41     3.03

SNOWFALL (IN)
  YESTERDAY        T            16.4  2005   0.2   -0.2      5.3
  MONTH TO DATE   14.1                       6.6    7.5      7.3
  SINCE DEC 1     18.5                      15.3    3.2      7.9
  SINCE JUL 1     18.5                      16.8    1.7      7.9
  SNOW DEPTH       0

DEGREE DAYS
 HEATING
  YESTERDAY       26                        36    -10       38
  MONTH TO DATE  699                       824   -125      778
  SINCE DEC 1   1627                      1776   -149     1361
  SINCE JUL 1   2514                      2851   -337     2242

 COOLING
  YESTERDAY        0                         0      0        0
  MONTH TO DATE    0                         0      0        0
  SINCE DEC 1      0                         0      0        0
  SINCE JAN 1      0                         0      0        0
..................................................................


WIND (MPH)
  RESULTANT WIND SPEED  18   RESULTANT WIND DIRECTION  NE (50)
  HIGHEST WIND SPEED    30   HIGHEST WIND DIRECTION    NE (50)
  HIGHEST GUST SPEED    40   HIGHEST GUST DIRECTION    NE (40)
  AVERAGE WIND SPEED    18.1


SKY COVER
  POSSIBLE SUNSHINE  MM
  AVERAGE SKY COVER 0.8


WEATHER CONDITIONS
 THE FOLLOWING WEATHER WAS RECORDED YESTERDAY.
  RAIN
  LIGHT RAIN
  SNOW
  FOG
  HAZE


RELATIVE HUMIDITY (PERCENT)
 HIGHEST    92           900 PM
 LOWEST     70          1000 AM
 AVERAGE    81

..........................................................


THE PROVIDENCE RI CLIMATE NORMALS FOR TODAY
                         NORMAL    RECORD    YEAR
 MAXIMUM TEMPERATURE (F)   37        65      1967
 MINIMUM TEMPERATURE (F)   21        -9      1907


SUNRISE AND SUNSET
JANUARY 24 2017.......SUNRISE   705 AM EST   SUNSET   451 PM EST
JANUARY 25 2017.......SUNRISE   704 AM EST   SUNSET   453 PM EST


-  INDICATES NEGATIVE NUMBERS.
R  INDICATES RECORD WAS SET OR TIED.
MM INDICATES DATA IS MISSING.
T  INDICATES TRACE AMOUNT.




$$
