000
CDUS41 KBOX 210616
CLIPVD


CLIMATE REPORT
NATIONAL WEATHER SERVICE TAUNTON MA
106 AM EST SUN JAN 21 2018


...................................

...THE PROVIDENCE RI CLIMATE SUMMARY FOR JANUARY 20 2018...

CLIMATE NORMAL PERIOD 1981 TO 2010
CLIMATE RECORD PERIOD 1904 TO 2018


WEATHER ITEM   OBSERVED TIME   RECORD YEAR NORMAL DEPARTURE LAST
                VALUE   (LST)  VALUE       VALUE  FROM      YEAR
                                                  NORMAL
..................................................................
TEMPERATURE (F)
 YESTERDAY
  MAXIMUM         51   1253 PM  59    1947  37     14       44
  MINIMUM         27   1212 AM  -5    1971  21      6       28
  AVERAGE         39                        29     10       36

PRECIPITATION (IN)
  YESTERDAY        0.00          1.22 1995   0.13  -0.13     0.00
                                      1947
  MONTH TO DATE    4.56                      2.51   2.05     2.71
  SINCE DEC 1      7.13                      6.73   0.40     5.85
  SINCE JAN 1      4.56                      2.51   2.05     2.71

SNOWFALL (IN)
  YESTERDAY        0.0          10.4  1978   0.3   -0.3      0.0
  MONTH TO DATE   15.6                       5.8    9.8     14.1
  SINCE DEC 1     22.7                      14.5    8.2     18.5
  SINCE JUL 1     22.7                      16.0    6.7     18.5
  SNOW DEPTH       0

DEGREE DAYS
 HEATING
  YESTERDAY       26                        36    -10       29
  MONTH TO DATE  775                       716     59      631
  SINCE DEC 1   1816                      1668    148     1559
  SINCE JUL 1   2630                      2743   -113     2446

 COOLING
  YESTERDAY        0                         0      0        0
  MONTH TO DATE    0                         0      0        0
  SINCE DEC 1      0                         0      0        0
  SINCE JAN 1      0                         0      0        0
..................................................................


WIND (MPH)
  RESULTANT WIND SPEED   9   RESULTANT WIND DIRECTION  SW (240)
  HIGHEST WIND SPEED    24   HIGHEST WIND DIRECTION     W (260)
  HIGHEST GUST SPEED    30   HIGHEST GUST DIRECTION     W (260)
  AVERAGE WIND SPEED    10.2


SKY COVER
  POSSIBLE SUNSHINE  MM
  AVERAGE SKY COVER 0.5


WEATHER CONDITIONS
 THE FOLLOWING WEATHER WAS RECORDED YESTERDAY.
  NO SIGNIFICANT WEATHER WAS OBSERVED.


RELATIVE HUMIDITY (PERCENT)
 HIGHEST    78           300 AM
 LOWEST     36          1200 PM
 AVERAGE    57

..........................................................


THE PROVIDENCE RI CLIMATE NORMALS FOR TODAY
                         NORMAL    RECORD    YEAR
 MAXIMUM TEMPERATURE (F)   37        62      1906
 MINIMUM TEMPERATURE (F)   21        -2      1970


SUNRISE AND SUNSET
JANUARY 21 2018.......SUNRISE   707 AM EST   SUNSET   447 PM EST
JANUARY 22 2018.......SUNRISE   706 AM EST   SUNSET   449 PM EST


-  INDICATES NEGATIVE NUMBERS.
R  INDICATES RECORD WAS SET OR TIED.
MM INDICATES DATA IS MISSING.
T  INDICATES TRACE AMOUNT.




$$
