000
CDUS43 KLOT 050637
CLIPWK


CLIMATE REPORT
NATIONAL WEATHER SERVICE CHICAGO IL
134 AM CDT SUN JUL 5 2015


...................................

...THE CHICAGO EXECUTIVE CLIMATE SUMMARY FOR JULY 4 2015...

CLIMATE NORMAL PERIOD 1981 TO 2010
CLIMATE RECORD PERIOD 1996 TO 2015


WEATHER ITEM   OBSERVED TIME   RECORD YEAR NORMAL DEPARTURE LAST
                VALUE   (LST)  VALUE       VALUE  FROM      YEAR
                                                  NORMAL
..................................................................
TEMPERATURE (F)
 YESTERDAY
  MAXIMUM         81    315 PM 103    2012  83     -2       76
  MINIMUM         57    352 AM  51    1996  63     -6       58
  AVERAGE         69                        73     -4       67

PRECIPITATION (IN)
  YESTERDAY        0.00          0.72 2005   0.06  -0.06     0.00
  MONTH TO DATE    0.00                      0.27  -0.27     0.20
  SINCE JUN 1      6.10                      3.98   2.12     7.93
  SINCE JAN 1     14.23                     15.47  -1.24    17.13

DEGREE DAYS
 HEATING
  YESTERDAY        0                         0      0        0
  MONTH TO DATE   12                         0     12        1
  SINCE JUN 1     68                        52     16       21
  SINCE JUL 1     12                         0     12        1

 COOLING
  YESTERDAY        4                         8     -4        2
  MONTH TO DATE    4                        32    -28       13
  SINCE JUN 1    115                       186    -71      191
  SINCE JAN 1    166                       228    -62      249
..................................................................


WIND (MPH)
  RESULTANT WIND SPEED   1   RESULTANT WIND DIRECTION   E (90)
  HIGHEST WIND SPEED    10   HIGHEST WIND DIRECTION     E (100)
  HIGHEST GUST SPEED    13   HIGHEST GUST DIRECTION     E (100)
  AVERAGE WIND SPEED     2.3



WEATHER CONDITIONS
 THE FOLLOWING WEATHER WAS RECORDED YESTERDAY.
  FOG
  HAZE


..........................................................


THE CHICAGO EXECUTIVE CLIMATE NORMALS FOR TODAY
                         NORMAL    RECORD    YEAR
 MAXIMUM TEMPERATURE (F)   83       103      2012
 MINIMUM TEMPERATURE (F)   63        51      1997


SUNRISE AND SUNSET
JULY  5 2015..........SUNRISE   522 AM CDT   SUNSET   830 PM CDT
JULY  6 2015..........SUNRISE   522 AM CDT   SUNSET   830 PM CDT


-  INDICATES NEGATIVE NUMBERS.
R  INDICATES RECORD WAS SET OR TIED.
MM INDICATES DATA IS MISSING.
T  INDICATES TRACE AMOUNT.




$$
