000
CDUS43 KLOT 290635
CLIPWK


CLIMATE REPORT
NATIONAL WEATHER SERVICE CHICAGO IL
134 AM CDT SUN MAY 29 2016


...................................

...THE CHICAGO EXECUTIVE CLIMATE SUMMARY FOR MAY 28 2016...

CLIMATE NORMAL PERIOD 1981 TO 2010
CLIMATE RECORD PERIOD 1996 TO 2016


WEATHER ITEM   OBSERVED TIME   RECORD YEAR NORMAL DEPARTURE LAST
                VALUE   (LST)  VALUE       VALUE  FROM      YEAR
                                                  NORMAL
..................................................................
TEMPERATURE (F)
 YESTERDAY
  MAXIMUM         82    403 PM  93    2012  73      9       81
  MINIMUM         64   1111 PM  42    2008  51     13       52
  AVERAGE         73                        62     11       67

PRECIPITATION (IN)
  YESTERDAY        0.20          0.95 2003   0.11   0.09     0.00
  MONTH TO DATE    4.68                      3.38   1.30     3.43
  SINCE MAR 1     10.31                      8.60   1.71     6.90
  SINCE JAN 1     11.97                     11.18   0.79     7.59

DEGREE DAYS
 HEATING
  YESTERDAY        0                         5     -5        0
  MONTH TO DATE  250                       233     17      189
  SINCE MAR 1   1485                      1608   -123     1607
  SINCE JUL 1   5548                      6346   -798     6735

 COOLING
  YESTERDAY        8                         2      6        2
  MONTH TO DATE   44                        31     13       43
  SINCE MAR 1     46                        35     11       43
  SINCE JAN 1     46                        35     11       43
..................................................................


WIND (MPH)
  RESULTANT WIND SPEED  15   RESULTANT WIND DIRECTION   S (190)
  HIGHEST WIND SPEED    24   HIGHEST WIND DIRECTION     S (180)
  HIGHEST GUST SPEED    35   HIGHEST GUST DIRECTION     S (190)
  AVERAGE WIND SPEED    15.3



WEATHER CONDITIONS
 THE FOLLOWING WEATHER WAS RECORDED YESTERDAY.
  THUNDERSTORM
  LIGHT RAIN
  FOG


..........................................................


THE CHICAGO EXECUTIVE CLIMATE NORMALS FOR TODAY
                         NORMAL    RECORD    YEAR
 MAXIMUM TEMPERATURE (F)   74        90      2006
 MINIMUM TEMPERATURE (F)   52        39      2008


SUNRISE AND SUNSET
MAY 29 2016...........SUNRISE   520 AM CDT   SUNSET   819 PM CDT
MAY 30 2016...........SUNRISE   519 AM CDT   SUNSET   820 PM CDT


-  INDICATES NEGATIVE NUMBERS.
R  INDICATES RECORD WAS SET OR TIED.
MM INDICATES DATA IS MISSING.
T  INDICATES TRACE AMOUNT.




$$
