000
CDUS41 KGYX 180811
CLIPWM


CLIMATE REPORT
NATIONAL WEATHER SERVICE GRAY ME
410 AM EDT THU SEP 18 2014


...................................

...THE PORTLAND ME CLIMATE SUMMARY FOR SEPTEMBER 17 2014...

CLIMATE NORMAL PERIOD 1981 TO 2010
CLIMATE RECORD PERIOD 1941 TO 2014


WEATHER ITEM   OBSERVED TIME   RECORD YEAR NORMAL DEPARTURE LAST
                VALUE   (LST)  VALUE       VALUE  FROM      YEAR
                                                  NORMAL
..................................................................
TEMPERATURE (F)
 YESTERDAY
  MAXIMUM         66    241 PM  88    1941  70     -4       65
  MINIMUM         43    419 AM  30    1948  50     -7       41
  AVERAGE         55                        60     -5       53

PRECIPITATION (IN)
  YESTERDAY        0.00          1.90 1875   0.13  -0.13     0.00
  MONTH TO DATE    0.53                      1.93  -1.40     6.38
  SINCE SEP 1      0.53                      1.93  -1.40     6.38
  SINCE JAN 1     38.73                     31.67   7.06    34.60

SNOWFALL (IN)
  YESTERDAY        0.0           0.0  2002   0.0    0.0      0.0
                                      2001
                                      2000
  MONTH TO DATE    0.0                       0.0    0.0      0.0
  SINCE SEP 1      0.0                       0.0    0.0      0.0
  SINCE JUL 1      0.0                       0.0    0.0      0.0
  SNOW DEPTH       0

DEGREE DAYS
 HEATING
  YESTERDAY       10                         6      4       12
  MONTH TO DATE   83                        65     18       73
  SINCE SEP 1     83                        65     18       73
  SINCE JUL 1    107                       110     -3       91

 COOLING
  YESTERDAY        0                         1     -1        0
  MONTH TO DATE   42                        24     18       37
  SINCE SEP 1     42                        24     18       37
  SINCE JAN 1    340                       352    -12      454
..................................................................


WIND (MPH)
  RESULTANT WIND SPEED   2   RESULTANT WIND DIRECTION   S (180)
  HIGHEST WIND SPEED    14   HIGHEST WIND DIRECTION    SE (140)
  HIGHEST GUST SPEED    19   HIGHEST GUST DIRECTION    SE (140)
  AVERAGE WIND SPEED     3.3


SKY COVER
  AVERAGE SKY COVER 0.2


WEATHER CONDITIONS
 THE FOLLOWING WEATHER WAS RECORDED YESTERDAY.
  FOG


RELATIVE HUMIDITY (PERCENT)
 HIGHEST   100           500 AM
 LOWEST     48          1200 PM
 AVERAGE    74

..........................................................


THE PORTLAND ME CLIMATE NORMALS FOR TODAY
                         NORMAL    RECORD    YEAR
 MAXIMUM TEMPERATURE (F)   69        90      1955
 MINIMUM TEMPERATURE (F)   50        32      1961


SUNRISE AND SUNSET
SEPTEMBER 18 2014.....SUNRISE   624 AM EDT   SUNSET   646 PM EDT
SEPTEMBER 19 2014.....SUNRISE   625 AM EDT   SUNSET   644 PM EDT


-  INDICATES NEGATIVE NUMBERS.
R  INDICATES RECORD WAS SET OR TIED.
MM INDICATES DATA IS MISSING.
T  INDICATES TRACE AMOUNT.




$$
