285
CDUS41 KGYX 260811
CLIPWM


CLIMATE REPORT
NATIONAL WEATHER SERVICE GRAY ME
411 AM EDT SUN MAR 26 2017


...................................

...THE PORTLAND ME CLIMATE SUMMARY FOR MARCH 25 2017...

CLIMATE NORMAL PERIOD 1981 TO 2010
CLIMATE RECORD PERIOD 1941 TO 2017


WEATHER ITEM   OBSERVED TIME   RECORD YEAR NORMAL DEPARTURE LAST
                VALUE   (LST)  VALUE       VALUE  FROM      YEAR
                                                  NORMAL
..................................................................
TEMPERATURE (F)
 YESTERDAY
  MAXIMUM         42    313 PM  64    1987  45     -3       36
  MINIMUM         29   1159 PM   0    1956  28      1       26
  AVERAGE         36                        36      0       31

PRECIPITATION (IN)
  YESTERDAY        0.00          1.60 1969   0.14  -0.14     0.16
  MONTH TO DATE    2.07                      3.38  -1.31     3.45
  SINCE MAR 1      2.07                      3.38  -1.31     3.45
  SINCE JAN 1     10.27                     10.01   0.26    10.99

SNOWFALL (IN)
  YESTERDAY        0.0           3.4  1932   0.3   -0.3      0.0
  MONTH TO DATE   18.2                      11.1    7.1      7.1
  SINCE MAR 1     18.2                      11.1    7.1      7.1
  SINCE JUL 1     84.4                      57.5   26.9     48.1
  SNOW DEPTH       5

DEGREE DAYS
 HEATING
  YESTERDAY       29                        29      0       34
  MONTH TO DATE  938                       812    126      694
  SINCE MAR 1    938                       812    126      694
  SINCE JUL 1   5416                      5854   -438     4985

 COOLING
  YESTERDAY        0                         0      0        0
  MONTH TO DATE    0                         0      0        0
  SINCE MAR 1      0                         0      0        0
  SINCE JAN 1      0                         0      0        0
..................................................................


WIND (MPH)
  RESULTANT WIND SPEED   5   RESULTANT WIND DIRECTION  NW (330)
  HIGHEST WIND SPEED    13   HIGHEST WIND DIRECTION     N (350)
  HIGHEST GUST SPEED    16   HIGHEST GUST DIRECTION     N (360)
  AVERAGE WIND SPEED     6.3


SKY COVER
  AVERAGE SKY COVER 0.7


WEATHER CONDITIONS
 THE FOLLOWING WEATHER WAS RECORDED YESTERDAY.
  NO SIGNIFICANT WEATHER WAS OBSERVED.


RELATIVE HUMIDITY (PERCENT)
 HIGHEST    96          1200 AM
 LOWEST     47          1100 PM
 AVERAGE    72

..........................................................


THE PORTLAND ME CLIMATE NORMALS FOR TODAY
                         NORMAL    RECORD    YEAR
 MAXIMUM TEMPERATURE (F)   45        74      1986
 MINIMUM TEMPERATURE (F)   28        -5      1960


SUNRISE AND SUNSET
MARCH 26 2017.........SUNRISE   633 AM EDT   SUNSET   701 PM EDT
MARCH 27 2017.........SUNRISE   631 AM EDT   SUNSET   702 PM EDT


-  INDICATES NEGATIVE NUMBERS.
R  INDICATES RECORD WAS SET OR TIED.
MM INDICATES DATA IS MISSING.
T  INDICATES TRACE AMOUNT.




$$
