000
CDUS41 KGYX 240937
CLIPWM


CLIMATE REPORT
NATIONAL WEATHER SERVICE GRAY ME
436 AM EST FRI FEB 24 2017


...................................

...THE PORTLAND ME CLIMATE SUMMARY FOR FEBRUARY 23 2017...

CLIMATE NORMAL PERIOD 1981 TO 2010
CLIMATE RECORD PERIOD 1941 TO 2017


WEATHER ITEM   OBSERVED TIME   RECORD YEAR NORMAL DEPARTURE LAST
                VALUE   (LST)  VALUE       VALUE  FROM      YEAR
                                                  NORMAL
..................................................................
TEMPERATURE (F)
 YESTERDAY
  MAXIMUM         51   1159 PM  61    1990  37     14       35
  MINIMUM         26    537 AM -18    1972  18      8       16
  AVERAGE         39                        27     12       26

PRECIPITATION (IN)
  YESTERDAY        0.00          1.76 1928   0.13  -0.13     0.00
  MONTH TO DATE    4.13                      2.61   1.52     2.84
  SINCE DEC 1     13.09                     10.01   3.08    11.55
  SINCE JAN 1      7.78                      5.99   1.79     6.21

SNOWFALL (IN)
  YESTERDAY        0.0          17.1  1967   0.4   -0.4      0.0
  MONTH TO DATE   39.9                       9.9   30.0     19.6
  SINCE DEC 1     65.9                      42.3   23.6     40.1
  SINCE JUL 1     66.4                      44.2   22.2     40.1
  SNOW DEPTH       8

DEGREE DAYS
 HEATING
  YESTERDAY       26                        38    -12       39
  MONTH TO DATE  885                       923    -38      866
  SINCE DEC 1   3103                      3368   -265     2867
  SINCE JUL 1   4355                      4859   -504     4113

 COOLING
  YESTERDAY        0                         0      0        0
  MONTH TO DATE    0                         0      0        0
  SINCE DEC 1      0                         0      0        0
  SINCE JAN 1      0                         0      0        0
..................................................................


WIND (MPH)
  RESULTANT WIND SPEED   3   RESULTANT WIND DIRECTION   S (180)
  HIGHEST WIND SPEED    13   HIGHEST WIND DIRECTION    SE (150)
  HIGHEST GUST SPEED    18   HIGHEST GUST DIRECTION     S (180)
  AVERAGE WIND SPEED     4.1


SKY COVER
  AVERAGE SKY COVER 0.2


WEATHER CONDITIONS
 THE FOLLOWING WEATHER WAS RECORDED YESTERDAY.
  FOG
  HAZE


RELATIVE HUMIDITY (PERCENT)
 HIGHEST    92          1200 AM
 LOWEST     65           100 PM
 AVERAGE    79

..........................................................


THE PORTLAND ME CLIMATE NORMALS FOR TODAY
                         NORMAL    RECORD    YEAR
 MAXIMUM TEMPERATURE (F)   37        54      2000
 MINIMUM TEMPERATURE (F)   19       -11      2015


SUNRISE AND SUNSET
FEBRUARY 24 2017......SUNRISE   626 AM EST   SUNSET   524 PM EST
FEBRUARY 25 2017......SUNRISE   624 AM EST   SUNSET   525 PM EST


-  INDICATES NEGATIVE NUMBERS.
R  INDICATES RECORD WAS SET OR TIED.
MM INDICATES DATA IS MISSING.
T  INDICATES TRACE AMOUNT.




$$
