000
CDUS41 KGYX 230909
CLIPWM


CLIMATE REPORT
NATIONAL WEATHER SERVICE GRAY ME
409 AM EST TUE JAN 23 2018


...................................

...THE PORTLAND ME CLIMATE SUMMARY FOR JANUARY 22 2018...

CLIMATE NORMAL PERIOD 1981 TO 2010
CLIMATE RECORD PERIOD 1941 TO 2018


WEATHER ITEM   OBSERVED TIME   RECORD YEAR NORMAL DEPARTURE LAST
                VALUE   (LST)  VALUE       VALUE  FROM      YEAR
                                                  NORMAL
..................................................................
TEMPERATURE (F)
 YESTERDAY
  MAXIMUM         35    510 AM  51    1957  31      4       38
                                      1959
  MINIMUM         21    919 PM -19    1984  13      8       33
  AVERAGE         28                        22      6       36

PRECIPITATION (IN)
  YESTERDAY        0.11          1.80 1958   0.11   0.00     0.00
  MONTH TO DATE    2.53                      2.42   0.11     2.28
  SINCE DEC 1      5.99                      6.44  -0.45     7.59
  SINCE JAN 1      2.53                      2.42   0.11     2.28

SNOWFALL (IN)
  YESTERDAY        0.4           6.3  1907   0.6   -0.2      0.0
  MONTH TO DATE   19.3                      13.9    5.4      6.3
  SINCE DEC 1     40.7                      27.1   13.6     25.2
  SINCE JUL 1     40.8                      29.0   11.8     25.7
  SNOW DEPTH       3

DEGREE DAYS
 HEATING
  YESTERDAY       37                        43     -6       29
  MONTH TO DATE  979                       936     43      789
  SINCE DEC 1   2262                      2057    205     1924
  SINCE JUL 1   3427                      3548   -121     3176

 COOLING
  YESTERDAY        0                         0      0        0
  MONTH TO DATE    0                         0      0        0
  SINCE DEC 1      0                         0      0        0
  SINCE JAN 1      0                         0      0        0
..................................................................


WIND (MPH)
  RESULTANT WIND SPEED  10   RESULTANT WIND DIRECTION  NE (50)
  HIGHEST WIND SPEED    17   HIGHEST WIND DIRECTION    NE (60)
  HIGHEST GUST SPEED    26   HIGHEST GUST DIRECTION    NE (60)
  AVERAGE WIND SPEED    11.7


SKY COVER
  AVERAGE SKY COVER 0.9


WEATHER CONDITIONS
 THE FOLLOWING WEATHER WAS RECORDED YESTERDAY.
  LT FREEZING RAIN
  LIGHT SNOW
  FOG
  HAZE


RELATIVE HUMIDITY (PERCENT)
 HIGHEST    96           500 PM
 LOWEST     69           700 AM
 AVERAGE    83

..........................................................


THE PORTLAND ME CLIMATE NORMALS FOR TODAY
                         NORMAL    RECORD    YEAR
 MAXIMUM TEMPERATURE (F)   31        53      1957
 MINIMUM TEMPERATURE (F)   13       -15      1976


SUNRISE AND SUNSET
JANUARY 23 2018.......SUNRISE   706 AM EST   SUNSET   440 PM EST
JANUARY 24 2018.......SUNRISE   706 AM EST   SUNSET   442 PM EST


-  INDICATES NEGATIVE NUMBERS.
R  INDICATES RECORD WAS SET OR TIED.
MM INDICATES DATA IS MISSING.
T  INDICATES TRACE AMOUNT.




$$
