000
CDUS41 KGYX 020805
CLIPWM


CLIMATE REPORT
NATIONAL WEATHER SERVICE GRAY ME
405 AM EDT MON MAY 2 2016


...................................

...THE PORTLAND ME CLIMATE SUMMARY FOR MAY 1 2016...

CLIMATE NORMAL PERIOD 1981 TO 2010
CLIMATE RECORD PERIOD 1941 TO 2016


WEATHER ITEM   OBSERVED TIME   RECORD YEAR NORMAL DEPARTURE LAST
                VALUE   (LST)  VALUE       VALUE  FROM      YEAR
                                                  NORMAL
..................................................................
TEMPERATURE (F)
 YESTERDAY
  MAXIMUM         52   1242 PM  75    1972  59     -7       55
  MINIMUM         38    301 AM  26    1978  40     -2       39
  AVERAGE         45                        49     -4       47

PRECIPITATION (IN)
  YESTERDAY        0.02          0.99 1953   0.14  -0.12     0.00
  MONTH TO DATE    0.02                      0.14  -0.12     0.00
  SINCE MAR 1      5.95                      8.70  -2.75     6.82
  SINCE JAN 1     13.49                     15.33  -1.84    14.30

SNOWFALL (IN)
  YESTERDAY        0.0           T    1917   0.0    0.0      0.0
  MONTH TO DATE    0.0                       0.0    0.0      0.0
  SINCE MAR 1     10.8                      15.5   -4.7      5.3
  SINCE JUL 1     51.8                      61.9  -10.1     94.5
  SNOW DEPTH       0

DEGREE DAYS
 HEATING
  YESTERDAY       20                        16      4       18
  MONTH TO DATE   20                        16      4       18
  SINCE MAR 1   1521                      1622   -101     1690
  SINCE JUL 1   5812                      6664   -852     6744

 COOLING
  YESTERDAY        0                         0      0        0
  MONTH TO DATE    0                         0      0        0
  SINCE MAR 1      0                         0      0        0
  SINCE JAN 1      0                         0      0        0
..................................................................


WIND (MPH)
  RESULTANT WIND SPEED   5   RESULTANT WIND DIRECTION   S (170)
  HIGHEST WIND SPEED    15   HIGHEST WIND DIRECTION     S (190)
  HIGHEST GUST SPEED    21   HIGHEST GUST DIRECTION     S (170)
  AVERAGE WIND SPEED     5.4


SKY COVER
  AVERAGE SKY COVER 0.8


WEATHER CONDITIONS
 THE FOLLOWING WEATHER WAS RECORDED YESTERDAY.
  LIGHT RAIN


RELATIVE HUMIDITY (PERCENT)
 HIGHEST    92           300 AM
 LOWEST     46           100 PM
 AVERAGE    69

..........................................................


THE PORTLAND ME CLIMATE NORMALS FOR TODAY
                         NORMAL    RECORD    YEAR
 MAXIMUM TEMPERATURE (F)   59        91      2001
 MINIMUM TEMPERATURE (F)   40        25      1964


SUNRISE AND SUNSET
MAY  2 2016...........SUNRISE   532 AM EDT   SUNSET   745 PM EDT
MAY  3 2016...........SUNRISE   530 AM EDT   SUNSET   747 PM EDT


-  INDICATES NEGATIVE NUMBERS.
R  INDICATES RECORD WAS SET OR TIED.
MM INDICATES DATA IS MISSING.
T  INDICATES TRACE AMOUNT.




$$
