000
CDUS46 KSGX 051435
CLIRAL


CLIMATE REPORT
NATIONAL WEATHER SERVICE SAN DIEGO, CA
735 AM PDT SUN JUL 5 2015


...................................

...THE RIVERSIDE MUNI AIRPORT CA CLIMATE SUMMARY FOR JULY 4 2015...

CLIMATE NORMAL PERIOD 1981 TO 2010
CLIMATE RECORD PERIOD 1893 TO 2015


WEATHER ITEM   OBSERVED TIME   RECORD YEAR NORMAL DEPARTURE LAST
                VALUE   (LST)  VALUE       VALUE  FROM      YEAR
                                                  NORMAL
..................................................................
TEMPERATURE (F)
 YESTERDAY
  MAXIMUM         89    216 PM 110    1907  90     -1       96
  MINIMUM         63    531 AM  46    1920  63      0       69
  AVERAGE         76                        76      0       83

PRECIPITATION (IN)
  YESTERDAY        0.00          T    2001   0.00   0.00     0.00
  MONTH TO DATE    0.02                      0.00   0.02     0.00
  SINCE OCT 1      5.77                     12.00  -6.23     2.71
  SINCE JAN 1      2.54                      9.19  -6.65     1.72

SNOWFALL (IN)
  YESTERDAY        0.0
  MONTH TO DATE    0.0
  SINCE JUN 1      0.0
  SINCE JUL 1      0.0
  SNOW DEPTH       0

DEGREE DAYS
 HEATING
  YESTERDAY        0                         0      0        0
  MONTH TO DATE    0                         0      0        0
  SINCE JUN 1      0                         2     -2        0
  SINCE JUL 1      0                         0      0        0

 COOLING
  YESTERDAY       11                        12     -1       18
  MONTH TO DATE   60                        45     15       61
  SINCE JUN 1    431                       265    166      348
  SINCE JAN 1    740                       442    298      726
..................................................................


WIND (MPH)
  RESULTANT WIND SPEED   5   RESULTANT WIND DIRECTION   W (270)
  HIGHEST WIND SPEED    16   HIGHEST WIND DIRECTION     W (270)
  HIGHEST GUST SPEED    22   HIGHEST GUST DIRECTION     W (270)
  AVERAGE WIND SPEED     6.4


SKY COVER
  POSSIBLE SUNSHINE  MM
  AVERAGE SKY COVER 0.0


WEATHER CONDITIONS
 THE FOLLOWING WEATHER WAS RECORDED YESTERDAY.
  NO SIGNIFICANT WEATHER WAS OBSERVED.


RELATIVE HUMIDITY (PERCENT)
 HIGHEST    84           500 AM
 LOWEST     34           200 PM
 AVERAGE    59

..........................................................


THE RIVERSIDE MUNI AIRPORT CA CLIMATE NORMALS FOR TODAY
                         NORMAL    RECORD    YEAR
 MAXIMUM TEMPERATURE (F)   91       108      1907
 MINIMUM TEMPERATURE (F)   63        46      1948


SUNRISE AND SUNSET
JULY  5 2015..........SUNRISE   544 AM PDT   SUNSET   804 PM PDT
JULY  6 2015..........SUNRISE   545 AM PDT   SUNSET   804 PM PDT


-  INDICATES NEGATIVE NUMBERS.
R  INDICATES RECORD WAS SET OR TIED.
MM INDICATES DATA IS MISSING.
T  INDICATES TRACE AMOUNT.




$$
