000
CDUS46 KSGX 010017
CLIRAL


CLIMATE REPORT
NATIONAL WEATHER SERVICE SAN DIEGO, CA
517 PM PDT FRI JUL 31 2015


...................................

...THE RIVERSIDE MUNI AIRPORT CA CLIMATE SUMMARY FOR JULY 31 2015...
VALID TODAY AS OF 0500 PM LOCAL TIME.

CLIMATE NORMAL PERIOD 1981 TO 2010
CLIMATE RECORD PERIOD 1893 TO 2015


WEATHER ITEM   OBSERVED TIME   RECORD YEAR NORMAL DEPARTURE LAST
                VALUE   (LST)  VALUE       VALUE  FROM      YEAR
                                                  NORMAL
..................................................................
TEMPERATURE (F)
 TODAY
  MAXIMUM         96    205 PM 109    1972  95      1       99
  MINIMUM         69    430 AM  50    1919  65      4       71
  AVERAGE         83                        80      3       85

PRECIPITATION (IN)
  TODAY            0.00          0.34 2011   0.00   0.00     0.00
  MONTH TO DATE    1.94                      0.07   1.87      T
  SINCE OCT 1      7.69                     12.07  -4.38     2.71
  SINCE JAN 1      4.46                      9.26  -4.80     1.72

DEGREE DAYS
 HEATING
  TODAY            0                         0      0        0
  MONTH TO DATE    0                         0      0        0
  SINCE JUN 1      0                         2     -2        0
  SINCE JUL 1      0                         0      0        0

 COOLING
  TODAY           18                        15      3       20
  MONTH TO DATE  405                       415    -10      476
  SINCE JUN 1    776                       635    141      763
  SINCE JAN 1   1085                       812    273     1141
..................................................................


WIND (MPH)
  RESULTANT WIND SPEED   2   RESULTANT WIND DIRECTION   W (260)
  HIGHEST WIND SPEED    14   HIGHEST WIND DIRECTION     W (280)
  HIGHEST GUST SPEED    20   HIGHEST GUST DIRECTION     W (290)
  AVERAGE WIND SPEED     4.7


SKY COVER
  POSSIBLE SUNSHINE  MM
  AVERAGE SKY COVER 0.3


WEATHER CONDITIONS
 THE FOLLOWING WEATHER WAS RECORDED TODAY.
  NO SIGNIFICANT WEATHER WAS OBSERVED.


RELATIVE HUMIDITY (PERCENT)
 HIGHEST    84           500 AM
 LOWEST     34           200 PM
 AVERAGE    59

..........................................................


THE RIVERSIDE MUNI AIRPORT CA CLIMATE NORMALS FOR TOMORROW
                         NORMAL    RECORD    YEAR
 MAXIMUM TEMPERATURE (F)   95       106      1946
 MINIMUM TEMPERATURE (F)   65        50      1932
                                             1912


SUNRISE AND SUNSET
JULY 31 2015..........SUNRISE   601 AM PDT   SUNSET   751 PM PDT
AUGUST  1 2015........SUNRISE   601 AM PDT   SUNSET   751 PM PDT


-  INDICATES NEGATIVE NUMBERS.
R  INDICATES RECORD WAS SET OR TIED.
MM INDICATES DATA IS MISSING.
T  INDICATES TRACE AMOUNT.




$$
