000
CDUS46 KSGX 040015
CLIRAL


CLIMATE REPORT
NATIONAL WEATHER SERVICE SAN DIEGO, CA
515 PM PDT TUE MAY 3 2016


...................................

...THE RIVERSIDE MUNI AIRPORT CA CLIMATE SUMMARY FOR MAY 3 2016...
VALID TODAY AS OF 0500 PM LOCAL TIME.

CLIMATE NORMAL PERIOD 1981 TO 2010
CLIMATE RECORD PERIOD 1893 TO 2016


WEATHER ITEM   OBSERVED TIME   RECORD YEAR NORMAL DEPARTURE LAST
                VALUE   (LST)  VALUE       VALUE  FROM      YEAR
                                                  NORMAL
..................................................................
TEMPERATURE (F)
 TODAY
  MAXIMUM         92    125 PM 102    2004  79     13       80
  MINIMUM         57    544 AM  34    1904  54      3       56
  AVERAGE         75                        66      9       68

PRECIPITATION (IN)
  TODAY            0.00          0.12 2003   0.02  -0.02     0.00
  MONTH TO DATE    0.00                      0.07  -0.07     0.00
  SINCE OCT 1      5.27                     11.67  -6.40     5.15
  SINCE JAN 1      4.10                      8.86  -4.76     1.92

DEGREE DAYS
 HEATING
  TODAY            0                         2     -2        0
  MONTH TO DATE    1                         6     -5        0
  SINCE MAR 1    136                       318   -182      107
  SINCE JUL 1   1013                      1426   -413      714

 COOLING
  TODAY           10                         3      7        3
  MONTH TO DATE   16                         9      7       26
  SINCE MAR 1    129                        63     66      233
  SINCE JAN 1    205                        72    133      257
..................................................................


WIND (MPH)
  RESULTANT WIND SPEED   2   RESULTANT WIND DIRECTION   W (260)
  HIGHEST WIND SPEED    21   HIGHEST WIND DIRECTION     W (250)
  HIGHEST GUST SPEED    25   HIGHEST GUST DIRECTION     W (270)
  AVERAGE WIND SPEED     5.1


SKY COVER
  POSSIBLE SUNSHINE  MM
  AVERAGE SKY COVER 0.1


WEATHER CONDITIONS
 THE FOLLOWING WEATHER WAS RECORDED TODAY.
  NO SIGNIFICANT WEATHER WAS OBSERVED.


RELATIVE HUMIDITY (PERCENT)
 HIGHEST    80           400 AM
 LOWEST     11          1200 PM
 AVERAGE    46

..........................................................


THE RIVERSIDE MUNI AIRPORT CA CLIMATE NORMALS FOR TOMORROW
                         NORMAL    RECORD    YEAR
 MAXIMUM TEMPERATURE (F)   79       100      1987
 MINIMUM TEMPERATURE (F)   54        36      1950


SUNRISE AND SUNSET
MAY  3 2016...........SUNRISE   558 AM PDT   SUNSET   735 PM PDT
MAY  4 2016...........SUNRISE   557 AM PDT   SUNSET   736 PM PDT


-  INDICATES NEGATIVE NUMBERS.
R  INDICATES RECORD WAS SET OR TIED.
MM INDICATES DATA IS MISSING.
T  INDICATES TRACE AMOUNT.




$$
