000
CDUS46 KSGX 231250
CLIRAL


CLIMATE REPORT
NATIONAL WEATHER SERVICE SAN DIEGO, CA
450 AM PST THU NOV 23 2017


...................................

...THE RIVERSIDE MUNI AIRPORT CA CLIMATE SUMMARY FOR NOVEMBER 22 2017...

CLIMATE NORMAL PERIOD 1981 TO 2010
CLIMATE RECORD PERIOD 1893 TO 2017


WEATHER ITEM   OBSERVED TIME   RECORD YEAR NORMAL DEPARTURE LAST
                VALUE   (LST)  VALUE       VALUE  FROM      YEAR
                                                  NORMAL
..................................................................
TEMPERATURE (F)
 YESTERDAY
  MAXIMUM         95R   122 PM  90    1924  72     23       70
                                      1917
  MINIMUM         60    439 AM  29    1941  45     15       48
  AVERAGE         78                        58     20       59

PRECIPITATION (IN)
  YESTERDAY        0.00          1.46 1965   0.03  -0.03     0.00
  MONTH TO DATE    0.01                      0.71  -0.70     0.43
  SINCE OCT 1      0.01                      0.99  -0.98     1.39
  SINCE JAN 1      8.47                     10.58  -2.11     5.67

DEGREE DAYS
 HEATING
  YESTERDAY        0                         7     -7        6
  MONTH TO DATE   33                       102    -69       29
  SINCE SEP 1     34                       137   -103       32
  SINCE JUL 1     34                       137   -103       32

 COOLING
  YESTERDAY       13                         0     13        0
  MONTH TO DATE   33                        24      9       96
  SINCE SEP 1    633                       495    138      629
  SINCE JAN 1   2281                      1753    528     2298
..................................................................


WIND (MPH)
  RESULTANT WIND SPEED   5   RESULTANT WIND DIRECTION  NE (60)
  HIGHEST WIND SPEED    12   HIGHEST WIND DIRECTION     N (10)
  HIGHEST GUST SPEED    20   HIGHEST GUST DIRECTION     N (360)
  AVERAGE WIND SPEED     5.5


SKY COVER
  POSSIBLE SUNSHINE  MM
  AVERAGE SKY COVER 0.0


WEATHER CONDITIONS
 THE FOLLOWING WEATHER WAS RECORDED YESTERDAY.
  NO SIGNIFICANT WEATHER WAS OBSERVED.


RELATIVE HUMIDITY (PERCENT)
 HIGHEST    43           500 AM
 LOWEST     14           100 PM
 AVERAGE    29

..........................................................


THE RIVERSIDE MUNI AIRPORT CA CLIMATE NORMALS FOR TODAY
                         NORMAL    RECORD    YEAR
 MAXIMUM TEMPERATURE (F)   71        91      1995
 MINIMUM TEMPERATURE (F)   45        24      1931


SUNRISE AND SUNSET
NOVEMBER 23 2017......SUNRISE   630 AM PST   SUNSET   442 PM PST
NOVEMBER 24 2017......SUNRISE   631 AM PST   SUNSET   442 PM PST


-  INDICATES NEGATIVE NUMBERS.
R  INDICATES RECORD WAS SET OR TIED.
MM INDICATES DATA IS MISSING.
T  INDICATES TRACE AMOUNT.




$$
