000
CDUS46 KSGX 211238
CLIRAL


CLIMATE REPORT
NATIONAL WEATHER SERVICE SAN DIEGO, CA
437 AM PST WED FEB 21 2018


...................................

...THE RIVERSIDE MUNI AIRPORT CA CLIMATE SUMMARY FOR FEBRUARY 20 2018...

CLIMATE NORMAL PERIOD 1981 TO 2010
CLIMATE RECORD PERIOD 1893 TO 2018


WEATHER ITEM   OBSERVED TIME   RECORD YEAR NORMAL DEPARTURE LAST
                VALUE   (LST)  VALUE       VALUE  FROM      YEAR
                                                  NORMAL
..................................................................
TEMPERATURE (F)
 YESTERDAY
  MAXIMUM         60    251 PM  88    1995  68     -8       66
  MINIMUM         33    646 AM  25    1951  44    -11       50
  AVERAGE         47                        56     -9       58

PRECIPITATION (IN)
  YESTERDAY        0.00          1.15 1996   0.13  -0.13      T
                                      1993
  MONTH TO DATE    0.01                      2.04  -2.03     1.75
  SINCE OCT 1      1.59                      7.79  -6.20    12.49
  SINCE JAN 1      1.56                      4.98  -3.42     7.23

DEGREE DAYS
 HEATING
  YESTERDAY       18                         9      9        7
  MONTH TO DATE   92                       195   -103      142
  SINCE DEC 1    393                       840   -447      755
  SINCE JUL 1    439                      1040   -601      859

 COOLING
  YESTERDAY        0                         0      0        0
  MONTH TO DATE   16                         0     16        0
  SINCE DEC 1     39                         8     31        0
  SINCE JAN 1     36                         6     30        0
..................................................................


WIND (MPH)
  RESULTANT WIND SPEED   1   RESULTANT WIND DIRECTION   E (80)
  HIGHEST WIND SPEED    17   HIGHEST WIND DIRECTION     W (260)
  HIGHEST GUST SPEED    21   HIGHEST GUST DIRECTION     W (250)
  AVERAGE WIND SPEED     4.1


SKY COVER
  POSSIBLE SUNSHINE  MM
  AVERAGE SKY COVER 0.0


WEATHER CONDITIONS
 THE FOLLOWING WEATHER WAS RECORDED YESTERDAY.
  NO SIGNIFICANT WEATHER WAS OBSERVED.


RELATIVE HUMIDITY (PERCENT)
 HIGHEST    56           600 AM
 LOWEST     10           300 PM
 AVERAGE    33

..........................................................


THE RIVERSIDE MUNI AIRPORT CA CLIMATE NORMALS FOR TODAY
                         NORMAL    RECORD    YEAR
 MAXIMUM TEMPERATURE (F)   68        87      1991
 MINIMUM TEMPERATURE (F)   45        25      1953


SUNRISE AND SUNSET
FEBRUARY 21 2018......SUNRISE   628 AM PST   SUNSET   539 PM PST
FEBRUARY 22 2018......SUNRISE   627 AM PST   SUNSET   540 PM PST


-  INDICATES NEGATIVE NUMBERS.
R  INDICATES RECORD WAS SET OR TIED.
MM INDICATES DATA IS MISSING.
T  INDICATES TRACE AMOUNT.




$$
