000
CDUS46 KSGX 301421
CLIRAL


CLIMATE REPORT
NATIONAL WEATHER SERVICE SAN DIEGO, CA
721 AM PDT THU OCT 30 2014


...................................

...THE RIVERSIDE MUNI AIRPORT CA CLIMATE SUMMARY FOR OCTOBER 29 2014...

CLIMATE NORMAL PERIOD 1981 TO 2010
CLIMATE RECORD PERIOD 1893 TO 2014


WEATHER ITEM   OBSERVED TIME   RECORD YEAR NORMAL DEPARTURE LAST
                VALUE   (LST)  VALUE       VALUE  FROM      YEAR
                                                  NORMAL
..................................................................
TEMPERATURE (F)
 YESTERDAY
  MAXIMUM         91    248 PM  95    2007  79     12       66
                                      1966
                                      1965
  MINIMUM         55    606 AM  33    1919  51      4       50
  AVERAGE         73                        65      8       58

PRECIPITATION (IN)
  YESTERDAY        0.00          0.39 1942   0.02  -0.02     0.01
  MONTH TO DATE    0.00                      0.25  -0.25     0.31
  SINCE JUL 1      0.37                      0.65  -0.28     0.47
  SINCE JAN 1      2.09                      9.84  -7.75     2.68

SNOWFALL (IN)
  YESTERDAY        0.0
  MONTH TO DATE    0.0
  SINCE JAN 1      0.0
  SINCE JUL 1      0.0
  SNOW DEPTH       0

DEGREE DAYS
 HEATING
  YESTERDAY        0                         2     -2        7
  MONTH TO DATE    0                        26    -26       34
  SINCE SEP 1      0                        28    -28       34
  SINCE JUL 1      0                        28    -28       34

 COOLING
  YESTERDAY        8                         2      6        0
  MONTH TO DATE  247                       134    113       94
  SINCE SEP 1    699                       468    231      487
  SINCE JAN 1   2290                      1726    564     1956
..................................................................


WIND (MPH)
  RESULTANT WIND SPEED   1   RESULTANT WIND DIRECTION   W (270)
  HIGHEST WIND SPEED    14   HIGHEST WIND DIRECTION     W (260)
  HIGHEST GUST SPEED    19   HIGHEST GUST DIRECTION     W (270)
  AVERAGE WIND SPEED     2.9


SKY COVER
  POSSIBLE SUNSHINE  MM
  AVERAGE SKY COVER 0.0


WEATHER CONDITIONS
 THE FOLLOWING WEATHER WAS RECORDED YESTERDAY.
  NO SIGNIFICANT WEATHER WAS OBSERVED.


RELATIVE HUMIDITY (PERCENT)
 HIGHEST    80           200 AM
 LOWEST     12           200 PM
 AVERAGE    46

..........................................................


THE RIVERSIDE MUNI AIRPORT CA CLIMATE NORMALS FOR TODAY
                         NORMAL    RECORD    YEAR
 MAXIMUM TEMPERATURE (F)   79        97      1966
 MINIMUM TEMPERATURE (F)   51        30      1971


SUNRISE AND SUNSET
OCTOBER 30 2014.......SUNRISE   707 AM PDT   SUNSET   559 PM PDT
OCTOBER 31 2014.......SUNRISE   708 AM PDT   SUNSET   558 PM PDT


-  INDICATES NEGATIVE NUMBERS.
R  INDICATES RECORD WAS SET OR TIED.
MM INDICATES DATA IS MISSING.
T  INDICATES TRACE AMOUNT.




$$
