000
CDUS46 KSGX 251150
CLIRAL


CLIMATE REPORT
NATIONAL WEATHER SERVICE SAN DIEGO, CA
450 AM PDT TUE JUL 25 2017


...................................

...THE RIVERSIDE MUNI AIRPORT CA CLIMATE SUMMARY FOR JULY 24 2017...

CLIMATE NORMAL PERIOD 1981 TO 2010
CLIMATE RECORD PERIOD 1893 TO 2017


WEATHER ITEM   OBSERVED TIME   RECORD YEAR NORMAL DEPARTURE LAST
                VALUE   (LST)  VALUE       VALUE  FROM      YEAR
                                                  NORMAL
..................................................................
TEMPERATURE (F)
 YESTERDAY
  MAXIMUM         84    418 PM 111    1959  94    -10       98
  MINIMUM         66    313 AM  48    1903  65      1       71
  AVERAGE         75                        80     -5       85

PRECIPITATION (IN)
  YESTERDAY        0.01          0.10 1954   0.01   0.00     0.00
                                      1952
  MONTH TO DATE    0.01                      0.05  -0.04     0.00
  SINCE OCT 1     13.22                     12.05   1.17     5.45
  SINCE JAN 1      7.96                      9.24  -1.28     4.28

DEGREE DAYS
 HEATING
  YESTERDAY        0                         0      0        0
  MONTH TO DATE    0                         0      0        0
  SINCE JUN 1      0                         2     -2        0
  SINCE JUL 1      0                         0      0        0

 COOLING
  YESTERDAY       10                        14     -4       20
  MONTH TO DATE  413                       311    102      365
  SINCE JUN 1    754                       531    223      750
  SINCE JAN 1   1032                       708    324     1031
..................................................................


WIND (MPH)
  RESULTANT WIND SPEED   4   RESULTANT WIND DIRECTION   W (260)
  HIGHEST WIND SPEED    15   HIGHEST WIND DIRECTION     W (270)
  HIGHEST GUST SPEED    17   HIGHEST GUST DIRECTION     W (280)
  AVERAGE WIND SPEED     4.8


SKY COVER
  POSSIBLE SUNSHINE  MM
  AVERAGE SKY COVER 0.3


WEATHER CONDITIONS
 THE FOLLOWING WEATHER WAS RECORDED YESTERDAY.
  LIGHT RAIN


RELATIVE HUMIDITY (PERCENT)
 HIGHEST    87           100 AM
 LOWEST     51           400 PM
 AVERAGE    69

..........................................................


THE RIVERSIDE MUNI AIRPORT CA CLIMATE NORMALS FOR TODAY
                         NORMAL    RECORD    YEAR
 MAXIMUM TEMPERATURE (F)   94       107      1943
                                             1911
 MINIMUM TEMPERATURE (F)   65        48      1903


SUNRISE AND SUNSET
JULY 25 2017..........SUNRISE   557 AM PDT   SUNSET   756 PM PDT
JULY 26 2017..........SUNRISE   557 AM PDT   SUNSET   755 PM PDT


-  INDICATES NEGATIVE NUMBERS.
R  INDICATES RECORD WAS SET OR TIED.
MM INDICATES DATA IS MISSING.
T  INDICATES TRACE AMOUNT.




$$
