000
CDUS43 KUNR 291900
CLIRAP


CLIMATE REPORT
NATIONAL WEATHER SERVICE RAPID CITY SD
1259 PM MDT SAT AUG 29 2015


...................................

...THE RAPID CITY AIRPORT SD CLIMATE SUMMARY FOR AUGUST 29 2015...
VALID AS OF 1100 AM LOCAL TIME.

CLIMATE NORMAL PERIOD 1981 TO 2010
CLIMATE RECORD PERIOD 1942 TO 2015


WEATHER ITEM   OBSERVED TIME   RECORD YEAR NORMAL DEPARTURE LAST
                VALUE   (LST)  VALUE       VALUE  FROM      YEAR
                                                  NORMAL
..................................................................
TEMPERATURE (F)
 TODAY
  MAXIMUM         88   1059 AM 107    2012  83      5       79
  MINIMUM         55    526 AM  41    1988  53      2       53
  AVERAGE         72                        68      4       66

PRECIPITATION (IN)
  TODAY            0.00          1.07 2011   0.04  -0.04      T
  MONTH TO DATE    3.41                      1.47   1.94     3.12
  SINCE JUN 1     14.54                      5.85   8.69    10.31
  SINCE JAN 1     22.59                     12.54  10.05    15.70

SNOWFALL (IN)
  TODAY            0.0           0.0    MM   0.0    0.0      0.0
  MONTH TO DATE    0.0                       0.0    0.0      0.0
  SINCE JUN 1      0.0                       0.0    0.0      0.0
  SINCE JUL 1      0.0                       0.0    0.0      0.0
  SNOW DEPTH       0

DEGREE DAYS
 HEATING
  TODAY            0                         2     -2        0
  MONTH TO DATE   44                        14     30       11
  SINCE JUN 1     72                       128    -56      161
  SINCE JUL 1     45                        29     16       33

 COOLING
  TODAY            7                         5      2        1
  MONTH TO DATE  181                       215    -34      149
  SINCE JUN 1    470                       549    -79      338
  SINCE JAN 1    470                       564    -94      358
..................................................................


WIND (MPH)
  HIGHEST WIND SPEED    10   HIGHEST WIND DIRECTION    SE (140)
  HIGHEST GUST SPEED    14   HIGHEST GUST DIRECTION    SE (150)
  AVERAGE WIND SPEED     3.1


SKY COVER
  AVERAGE SKY COVER 0.0


WEATHER CONDITIONS
 THE FOLLOWING WEATHER WAS RECORDED TODAY.
  HAZE


RELATIVE HUMIDITY (PERCENT)
 HIGHEST    84          1200 AM
 LOWEST     39          1100 AM
 AVERAGE    62

..........................................................


THE RAPID CITY AIRPORT SD CLIMATE NORMALS FOR TOMORROW
                         NORMAL    RECORD    YEAR
 MAXIMUM TEMPERATURE (F)   83       102      1948
 MINIMUM TEMPERATURE (F)   53        38      1992


SUNRISE AND SUNSET
AUGUST 29 2015........SUNRISE   612 AM MDT   SUNSET   734 PM MDT
AUGUST 30 2015........SUNRISE   613 AM MDT   SUNSET   732 PM MDT


-  INDICATES NEGATIVE NUMBERS.
R  INDICATES RECORD WAS SET OR TIED.
MM INDICATES DATA IS MISSING.
T  INDICATES TRACE AMOUNT.




$$
