000
CDUS43 KUNR 310831
CLIRAP


CLIMATE REPORT
NATIONAL WEATHER SERVICE RAPID CITY SD
230 AM MDT FRI OCT 31 2014


...................................

...THE RAPID CITY AIRPORT SD CLIMATE SUMMARY FOR OCTOBER 30 2014...

CLIMATE NORMAL PERIOD 1981 TO 2010
CLIMATE RECORD PERIOD 1942 TO 2014


WEATHER ITEM   OBSERVED TIME   RECORD YEAR NORMAL DEPARTURE LAST
                VALUE   (LST)  VALUE       VALUE  FROM      YEAR
                                                  NORMAL
..................................................................
TEMPERATURE (F)
 YESTERDAY
  MAXIMUM         54   1240 PM  85    1950  55     -1       36
  MINIMUM         28    740 PM   2    1991  29     -1       29
  AVERAGE         41                        42     -1       33

PRECIPITATION (IN)
  YESTERDAY        0.00          0.71 1974   0.03  -0.03     0.04
  MONTH TO DATE    0.54                      1.39  -0.85     5.52
  SINCE SEP 1      3.71                      2.68   1.03     6.70
  SINCE JAN 1     20.31                     15.31   5.00    20.76

SNOWFALL (IN)
  YESTERDAY        0.0           2.6  1943   0.1   -0.1      0.0
  MONTH TO DATE    0.0                       1.5   -1.5     20.8
  SINCE SEP 1      T                         1.7   -1.7     20.8
  SINCE JUL 1      T                         1.7   -1.7     20.8
  SNOW DEPTH       0

DEGREE DAYS
 HEATING
  YESTERDAY       24                        23      1       32
  MONTH TO DATE  408                       514   -106      664
  SINCE SEP 1    613                       701    -88      766
  SINCE JUL 1    649                       738    -89      771

 COOLING
  YESTERDAY        0                         0      0        0
  MONTH TO DATE    0                         0      0        0
  SINCE SEP 1     61                        61      0      133
  SINCE JAN 1    424                       633   -209      724
..................................................................


WIND (MPH)
  HIGHEST WIND SPEED    23   HIGHEST WIND DIRECTION    NE (30)
  HIGHEST GUST SPEED    27   HIGHEST GUST DIRECTION    NE (30)
  AVERAGE WIND SPEED     9.8


SKY COVER
  AVERAGE SKY COVER 0.2


WEATHER CONDITIONS
 THE FOLLOWING WEATHER WAS RECORDED YESTERDAY.
  FOG


RELATIVE HUMIDITY (PERCENT)
 HIGHEST    92           700 PM
 LOWEST     46          1200 PM
 AVERAGE    69

..........................................................


THE RAPID CITY AIRPORT SD CLIMATE NORMALS FOR TODAY
                         NORMAL    RECORD    YEAR
 MAXIMUM TEMPERATURE (F)   55        81      1999
 MINIMUM TEMPERATURE (F)   29        -2      1991


SUNRISE AND SUNSET
OCTOBER 31 2014.......SUNRISE   728 AM MDT   SUNSET   544 PM MDT
NOVEMBER  1 2014......SUNRISE   729 AM MDT   SUNSET   542 PM MDT


-  INDICATES NEGATIVE NUMBERS.
R  INDICATES RECORD WAS SET OR TIED.
MM INDICATES DATA IS MISSING.
T  INDICATES TRACE AMOUNT.




$$
