000
CDUS43 KUNR 010832
CLIRAP


CLIMATE REPORT
NATIONAL WEATHER SERVICE RAPID CITY SD
231 AM MDT SAT OCT 1 2016


...................................

...THE RAPID CITY AIRPORT SD CLIMATE SUMMARY FOR SEPTEMBER 30 2016...

CLIMATE NORMAL PERIOD 1981 TO 2010
CLIMATE RECORD PERIOD 1942 TO 2016


WEATHER ITEM   OBSERVED TIME   RECORD YEAR NORMAL DEPARTURE LAST
                VALUE   (LST)  VALUE       VALUE  FROM      YEAR
                                                  NORMAL
..................................................................
TEMPERATURE (F)
 YESTERDAY
  MAXIMUM         72    232 PM  93    1989  68      4       79
                                      1967
  MINIMUM         51   1147 PM  25    1985  40     11       48
                                      1974
                                      1959
  AVERAGE         62                        54      8       64

PRECIPITATION (IN)
  YESTERDAY        T             0.56 2014   0.04  -0.04     0.00
  MONTH TO DATE    0.84                      1.29  -0.45     0.25
  SINCE SEP 1      0.84                      1.29  -0.45     0.25
  SINCE JAN 1     11.81                     13.92  -2.11    22.84

SNOWFALL (IN)
  YESTERDAY        0.0           0.5  1985   0.0    0.0      0.0
  MONTH TO DATE    0.0                       0.2   -0.2      0.0
  SINCE SEP 1      0.0                       0.2   -0.2      0.0
  SINCE JUL 1      0.0                       0.2   -0.2      0.0
  SNOW DEPTH       0

DEGREE DAYS
 HEATING
  YESTERDAY        3                        11     -8        1
  MONTH TO DATE  129                       186    -57       82
  SINCE SEP 1    129                       187    -58       82
  SINCE JUL 1    161                       224    -63      127

 COOLING
  YESTERDAY        0                         0      0        0
  MONTH TO DATE   30                        61    -31       83
  SINCE SEP 1     30                        61    -31       83
  SINCE JAN 1    646                       633     13      573
..................................................................


WIND (MPH)
  HIGHEST WIND SPEED    20   HIGHEST WIND DIRECTION     S (170)
  HIGHEST GUST SPEED    23   HIGHEST GUST DIRECTION     S (160)
  AVERAGE WIND SPEED     9.9


SKY COVER
  AVERAGE SKY COVER 0.1


WEATHER CONDITIONS
 THE FOLLOWING WEATHER WAS RECORDED YESTERDAY.
  LIGHT RAIN


RELATIVE HUMIDITY (PERCENT)
 HIGHEST    77          1100 PM
 LOWEST     44           100 PM
 AVERAGE    61

..........................................................


THE RAPID CITY AIRPORT SD CLIMATE NORMALS FOR TODAY
                         NORMAL    RECORD    YEAR
 MAXIMUM TEMPERATURE (F)   68        94      2005
 MINIMUM TEMPERATURE (F)   40        20      1985


SUNRISE AND SUNSET
OCTOBER  1 2016.......SUNRISE   651 AM MDT   SUNSET   632 PM MDT
OCTOBER  2 2016.......SUNRISE   652 AM MDT   SUNSET   630 PM MDT


-  INDICATES NEGATIVE NUMBERS.
R  INDICATES RECORD WAS SET OR TIED.
MM INDICATES DATA IS MISSING.
T  INDICATES TRACE AMOUNT.




$$
