000
CDUS43 KUNR 270036
CLIRAP


CLIMATE REPORT
NATIONAL WEATHER SERVICE RAPID CITY SD
536 PM MST THU FEB 26 2015


...................................

...THE RAPID CITY AIRPORT SD CLIMATE SUMMARY FOR FEBRUARY 26 2015...
VALID TODAY AS OF 0500 PM LOCAL TIME.

CLIMATE NORMAL PERIOD 1981 TO 2010
CLIMATE RECORD PERIOD 1942 TO 2015


WEATHER ITEM   OBSERVED TIME   RECORD YEAR NORMAL DEPARTURE LAST
                VALUE   (LST)  VALUE       VALUE  FROM      YEAR
                                                  NORMAL
..................................................................
TEMPERATURE (F)
 TODAY
  MAXIMUM         39    238 PM  66    1976  42     -3       41
                                      1974
                                      1965
  MINIMUM         -2    657 AM  -9    2014  18    -20       -9
  AVERAGE         19                        30    -11       16

PRECIPITATION (IN)
  TODAY            T             0.53 1987   0.03  -0.03     0.00
  MONTH TO DATE    0.25                      0.40  -0.15     0.24
  SINCE DEC 1      0.85                      1.12  -0.27     1.02
  SINCE JAN 1      0.43                      0.70  -0.27     0.46

SNOWFALL (IN)
  TODAY            0.1           7.1  1987   0.3   -0.2      0.0
  MONTH TO DATE    6.5                       5.3    1.2      5.7
  SINCE DEC 1     19.5                      15.1    4.4     17.5
  SINCE JUL 1     35.0                      22.9   12.1     42.3
  SNOW DEPTH       1

DEGREE DAYS
 HEATING
  TODAY           46                        35     11       49
  MONTH TO DATE  901                       983    -82     1192
  SINCE DEC 1   3172                      3464   -292     3817
  SINCE JUL 1   4980                      5139   -159     5537

 COOLING
  TODAY            0                         0      0        0
  MONTH TO DATE    0                         0      0        0
  SINCE DEC 1      0                         0      0        0
  SINCE JAN 1      0                         0      0        0
..................................................................


WIND (MPH)
  HIGHEST WIND SPEED    20   HIGHEST WIND DIRECTION     N (360)
  HIGHEST GUST SPEED    25   HIGHEST GUST DIRECTION     N (360)
  AVERAGE WIND SPEED    13.2


SKY COVER
  AVERAGE SKY COVER 0.6


WEATHER CONDITIONS
 THE FOLLOWING WEATHER WAS RECORDED TODAY.
  LIGHT SNOW
  FOG
  BLOWING SNOW


RELATIVE HUMIDITY (PERCENT)
 HIGHEST    88          1200 AM
 LOWEST     63           200 PM
 AVERAGE    76

..........................................................


THE RAPID CITY AIRPORT SD CLIMATE NORMALS FOR TOMORROW
                         NORMAL    RECORD    YEAR
 MAXIMUM TEMPERATURE (F)   42        75      1988
 MINIMUM TEMPERATURE (F)   18        -9      2001
                                             1962


SUNRISE AND SUNSET
FEBRUARY 26 2015......SUNRISE   635 AM MST   SUNSET   536 PM MST
FEBRUARY 27 2015......SUNRISE   633 AM MST   SUNSET   538 PM MST


-  INDICATES NEGATIVE NUMBERS.
R  INDICATES RECORD WAS SET OR TIED.
MM INDICATES DATA IS MISSING.
T  INDICATES TRACE AMOUNT.




$$
