000
CDUS43 KUNR 310043
CLIRAP


CLIMATE REPORT
NATIONAL WEATHER SERVICE RAPID CITY SD
643 PM MDT SAT JUL 30 2016


...................................

...THE RAPID CITY AIRPORT SD CLIMATE SUMMARY FOR JULY 30 2016...
VALID TODAY AS OF 0500 PM LOCAL TIME.

CLIMATE NORMAL PERIOD 1981 TO 2010
CLIMATE RECORD PERIOD 1942 TO 2016


WEATHER ITEM   OBSERVED TIME   RECORD YEAR NORMAL DEPARTURE LAST
                VALUE   (LST)  VALUE       VALUE  FROM      YEAR
                                                  NORMAL
..................................................................
TEMPERATURE (F)
 TODAY
  MAXIMUM         91    108 PM 109    2006  89      2       88
  MINIMUM         52    300 AM  43    1971  59     -7       53
  AVERAGE         72                        74     -2       71

PRECIPITATION (IN)
  TODAY            0.01          1.23 2001   0.07  -0.06     0.00
  MONTH TO DATE    1.91                      1.78   0.13     4.01
  SINCE JUN 1      3.13                      4.31  -1.18    11.13
  SINCE JAN 1      7.77                     11.00  -3.23    19.18

SNOWFALL (IN)
  TODAY            0.0           0.0    MM   0.0    0.0      0.0
  MONTH TO DATE    0.0                       0.0    0.0      0.0
  SINCE JUN 1      0.0                       0.0    0.0      0.0
  SINCE JUL 1      0.0                       0.0    0.0      0.0
  SNOW DEPTH       0

DEGREE DAYS
 HEATING
  TODAY            0                         0      0        0
  MONTH TO DATE    3                        10     -7        1
  SINCE JUN 1     13                       109    -96       28
  SINCE JUL 1      3                        10     -7        1

 COOLING
  TODAY            7                         9     -2        6
  MONTH TO DATE  243                       241      2      187
  SINCE JUN 1    429                       325    104      283
  SINCE JAN 1    429                       340     89      283
..................................................................


WIND (MPH)
  HIGHEST WIND SPEED    20   HIGHEST WIND DIRECTION     S (190)
  HIGHEST GUST SPEED    24   HIGHEST GUST DIRECTION     S (200)
  AVERAGE WIND SPEED     6.3


SKY COVER
  AVERAGE SKY COVER 0.0


WEATHER CONDITIONS
 THE FOLLOWING WEATHER WAS RECORDED TODAY.
  THUNDERSTORM
  RAIN


RELATIVE HUMIDITY (PERCENT)
 HIGHEST    93          1200 AM
 LOWEST     30           100 PM
 AVERAGE    62

..........................................................


THE RAPID CITY AIRPORT SD CLIMATE NORMALS FOR TOMORROW
                         NORMAL    RECORD    YEAR
 MAXIMUM TEMPERATURE (F)   89       104      1988
 MINIMUM TEMPERATURE (F)   59        46      2009


SUNRISE AND SUNSET
JULY 30 2016..........SUNRISE   539 AM MDT   SUNSET   818 PM MDT
JULY 31 2016..........SUNRISE   540 AM MDT   SUNSET   817 PM MDT


-  INDICATES NEGATIVE NUMBERS.
R  INDICATES RECORD WAS SET OR TIED.
MM INDICATES DATA IS MISSING.
T  INDICATES TRACE AMOUNT.




$$
