000
CDUS43 KUNR 300833
CLIRAP


CLIMATE REPORT
NATIONAL WEATHER SERVICE RAPID CITY SD
233 AM MDT WED JUL 30 2014


...................................

...THE RAPID CITY AIRPORT SD CLIMATE SUMMARY FOR JULY 29 2014...

CLIMATE NORMAL PERIOD 1981 TO 2010
CLIMATE RECORD PERIOD 1942 TO 2014


WEATHER ITEM   OBSERVED TIME   RECORD YEAR NORMAL DEPARTURE LAST
                VALUE   (LST)  VALUE       VALUE  FROM      YEAR
                                                  NORMAL
..................................................................
TEMPERATURE (F)
 YESTERDAY
  MAXIMUM         73    320 PM 108    2006  89    -16       86
  MINIMUM         51    233 AM  41    1971  59     -8       55
  AVERAGE         62                        74    -12       71

PRECIPITATION (IN)
  YESTERDAY        T             2.50 1944   0.06  -0.06     0.00
  MONTH TO DATE    1.93                      1.71   0.22     1.71
  SINCE JUN 1      7.18                      4.24   2.94     3.87
  SINCE JAN 1     12.57                     10.93   1.64    11.49

SNOWFALL (IN)
  YESTERDAY        0.0                       0.0    0.0      0.0
  MONTH TO DATE    0.0                       0.0    0.0      0.0
  SINCE JUN 1      0.0                       0.0    0.0      0.0
  SINCE JUL 1      0.0                       0.0    0.0      0.0
  SNOW DEPTH       0

DEGREE DAYS
 HEATING
  YESTERDAY        3                         0      3        0
  MONTH TO DATE   22                        10     12        5
  SINCE JUN 1    150                       109     41       85
  SINCE JUL 1     22                        10     12        5

 COOLING
  YESTERDAY        0                         9     -9        6
  MONTH TO DATE  158                       232    -74      253
  SINCE JUN 1    180                       316   -136      323
  SINCE JAN 1    200                       331   -131      331
..................................................................


WIND (MPH)
  HIGHEST WIND SPEED    13   HIGHEST WIND DIRECTION     S (190)
  HIGHEST GUST SPEED    15   HIGHEST GUST DIRECTION     S (190)
  AVERAGE WIND SPEED     3.9


SKY COVER
  AVERAGE SKY COVER 0.1


WEATHER CONDITIONS
 THE FOLLOWING WEATHER WAS RECORDED YESTERDAY.
  NO SIGNIFICANT WEATHER WAS OBSERVED.


RELATIVE HUMIDITY (PERCENT)
 HIGHEST    89           200 AM
 LOWEST     53           400 PM
 AVERAGE    71

..........................................................


THE RAPID CITY AIRPORT SD CLIMATE NORMALS FOR TODAY
                         NORMAL    RECORD    YEAR
 MAXIMUM TEMPERATURE (F)   89       109      2006
 MINIMUM TEMPERATURE (F)   59        43      1971


SUNRISE AND SUNSET
JULY 30 2014..........SUNRISE   538 AM MDT   SUNSET   819 PM MDT
JULY 31 2014..........SUNRISE   539 AM MDT   SUNSET   817 PM MDT


-  INDICATES NEGATIVE NUMBERS.
R  INDICATES RECORD WAS SET OR TIED.
MM INDICATES DATA IS MISSING.
T  INDICATES TRACE AMOUNT.




$$
