000
CDUS43 KUNR 020037
CLIRAP


CLIMATE REPORT
NATIONAL WEATHER SERVICE RAPID CITY SD
636 PM MDT MON JUN 1 2015


...................................

...THE RAPID CITY AIRPORT SD CLIMATE SUMMARY FOR JUNE 1 2015...
VALID TODAY AS OF 0500 PM LOCAL TIME.

CLIMATE NORMAL PERIOD 1981 TO 2010
CLIMATE RECORD PERIOD 1942 TO 2015


WEATHER ITEM   OBSERVED TIME   RECORD YEAR NORMAL DEPARTURE LAST
                VALUE   (LST)  VALUE       VALUE  FROM      YEAR
                                                  NORMAL
..................................................................
TEMPERATURE (F)
 TODAY
  MAXIMUM         86R   231 PM  86    1953  72     14       70
                                      1944
  MINIMUM         49    420 AM  31    1951  47      2       49
  AVERAGE         68                        60      8       60

PRECIPITATION (IN)
  TODAY            0.00          1.31 1951   0.11  -0.11     0.37
  MONTH TO DATE    0.00                      0.11  -0.11     0.37
  SINCE JUN 1      0.00                      0.11  -0.11     0.37
  SINCE JAN 1      8.05                      6.80   1.25     5.76

SNOWFALL (IN)
  TODAY            0.0           3.6  1951   0.0    0.0      0.0
  MONTH TO DATE    0.0                       0.0    0.0      0.0
  SINCE JUN 1      0.0                       0.0    0.0      0.0
  SINCE JUL 1     49.2                      41.1    8.1     63.8
  SNOW DEPTH       0

DEGREE DAYS
 HEATING
  TODAY            0                         6     -6        5
  MONTH TO DATE    0                         6     -6        5
  SINCE JUN 1      0                         6     -6        5
  SINCE JUL 1   6788                      7060   -272     7644

 COOLING
  TODAY            3                         1      2        0
  MONTH TO DATE    3                         1      2        0
  SINCE JUN 1      3                         1      2        0
  SINCE JAN 1      3                        16    -13       20
..................................................................


WIND (MPH)
  HIGHEST WIND SPEED    24   HIGHEST WIND DIRECTION     S (160)
  HIGHEST GUST SPEED    28   HIGHEST GUST DIRECTION    SE (150)
  AVERAGE WIND SPEED     8.6


SKY COVER
  AVERAGE SKY COVER 0.0


WEATHER CONDITIONS
 THE FOLLOWING WEATHER WAS RECORDED TODAY.
  THUNDERSTORM


RELATIVE HUMIDITY (PERCENT)
 HIGHEST   100           400 AM
 LOWEST     37           200 PM
 AVERAGE    69

..........................................................


THE RAPID CITY AIRPORT SD CLIMATE NORMALS FOR TOMORROW
                         NORMAL    RECORD    YEAR
 MAXIMUM TEMPERATURE (F)   73        91      2011
 MINIMUM TEMPERATURE (F)   47        31      1951


SUNRISE AND SUNSET
JUNE  1 2015..........SUNRISE   512 AM MDT   SUNSET   828 PM MDT
JUNE  2 2015..........SUNRISE   512 AM MDT   SUNSET   829 PM MDT


-  INDICATES NEGATIVE NUMBERS.
R  INDICATES RECORD WAS SET OR TIED.
MM INDICATES DATA IS MISSING.
T  INDICATES TRACE AMOUNT.




$$
