000
CDUS46 KMFR 170838
CLIRBG


CLIMATE REPORT
NATIONAL WEATHER SERVICE MEDFORD, OR
1238 AM PST SAT FEB 17 2018


...................................

...THE ROSEBURG OR CLIMATE SUMMARY FOR FEBRUARY 16 2018...

CLIMATE NORMAL PERIOD 1981 TO 2010
CLIMATE RECORD PERIOD 1931 TO 2018


WEATHER ITEM   OBSERVED TIME   RECORD YEAR NORMAL DEPARTURE LAST
                VALUE   (LST)  VALUE       VALUE  FROM      YEAR
                                                  NORMAL
..................................................................
TEMPERATURE (F)
 YESTERDAY
  MAXIMUM         52    400 PM  66    1934  54     -2       54
  MINIMUM         31    518 AM  13    1956  37     -6       46
  AVERAGE         42                        45     -3       50

PRECIPITATION (IN)
  YESTERDAY        0.00          0.99 2017   0.13  -0.13     0.99
  MONTH TO DATE    0.23                      2.45  -2.22     4.58
  SINCE OCT 1     11.75                     23.19 -11.44    28.97
  SINCE JAN 1      3.38                      7.54  -4.16    10.05

SNOWFALL (IN)
  YESTERDAY       MM                        MM     MM       MM
  MONTH TO DATE   MM                        MM     MM       MM
  SINCE JUL 1     MM                        MM     MM       MM
  SNOW DEPTH      MM

DEGREE DAYS
 HEATING
  YESTERDAY       23                        20      3       15
  MONTH TO DATE  275                       326    -51      273
  SINCE DEC 1   1596                      1716   -120     1815
  SINCE JUL 1   2455                      2645   -190     2454

 COOLING
  YESTERDAY        0                         0      0        0
  MONTH TO DATE    0                         0      0        0
  SINCE DEC 1      0                         0      0        0
  SINCE JAN 1      0                         0      0        0
..................................................................


WIND (MPH)
  RESULTANT WIND SPEED   0   RESULTANT WIND DIRECTION  SE (150)
  HIGHEST WIND SPEED     6   HIGHEST WIND DIRECTION     N (350)
  HIGHEST GUST SPEED     7   HIGHEST GUST DIRECTION     S (170)
  AVERAGE WIND SPEED     0.6


SKY COVER
  POSSIBLE SUNSHINE  MM
  AVERAGE SKY COVER 0.8


WEATHER CONDITIONS
 THE FOLLOWING WEATHER WAS RECORDED YESTERDAY.
  NO SIGNIFICANT WEATHER WAS OBSERVED.


RELATIVE HUMIDITY (PERCENT)
 HIGHEST    96           200 AM
 LOWEST     54           300 PM
 AVERAGE    75

..........................................................


THE ROSEBURG OR CLIMATE NORMALS FOR TODAY
                         NORMAL    RECORD    YEAR
 MAXIMUM TEMPERATURE (F)   54        71      1943
 MINIMUM TEMPERATURE (F)   37        24      1955


SUNRISE AND SUNSET
FEBRUARY 17 2018......SUNRISE   708 AM PST   SUNSET   547 PM PST
FEBRUARY 18 2018......SUNRISE   707 AM PST   SUNSET   549 PM PST


-  INDICATES NEGATIVE NUMBERS.
R  INDICATES RECORD WAS SET OR TIED.
MM INDICATES DATA IS MISSING.
T  INDICATES TRACE AMOUNT.




$$
