000
CDUS46 KMFR 130839
CLIRBG


CLIMATE REPORT
NATIONAL WEATHER SERVICE MEDFORD, OR
1238 AM PST WED DEC 13 2017


...................................

...THE ROSEBURG OR CLIMATE SUMMARY FOR DECEMBER 12 2017...

CLIMATE NORMAL PERIOD 1981 TO 2010
CLIMATE RECORD PERIOD 1931 TO 2017


WEATHER ITEM   OBSERVED TIME   RECORD YEAR NORMAL DEPARTURE LAST
                VALUE   (LST)  VALUE       VALUE  FROM      YEAR
                                                  NORMAL
..................................................................
TEMPERATURE (F)
 YESTERDAY
  MAXIMUM         37    330 PM  65    2010  48    -11       49
                                      1998
                                      1952
  MINIMUM         30    755 AM   8    1932  36     -6       36
  AVERAGE         34                        42     -8       43

PRECIPITATION (IN)
  YESTERDAY        T             1.49 2015   0.19  -0.19     0.05
  MONTH TO DATE    0.31                      2.28  -1.97     1.99
  SINCE OCT 1      7.28                     11.41  -4.13    14.82
  SINCE JAN 1     31.66                     32.02  -0.36    34.15

SNOWFALL (IN)
  YESTERDAY       MM                        MM     MM       MM
  MONTH TO DATE   MM                        MM     MM       MM
  SINCE JUL 1     MM                        MM     MM       MM
  SNOW DEPTH      MM

DEGREE DAYS
 HEATING
  YESTERDAY       31                        23      8       22
  MONTH TO DATE  331                       270     61      263
  SINCE DEC 1    331                       270     61      263
  SINCE JUL 1   1190                      1199     -9      902

 COOLING
  YESTERDAY        0                         0      0        0
  MONTH TO DATE    0                         0      0        0
  SINCE DEC 1      0                         0      0        0
  SINCE JAN 1    863                       480    383      732
..................................................................


WIND (MPH)
  RESULTANT WIND SPEED   1   RESULTANT WIND DIRECTION  SW (210)
  HIGHEST WIND SPEED     6   HIGHEST WIND DIRECTION    SW (230)
  HIGHEST GUST SPEED     7   HIGHEST GUST DIRECTION    SW (240)
  AVERAGE WIND SPEED     1.2


SKY COVER
  POSSIBLE SUNSHINE  MM
  AVERAGE SKY COVER 1.0


WEATHER CONDITIONS
 THE FOLLOWING WEATHER WAS RECORDED YESTERDAY.
  FOG
  FOG W/VISIBILITY <= 1/4 MILE


RELATIVE HUMIDITY (PERCENT)
 HIGHEST   100          1200 AM
 LOWEST     92          1000 AM
 AVERAGE    96

..........................................................


THE ROSEBURG OR CLIMATE NORMALS FOR TODAY
                         NORMAL    RECORD    YEAR
 MAXIMUM TEMPERATURE (F)   47        64      2004
 MINIMUM TEMPERATURE (F)   36         9      1932


SUNRISE AND SUNSET
DECEMBER 13 2017......SUNRISE   737 AM PST   SUNSET   438 PM PST
DECEMBER 14 2017......SUNRISE   738 AM PST   SUNSET   439 PM PST


-  INDICATES NEGATIVE NUMBERS.
R  INDICATES RECORD WAS SET OR TIED.
MM INDICATES DATA IS MISSING.
T  INDICATES TRACE AMOUNT.




$$
