000
CDUS46 KMFR 010838
CLIRBG


CLIMATE REPORT
NATIONAL WEATHER SERVICE MEDFORD, OR
137 AM PDT WED JUL 1 2015


...................................

...THE ROSEBURG OR CLIMATE SUMMARY FOR JUNE 30 2015...

CLIMATE NORMAL PERIOD 1981 TO 2010
CLIMATE RECORD PERIOD 1931 TO 2015


WEATHER ITEM   OBSERVED TIME   RECORD YEAR NORMAL DEPARTURE LAST
                VALUE   (LST)  VALUE       VALUE  FROM      YEAR
                                                  NORMAL
..................................................................
TEMPERATURE (F)
 YESTERDAY
  MAXIMUM         97    404 PM 104    1942  80     17       89
  MINIMUM         61    514 AM  42    1971  54      7       53
  AVERAGE         79                        67     12       71

PRECIPITATION (IN)
  YESTERDAY        0.00          0.52 1992   0.01  -0.01     0.00
  MONTH TO DATE    0.24                      1.13  -0.89     0.96
  SINCE OCT 1     24.94                     34.41  -9.47    20.12
  SINCE JAN 1     10.66                     18.76  -8.10    16.42

SNOWFALL (IN)
  YESTERDAY       MM                        MM     MM       MM
  MONTH TO DATE    0.0                      MM     MM       MM
  SINCE JUL 1      0.0                      MM     MM        0.0
  SNOW DEPTH      MM

DEGREE DAYS
 HEATING
  YESTERDAY        0                         1     -1        0
  MONTH TO DATE   12                        82    -70       35
  SINCE JUN 1     12                        83    -71       35
  SINCE JUL 1   2846                      4066  -1220     3772

 COOLING
  YESTERDAY       14                         3     11        6
  MONTH TO DATE  231                        50    181       71
  SINCE JUN 1    231                        50    181       71
  SINCE JAN 1    261                        70    191      116
..................................................................


WIND (MPH)
  RESULTANT WIND SPEED   6   RESULTANT WIND DIRECTION   N (360)
  HIGHEST WIND SPEED    20   HIGHEST WIND DIRECTION     N (20)
  HIGHEST GUST SPEED    25   HIGHEST GUST DIRECTION     N (10)
  AVERAGE WIND SPEED     6.1


SKY COVER
  POSSIBLE SUNSHINE  MM
  AVERAGE SKY COVER 0.0


WEATHER CONDITIONS
 THE FOLLOWING WEATHER WAS RECORDED YESTERDAY.
  NO SIGNIFICANT WEATHER WAS OBSERVED.


RELATIVE HUMIDITY (PERCENT)
 HIGHEST    78           500 AM
 LOWEST     22           400 PM
 AVERAGE    50

..........................................................


THE ROSEBURG OR CLIMATE NORMALS FOR TODAY
                         NORMAL    RECORD    YEAR
 MAXIMUM TEMPERATURE (F)   81       106      1942
 MINIMUM TEMPERATURE (F)   55        41      1968


SUNRISE AND SUNSET
JULY  1 2015..........SUNRISE   537 AM PDT   SUNSET   857 PM PDT
JULY  2 2015..........SUNRISE   538 AM PDT   SUNSET   857 PM PDT


-  INDICATES NEGATIVE NUMBERS.
R  INDICATES RECORD WAS SET OR TIED.
MM INDICATES DATA IS MISSING.
T  INDICATES TRACE AMOUNT.




$$
