000
CDUS46 KMFR 230836
CLIRBG


CLIMATE REPORT
NATIONAL WEATHER SERVICE MEDFORD, OR
1236 AM PST MON JAN 23 2017


...................................

...THE ROSEBURG OR CLIMATE SUMMARY FOR JANUARY 22 2017...

CLIMATE NORMAL PERIOD 1981 TO 2010
CLIMATE RECORD PERIOD 1931 TO 2017


WEATHER ITEM   OBSERVED TIME   RECORD YEAR NORMAL DEPARTURE LAST
                VALUE   (LST)  VALUE       VALUE  FROM      YEAR
                                                  NORMAL
..................................................................
TEMPERATURE (F)
 YESTERDAY
  MAXIMUM         51    233 PM  65    1931  50      1       58
  MINIMUM         35   1159 PM  -1    1962  37     -2       44
  AVERAGE         43                        44     -1       51

PRECIPITATION (IN)
  YESTERDAY        0.35          1.53 1972   0.12   0.23     0.44
  MONTH TO DATE    5.46                      4.03   1.43     5.34
  SINCE OCT 1     24.38                     19.68   4.70    24.53
  SINCE JAN 1      5.46                      4.03   1.43     5.34

SNOWFALL (IN)
  YESTERDAY       MM                        MM     MM       MM
  MONTH TO DATE   MM                        MM     MM       MM
  SINCE JUL 1     MM                        MM     MM        0.0
  SNOW DEPTH      MM

DEGREE DAYS
 HEATING
  YESTERDAY       22                        21      1       14
  MONTH TO DATE  573                       490     83      466
  SINCE DEC 1   1341                      1201    140     1053
  SINCE JUL 1   1980                      2130   -150     1781

 COOLING
  YESTERDAY        0                         0      0        0
  MONTH TO DATE    0                         0      0        0
  SINCE DEC 1      0                         0      0        0
  SINCE JAN 1      0                         0      0        0
..................................................................


WIND (MPH)
  RESULTANT WIND SPEED   3   RESULTANT WIND DIRECTION   S (170)
  HIGHEST WIND SPEED    21   HIGHEST WIND DIRECTION    SE (140)
  HIGHEST GUST SPEED    30   HIGHEST GUST DIRECTION    SE (120)
  AVERAGE WIND SPEED     4.6


SKY COVER
  POSSIBLE SUNSHINE  MM
  AVERAGE SKY COVER 0.6


WEATHER CONDITIONS
 THE FOLLOWING WEATHER WAS RECORDED YESTERDAY.
  HEAVY RAIN
  RAIN
  LIGHT RAIN
  FOG


RELATIVE HUMIDITY (PERCENT)
 HIGHEST   100           900 AM
 LOWEST     46           300 PM
 AVERAGE    73

..........................................................


THE ROSEBURG OR CLIMATE NORMALS FOR TODAY
                         NORMAL    RECORD    YEAR
 MAXIMUM TEMPERATURE (F)   51        65      1959
 MINIMUM TEMPERATURE (F)   37         2      1962


SUNRISE AND SUNSET
JANUARY 23 2017.......SUNRISE   737 AM PST   SUNSET   514 PM PST
JANUARY 24 2017.......SUNRISE   736 AM PST   SUNSET   515 PM PST


-  INDICATES NEGATIVE NUMBERS.
R  INDICATES RECORD WAS SET OR TIED.
MM INDICATES DATA IS MISSING.
T  INDICATES TRACE AMOUNT.




$$
