000
CDUS46 KMFR 290837
CLIRBG


CLIMATE REPORT
NATIONAL WEATHER SERVICE MEDFORD, OR
136 AM PDT SAT AUG 29 2015


...................................

...THE ROSEBURG OR CLIMATE SUMMARY FOR AUGUST 28 2015...

CLIMATE NORMAL PERIOD 1981 TO 2010
CLIMATE RECORD PERIOD 1931 TO 2015


WEATHER ITEM   OBSERVED TIME   RECORD YEAR NORMAL DEPARTURE LAST
                VALUE   (LST)  VALUE       VALUE  FROM      YEAR
                                                  NORMAL
..................................................................
TEMPERATURE (F)
 YESTERDAY
  MAXIMUM         88    425 PM  98    1988  83      5       93
  MINIMUM         66    629 AM  42    1973  54     12       61
  AVERAGE         77                        69      8       77

PRECIPITATION (IN)
  YESTERDAY        0.00          0.21 1979   0.03  -0.03     0.00
  MONTH TO DATE    0.01                      0.39  -0.38     0.03
  SINCE OCT 1     24.96                     35.22 -10.26    20.35
  SINCE JAN 1     10.68                     19.57  -8.89    16.65

SNOWFALL (IN)
  YESTERDAY       MM                        MM     MM       MM
  MONTH TO DATE   MM                        MM     MM       MM
  SINCE JUL 1      0.0                      MM     MM       MM
  SNOW DEPTH      MM

DEGREE DAYS
 HEATING
  YESTERDAY        0                         1     -1        0
  MONTH TO DATE    0                         3     -3        0
  SINCE JUN 1     12                        97    -85       42
  SINCE JUL 1      0                        14    -14        7

 COOLING
  YESTERDAY       12                         4      8       12
  MONTH TO DATE  266                       155    111      298
  SINCE JUN 1    847                       378    469      677
  SINCE JAN 1    877                       398    479      722
..................................................................


WIND (MPH)
  RESULTANT WIND SPEED   1   RESULTANT WIND DIRECTION   N (350)
  HIGHEST WIND SPEED    10   HIGHEST WIND DIRECTION     N (10)
  HIGHEST GUST SPEED    12   HIGHEST GUST DIRECTION     N (10)
  AVERAGE WIND SPEED     2.3


SKY COVER
  POSSIBLE SUNSHINE  MM
  AVERAGE SKY COVER 0.0


WEATHER CONDITIONS
 THE FOLLOWING WEATHER WAS RECORDED YESTERDAY.
  NO SIGNIFICANT WEATHER WAS OBSERVED.


RELATIVE HUMIDITY (PERCENT)
 HIGHEST    56           400 AM
 LOWEST     29           300 PM
 AVERAGE    43

..........................................................


THE ROSEBURG OR CLIMATE NORMALS FOR TODAY
                         NORMAL    RECORD    YEAR
 MAXIMUM TEMPERATURE (F)   83       101      1934
 MINIMUM TEMPERATURE (F)   54        42      1957


SUNRISE AND SUNSET
AUGUST 29 2015........SUNRISE   634 AM PDT   SUNSET   754 PM PDT
AUGUST 30 2015........SUNRISE   635 AM PDT   SUNSET   752 PM PDT


-  INDICATES NEGATIVE NUMBERS.
R  INDICATES RECORD WAS SET OR TIED.
MM INDICATES DATA IS MISSING.
T  INDICATES TRACE AMOUNT.




$$
