000
CDUS46 KMFR 200840
CLIRBG


CLIMATE REPORT
NATIONAL WEATHER SERVICE MEDFORD, OR
140 AM PDT SUN AUG 20 2017


...................................

...THE ROSEBURG OR CLIMATE SUMMARY FOR AUGUST 19 2017...

CLIMATE NORMAL PERIOD 1981 TO 2010
CLIMATE RECORD PERIOD 1931 TO 2017


WEATHER ITEM   OBSERVED TIME   RECORD YEAR NORMAL DEPARTURE LAST
                VALUE   (LST)  VALUE       VALUE  FROM      YEAR
                                                  NORMAL
..................................................................
TEMPERATURE (F)
 YESTERDAY
  MAXIMUM         86    417 PM 107    2016  84      2      107
  MINIMUM         63    546 AM  44    1964  55      8       64
  AVERAGE         75                        70      5       86

PRECIPITATION (IN)
  YESTERDAY        0.00          0.96 2007   0.02  -0.02     0.00
  MONTH TO DATE    T                         0.20  -0.20     0.00
  SINCE OCT 1     42.38                     35.03   7.35    38.45
  SINCE JAN 1     23.46                     19.38   4.08    19.26

SNOWFALL (IN)
  YESTERDAY       MM                        MM     MM       MM
  MONTH TO DATE   MM                        MM     MM       MM
  SINCE JUL 1     MM                        MM     MM       MM
  SNOW DEPTH      MM

DEGREE DAYS
 HEATING
  YESTERDAY        0                         0      0        0
  MONTH TO DATE    0                         0      0        0
  SINCE JUN 1     64                        94    -30       67
  SINCE JUL 1      0                        11    -11        3

 COOLING
  YESTERDAY       10                         5      5       21
  MONTH TO DATE  237                       113    124      187
  SINCE JUN 1    580                       336    244      517
  SINCE JAN 1    629                       356    273      560
..................................................................


WIND (MPH)
  RESULTANT WIND SPEED   9   RESULTANT WIND DIRECTION   N (360)
  HIGHEST WIND SPEED    23   HIGHEST WIND DIRECTION     N (360)
  HIGHEST GUST SPEED    31   HIGHEST GUST DIRECTION     N (360)
  AVERAGE WIND SPEED     9.7


SKY COVER
  POSSIBLE SUNSHINE  MM
  AVERAGE SKY COVER 0.2


WEATHER CONDITIONS
 THE FOLLOWING WEATHER WAS RECORDED YESTERDAY.
  NO SIGNIFICANT WEATHER WAS OBSERVED.


RELATIVE HUMIDITY (PERCENT)
 HIGHEST    78           500 AM
 LOWEST     16           400 PM
 AVERAGE    47

..........................................................


THE ROSEBURG OR CLIMATE NORMALS FOR TODAY
                         NORMAL    RECORD    YEAR
 MAXIMUM TEMPERATURE (F)   84       101      2016
 MINIMUM TEMPERATURE (F)   55        45      1947


SUNRISE AND SUNSET
AUGUST 20 2017........SUNRISE   625 AM PDT   SUNSET   808 PM PDT
AUGUST 21 2017........SUNRISE   626 AM PDT   SUNSET   806 PM PDT


-  INDICATES NEGATIVE NUMBERS.
R  INDICATES RECORD WAS SET OR TIED.
MM INDICATES DATA IS MISSING.
T  INDICATES TRACE AMOUNT.




$$
