000
CDUS46 KMFR 010841
CLIRBG


CLIMATE REPORT
NATIONAL WEATHER SERVICE MEDFORD, OR
137 AM PDT FRI AUG 1 2014


...................................

...THE ROSEBURG OR CLIMATE SUMMARY FOR JULY 31 2014...

CLIMATE NORMAL PERIOD 1981 TO 2010
CLIMATE RECORD PERIOD 1931 TO 2014


WEATHER ITEM   OBSERVED TIME   RECORD YEAR NORMAL DEPARTURE LAST
                VALUE   (LST)  VALUE       VALUE  FROM      YEAR
                                                  NORMAL
..................................................................
TEMPERATURE (F)
 YESTERDAY
  MAXIMUM         93    433 PM 103    2003  86      7       76
                                      1974
  MINIMUM         65    545 AM  44    1956  57      8       58
  AVERAGE         79                        72      7       67

PRECIPITATION (IN)
  YESTERDAY        0.00          1.03 1985   0.01  -0.01     0.00
  MONTH TO DATE    0.20                      0.42  -0.22      T
  SINCE SEP 1     24.16                     35.79 -11.63    26.55
  SINCE JAN 1     16.62                     19.18  -2.56     7.88

SNOWFALL (IN)
  YESTERDAY       MM                        MM     MM       MM
  MONTH TO DATE   MM                        MM     MM       MM
  SINCE JUL 1     MM                        MM     MM       MM
  SNOW DEPTH      MM

DEGREE DAYS
 HEATING
  YESTERDAY        0                         0      0        0
  MONTH TO DATE    7                         8     -1        0
  SINCE JUN 1     42                        94    -52       35
  SINCE JUL 1      7                        11     -4        0

 COOLING
  YESTERDAY       14                         7      7        2
  MONTH TO DATE  308                       173    135      306
  SINCE JUN 1    379                       223    156      417
  SINCE JAN 1    424                       243    181      451
..................................................................


WIND (MPH)
  RESULTANT WIND SPEED   4   RESULTANT WIND DIRECTION   N (0)
  HIGHEST WIND SPEED    18   HIGHEST WIND DIRECTION     N (10)
  HIGHEST GUST SPEED    22   HIGHEST GUST DIRECTION     N (10)
  AVERAGE WIND SPEED     5.6


SKY COVER
  POSSIBLE SUNSHINE  MM
  AVERAGE SKY COVER 0.0


WEATHER CONDITIONS
 THE FOLLOWING WEATHER WAS RECORDED YESTERDAY.
  THUNDERSTORM


RELATIVE HUMIDITY (PERCENT)
 HIGHEST    73           500 AM
 LOWEST     21           400 PM
 AVERAGE    47

..........................................................


THE ROSEBURG OR CLIMATE NORMALS FOR TODAY
                         NORMAL    RECORD    YEAR
 MAXIMUM TEMPERATURE (F)   86        98      2003
 MINIMUM TEMPERATURE (F)   57        44      1957


SUNRISE AND SUNSET
AUGUST  1 2014........SUNRISE   604 AM PDT   SUNSET   835 PM PDT
AUGUST  2 2014........SUNRISE   605 AM PDT   SUNSET   834 PM PDT


-  INDICATES NEGATIVE NUMBERS.
R  INDICATES RECORD WAS SET OR TIED.
MM INDICATES DATA IS MISSING.
T  INDICATES TRACE AMOUNT.




$$
