000
CDUS46 KSTO 260850
CLIRDD

CLIMATE REPORT
NATIONAL WEATHER SERVICE SACRAMENTO, CA
143 AM PDT MON SEP 26 2016


...................................

...THE REDDING AIRPORT CA CLIMATE SUMMARY FOR SEPTEMBER 25 2016...

CLIMATE NORMAL PERIOD 1981 TO 2010
CLIMATE RECORD PERIOD 1986 TO 2016


WEATHER ITEM   OBSERVED RECORD YEAR NORMAL DEPARTURE LAST
                VALUE   VALUE       VALUE  FROM      YEAR
                                           NORMAL
...........................................................
TEMPERATURE (F)
 YESTERDAY
  MAXIMUM        104R   101    2003  88     16       96
                               1991
  MINIMUM         70     43    2007  56     14       55
  AVERAGE         87

PRECIPITATION (IN)
  YESTERDAY        0.00   2.45 2014   0.02  -0.02     0.00
  MONTH TO DATE    0.00               0.49  -0.49     0.55
  SINCE OCT 1     40.49              34.47   6.02    23.63
  SINCE JAN 1     30.63              21.62   9.01     7.38

SNOWFALL (IN)
  YESTERDAY        0.0    0.0  2002  MM               0.0
                               2001
  MONTH TO DATE    0.0               MM               0.0
  SINCE SEP 1      0.0               MM               0.0
  SINCE JUL 1      0.0               MM               0.0

DEGREE DAYS
 HEATING
  YESTERDAY        0

 COOLING
  YESTERDAY       22
...........................................................


WIND (MPH)
  RESULTANT WIND SPEED   9   RESULTANT WIND DIRECTION   N (350)
  HIGHEST WIND SPEED    22   HIGHEST WIND DIRECTION    NE (30)
  HIGHEST GUST SPEED    27   HIGHEST GUST DIRECTION     N (20)


SKY COVER
  POSSIBLE SUNSHINE  MM
  AVERAGE SKY COVER 0.0


WEATHER CONDITIONS
 THE FOLLOWING WEATHER WAS RECORDED YESTERDAY.
  NO SIGNIFICANT WEATHER WAS OBSERVED.


RELATIVE HUMIDITY (PERCENT)
 HIGHEST    27
 LOWEST      7
 AVERAGE    17

..........................................................


THE REDDING AIRPORT CA CLIMATE NORMALS FOR TODAY
                         NORMAL    RECORD    YEAR
 MAXIMUM TEMPERATURE (F)   88       111      2009
 MINIMUM TEMPERATURE (F)   55        43      1986


SUNRISE AND SUNSET
SEPTEMBER 26 2016.....SUNRISE   701 AM PDT   SUNSET   659 PM PDT
SEPTEMBER 27 2016.....SUNRISE   702 AM PDT   SUNSET   657 PM PDT


-  INDICATES NEGATIVE NUMBERS.
R  INDICATES RECORD WAS SET OR TIED.
MM INDICATES DATA IS MISSING.
T  INDICATES TRACE AMOUNT.




&&
....................................................................

REDDING CITY CLIMATE DATA FOR SEPTEMBER 25

CLIMATE RECORD PERIOD 1897-1986

RECORD HIGH..............    105 IN 1964
RECORD LOW...............     43 IN 1923

RECORD RAINFALL..........   1.19 IN 1923

$$

NNNN
