000
CDUS46 KSTO 020839
CLIRDD

CLIMATE REPORT
NATIONAL WEATHER SERVICE SACRAMENTO, CA
136 AM PDT TUE JUN 2 2015


...................................

...THE REDDING AIRPORT CA CLIMATE SUMMARY FOR JUNE 1 2015...

CLIMATE NORMAL PERIOD 1981 TO 2010
CLIMATE RECORD PERIOD 1986 TO 2015


WEATHER ITEM   OBSERVED RECORD YEAR NORMAL DEPARTURE LAST
                VALUE   VALUE       VALUE  FROM      YEAR
                                           NORMAL
...........................................................
TEMPERATURE (F)
 YESTERDAY
  MAXIMUM         81    101    2012  86     -5       95
  MINIMUM         58     42    1990  58      0       55
  AVERAGE         70

PRECIPITATION (IN)
  YESTERDAY        0.51R  0.44 2011   0.05   0.46     0.00
  MONTH TO DATE    0.51               0.05   0.46     0.00
  SINCE OCT 1     22.98              33.07 -10.09    16.38
  SINCE JAN 1      6.73              20.22 -13.49    14.27

SNOWFALL (IN)
  YESTERDAY        0.0   MM      MM  MM               0.0
  MONTH TO DATE    0.0               MM               0.0
  SINCE JUN 1      0.0               MM               0.0
  SINCE JUL 1      0.0               MM               5.0

DEGREE DAYS
 HEATING
  YESTERDAY        0

 COOLING
  YESTERDAY        5
...........................................................


WIND (MPH)
  RESULTANT WIND SPEED   6   RESULTANT WIND DIRECTION   S (180)
  HIGHEST WIND SPEED    20   HIGHEST WIND DIRECTION     S (170)
  HIGHEST GUST SPEED    24   HIGHEST GUST DIRECTION     S (180)


SKY COVER
  POSSIBLE SUNSHINE  MM
  AVERAGE SKY COVER 0.5


WEATHER CONDITIONS
 THE FOLLOWING WEATHER WAS RECORDED YESTERDAY.
  HEAVY RAIN
  LIGHT RAIN
  HAZE


RELATIVE HUMIDITY (PERCENT)
 HIGHEST    87
 LOWEST     30
 AVERAGE    59

..........................................................


THE REDDING AIRPORT CA CLIMATE NORMALS FOR TODAY
                         NORMAL    RECORD    YEAR
 MAXIMUM TEMPERATURE (F)   86       103      1989
 MINIMUM TEMPERATURE (F)   58        48      2011


SUNRISE AND SUNSET
JUNE  2 2015..........SUNRISE   541 AM PDT   SUNSET   834 PM PDT
JUNE  3 2015..........SUNRISE   540 AM PDT   SUNSET   835 PM PDT


-  INDICATES NEGATIVE NUMBERS.
R  INDICATES RECORD WAS SET OR TIED.
MM INDICATES DATA IS MISSING.
T  INDICATES TRACE AMOUNT.






&&
....................................................................

REDDING CITY CLIMATE DATA FOR JUNE 01

CLIMATE RECORD PERIOD 1897-1986

RECORD HIGH..............    109 IN 1924
RECORD LOW...............     43 IN 1898

RECORD RAINFALL..........   1.40 IN 1899

$$

JCLAPP
