000
CDUS46 KSTO 250842
CLIRDD

CLIMATE REPORT
NATIONAL WEATHER SERVICE SACRAMENTO, CA
142 AM PDT TUE APR 25 2017


...................................

...THE REDDING AIRPORT CA CLIMATE SUMMARY FOR APRIL 24 2017...

CLIMATE NORMAL PERIOD 1981 TO 2010
CLIMATE RECORD PERIOD 1986 TO 2017


WEATHER ITEM   OBSERVED RECORD YEAR NORMAL DEPARTURE LAST
                VALUE   VALUE       VALUE  FROM      YEAR
                                           NORMAL
...........................................................
TEMPERATURE (F)
 YESTERDAY
  MAXIMUM         64     87    2013  73     -9       71
  MINIMUM         48     32    2008  48      0       49
  AVERAGE         56

PRECIPITATION (IN)
  YESTERDAY        0.18   0.66 1989   0.08   0.10     0.00
  MONTH TO DATE    3.82               2.03   1.79     3.23
  SINCE OCT 1     46.12              30.72  15.40    37.04
  SINCE JAN 1     27.39              17.87   9.52    27.18

SNOWFALL (IN)
  YESTERDAY        0.0   MM      MM  MM               0.0
  MONTH TO DATE    0.0               MM               0.0
  SINCE MAR 1      0.0               MM               0.0
  SINCE JUL 1      3.0               MM               0.0

DEGREE DAYS
 HEATING
  YESTERDAY        9

 COOLING
  YESTERDAY        0
...........................................................


WIND (MPH)
  RESULTANT WIND SPEED   6   RESULTANT WIND DIRECTION   S (180)
  HIGHEST WIND SPEED    26   HIGHEST WIND DIRECTION     S (160)
  HIGHEST GUST SPEED    31   HIGHEST GUST DIRECTION     S (170)


SKY COVER
  POSSIBLE SUNSHINE  MM
  AVERAGE SKY COVER 0.7


WEATHER CONDITIONS
 THE FOLLOWING WEATHER WAS RECORDED YESTERDAY.
  LIGHT RAIN


RELATIVE HUMIDITY (PERCENT)
 HIGHEST    89
 LOWEST     48
 AVERAGE    69

..........................................................


THE REDDING AIRPORT CA CLIMATE NORMALS FOR TODAY
                         NORMAL    RECORD    YEAR
 MAXIMUM TEMPERATURE (F)   73        90      2004
                                             1987
 MINIMUM TEMPERATURE (F)   48        40      2009
                                             1994
                                             1991


SUNRISE AND SUNSET
APRIL 25 2017.........SUNRISE   616 AM PDT   SUNSET   759 PM PDT
APRIL 26 2017.........SUNRISE   614 AM PDT   SUNSET   800 PM PDT


-  INDICATES NEGATIVE NUMBERS.
R  INDICATES RECORD WAS SET OR TIED.
MM INDICATES DATA IS MISSING.
T  INDICATES TRACE AMOUNT.




&&
....................................................................

REDDING CITY CLIMATE DATA FOR APRIL 24

CLIMATE RECORD PERIOD 1897-1986

RECORD HIGH..............     96 IN 1927
RECORD LOW...............     33 IN 1974

RECORD RAINFALL..........   1.44 IN 1914

$$

NNNN
