000
CDUS46 KSTO 191502
CLIRDD

CLIMATE REPORT
NATIONAL WEATHER SERVICE SACRAMENTO, CA
735 AM PDT SAT APR 19 2014


...................................

...THE REDDING AIRPORT CA CLIMATE SUMMARY FOR APRIL 18 2014...

CLIMATE NORMAL PERIOD 1981 TO 2010
CLIMATE RECORD PERIOD 1986 TO 2014


WEATHER ITEM   OBSERVED RECORD YEAR NORMAL DEPARTURE LAST
                VALUE   VALUE       VALUE  FROM      YEAR
                                           NORMAL
...........................................................
TEMPERATURE (F)
 YESTERDAY
  MAXIMUM         82     87    2009  71     11       79
  MINIMUM         53     33    2007  46      7       44
                               1996
  AVERAGE         68

PRECIPITATION (IN)
  YESTERDAY        0.00   1.38 1997   0.08  -0.08     0.00
  MONTH TO DATE    0.10               1.53  -1.43     1.90
  SINCE JUL 1     17.55              31.13 -13.58    26.02
  SINCE JAN 1     14.05              17.37  -3.32     6.86

SNOWFALL (IN)
  YESTERDAY        0.0   MM      MM  MM               0.0
  MONTH TO DATE    0.0               MM               0.0
  SINCE MAR 1      0.0               MM               0.0
  SINCE JUL 1      5.0               MM               1.0

DEGREE DAYS
 HEATING
  YESTERDAY        0

 COOLING
  YESTERDAY        3
...........................................................


WIND (MPH)
  RESULTANT WIND SPEED   6   RESULTANT WIND DIRECTION   N (350)
  HIGHEST WIND SPEED    17   HIGHEST WIND DIRECTION     N (10)
  HIGHEST GUST SPEED    24   HIGHEST GUST DIRECTION     N (350)


SKY COVER
  POSSIBLE SUNSHINE  MM
  AVERAGE SKY COVER 0.0


WEATHER CONDITIONS
 THE FOLLOWING WEATHER WAS RECORDED YESTERDAY.
  HAZE


RELATIVE HUMIDITY (PERCENT)
 HIGHEST    66
 LOWEST     13
 AVERAGE    40

..........................................................


THE REDDING AIRPORT CA CLIMATE NORMALS FOR TODAY
                         NORMAL    RECORD    YEAR
 MAXIMUM TEMPERATURE (F)   71        91      2009
 MINIMUM TEMPERATURE (F)   47        39      1996


SUNRISE AND SUNSET
APRIL 19 2014.........SUNRISE   625 AM PDT   SUNSET   753 PM PDT
APRIL 20 2014.........SUNRISE   623 AM PDT   SUNSET   754 PM PDT


-  INDICATES NEGATIVE NUMBERS.
R  INDICATES RECORD WAS SET OR TIED.
MM INDICATES DATA IS MISSING.
T  INDICATES TRACE AMOUNT.






&&
....................................................................

REDDING CITY CLIMATE DATA FOR APRIL 18

CLIMATE RECORD PERIOD 1897-1986

RECORD HIGH..............     90 IN 1945
RECORD LOW...............     34 IN 1979

RECORD RAINFALL..........   1.55 IN 1965

$$
