000
CDUS46 KSTO 050834 RRA
CLIRDD

CLIMATE REPORT
NATIONAL WEATHER SERVICE SACRAMENTO, CA
133 AM PDT SUN JUL 5 2015


...................................

...THE REDDING AIRPORT CA CLIMATE SUMMARY FOR JULY 4 2015...

CLIMATE NORMAL PERIOD 1981 TO 2010
CLIMATE RECORD PERIOD 1986 TO 2015


WEATHER ITEM   OBSERVED RECORD YEAR NORMAL DEPARTURE LAST
                VALUE   VALUE       VALUE  FROM      YEAR
                                           NORMAL
...........................................................
TEMPERATURE (F)
 YESTERDAY
  MAXIMUM        106    114    1991  96     10      101
  MINIMUM         76     57    1992  66     10       68
  AVERAGE         91

PRECIPITATION (IN)
  YESTERDAY        0.00   0.11 2000   0.00   0.00     0.00
  MONTH TO DATE    0.00               0.01  -0.01     0.00
  SINCE OCT 1     23.04              33.72 -10.68    16.38
  SINCE JAN 1      6.79              20.87 -14.08    14.27

SNOWFALL (IN)
  YESTERDAY        0.0   MM      MM  MM               0.0
  MONTH TO DATE    0.0               MM               0.0
  SINCE JUN 1      0.0               MM               0.0
  SINCE JUL 1      0.0               MM               0.0

DEGREE DAYS
 HEATING
  YESTERDAY        0

 COOLING
  YESTERDAY       26
...........................................................


WIND (MPH)
  RESULTANT WIND SPEED   4   RESULTANT WIND DIRECTION   S (170)
  HIGHEST WIND SPEED    17   HIGHEST WIND DIRECTION     S (180)
  HIGHEST GUST SPEED    23   HIGHEST GUST DIRECTION     S (170)


SKY COVER
  POSSIBLE SUNSHINE  MM
  AVERAGE SKY COVER 0.0


WEATHER CONDITIONS
 THE FOLLOWING WEATHER WAS RECORDED YESTERDAY.
  NO SIGNIFICANT WEATHER WAS OBSERVED.


RELATIVE HUMIDITY (PERCENT)
 HIGHEST    60
 LOWEST     21
 AVERAGE    41

..........................................................


THE REDDING AIRPORT CA CLIMATE NORMALS FOR TODAY
                         NORMAL    RECORD    YEAR
 MAXIMUM TEMPERATURE (F)   97       112      2007
 MINIMUM TEMPERATURE (F)   66        58      2000


SUNRISE AND SUNSET
JULY  5 2015..........SUNRISE   545 AM PDT   SUNSET   843 PM PDT
JULY  6 2015..........SUNRISE   545 AM PDT   SUNSET   842 PM PDT


-  INDICATES NEGATIVE NUMBERS.
R  INDICATES RECORD WAS SET OR TIED.
MM INDICATES DATA IS MISSING.
T  INDICATES TRACE AMOUNT.

&&
....................................................................

REDDING CITY CLIMATE DATA FOR JULY 04

CLIMATE RECORD PERIOD 1897-1986

RECORD HIGH..............    112 IN 1984
RECORD LOW...............     52 IN 1948

RECORD RAINFALL..........   0.95 IN 1939

$$
