000
CDUS46 KSTO 171440
CLIRDD

CLIMATE REPORT
NATIONAL WEATHER SERVICE SACRAMENTO, CA
738 AM PDT WED SEP 17 2014


...................................

...THE REDDING AIRPORT CA CLIMATE SUMMARY FOR SEPTEMBER 16 2014...

CLIMATE NORMAL PERIOD 1981 TO 2010
CLIMATE RECORD PERIOD 1986 TO 2014


WEATHER ITEM   OBSERVED RECORD YEAR NORMAL DEPARTURE LAST
                VALUE   VALUE       VALUE  FROM      YEAR
                                           NORMAL
...........................................................
TEMPERATURE (F)
 YESTERDAY
  MAXIMUM         92    102    1991  91      1       89
  MINIMUM         59     47    2006  58      1       56
  AVERAGE         76

PRECIPITATION (IN)
  YESTERDAY        0.00   0.91 1989   0.02  -0.02     0.00
  MONTH TO DATE    0.00               0.30  -0.30     0.00
  SINCE JUL 1      0.21               0.57  -0.36      T
  SINCE JAN 1     14.48              21.43  -6.95     9.30

SNOWFALL (IN)
  YESTERDAY        0.0   MM      MM  MM               0.0
  MONTH TO DATE    0.0               MM               0.0
  SINCE SEP 1      0.0               MM               0.0
  SINCE JUL 1      0.0               MM               0.0

DEGREE DAYS
 HEATING
  YESTERDAY        0

 COOLING
  YESTERDAY       11
...........................................................


WIND (MPH)
  RESULTANT WIND SPEED   1   RESULTANT WIND DIRECTION  SW (220)
  HIGHEST WIND SPEED    10   HIGHEST WIND DIRECTION     S (180)
  HIGHEST GUST SPEED    15   HIGHEST GUST DIRECTION    NE (30)


SKY COVER
  POSSIBLE SUNSHINE  MM
  AVERAGE SKY COVER 0.0


WEATHER CONDITIONS
 THE FOLLOWING WEATHER WAS RECORDED YESTERDAY.
  NO SIGNIFICANT WEATHER WAS OBSERVED.


RELATIVE HUMIDITY (PERCENT)
 HIGHEST    60
 LOWEST     12
 AVERAGE    36

..........................................................


THE REDDING AIRPORT CA CLIMATE NORMALS FOR TODAY
                         NORMAL    RECORD    YEAR
 MAXIMUM TEMPERATURE (F)   90       109      1991
 MINIMUM TEMPERATURE (F)   58        48      2005


SUNRISE AND SUNSET
SEPTEMBER 17 2014.....SUNRISE   652 AM PDT   SUNSET   715 PM PDT
SEPTEMBER 18 2014.....SUNRISE   653 AM PDT   SUNSET   713 PM PDT


-  INDICATES NEGATIVE NUMBERS.
R  INDICATES RECORD WAS SET OR TIED.
MM INDICATES DATA IS MISSING.
T  INDICATES TRACE AMOUNT.

&&
....................................................................

REDDING CITY CLIMATE DATA FOR SEPTEMBER 16

CLIMATE RECORD PERIOD 1897-1986

RECORD HIGH..............    105 IN 1971
RECORD LOW...............     44 IN 1946

RECORD RAINFALL..........   1.02 IN 1977

$$
