000
CDUS46 KSTO 020837
CLIRDD

SFOCLIRDD 000
TTAA00 KSTO 020836


CLIMATE REPORT
NATIONAL WEATHER SERVICE SACRAMENTO, CA
1235 AM PST MON MAR 2 2015


...................................

...THE REDDING AIRPORT CA CLIMATE SUMMARY FOR MARCH 1 2015...

CLIMATE NORMAL PERIOD 1981 TO 2010
CLIMATE RECORD PERIOD 1986 TO 2015


WEATHER ITEM   OBSERVED RECORD YEAR NORMAL DEPARTURE LAST
                VALUE   VALUE       VALUE  FROM      YEAR
                                           NORMAL
...........................................................
TEMPERATURE (F)
 YESTERDAY
  MAXIMUM         68     77    2013  62      6       61
  MINIMUM         45     30    2007  42      3       48
  AVERAGE         57

PRECIPITATION (IN)
  YESTERDAY        0.00   1.15 1991   0.20  -0.20     0.63
  MONTH TO DATE    0.00               0.20  -0.20     0.63
  SINCE OCT 1     19.89              24.52  -4.63    11.24
  SINCE JAN 1      3.64              11.67  -8.03     9.13

SNOWFALL (IN)
  YESTERDAY        0.0   MM      MM  MM              MM
  MONTH TO DATE    0.0               MM              MM
  SINCE MAR 1      0.0               MM              MM
  SINCE JUL 1      0.0               MM               5.0

DEGREE DAYS
 HEATING
  YESTERDAY        8

 COOLING
  YESTERDAY        0
...........................................................


WIND (MPH)
  RESULTANT WIND SPEED  11   RESULTANT WIND DIRECTION   N (360)
  HIGHEST WIND SPEED    24   HIGHEST WIND DIRECTION     N (10)
  HIGHEST GUST SPEED    31   HIGHEST GUST DIRECTION     N (360)


SKY COVER
  POSSIBLE SUNSHINE  MM
  AVERAGE SKY COVER 0.0


WEATHER CONDITIONS
 THE FOLLOWING WEATHER WAS RECORDED YESTERDAY.
  NO SIGNIFICANT WEATHER WAS OBSERVED.


RELATIVE HUMIDITY (PERCENT)
 HIGHEST    56
 LOWEST     22
 AVERAGE    39

..........................................................


THE REDDING AIRPORT CA CLIMATE NORMALS FOR TODAY
                         NORMAL    RECORD    YEAR
 MAXIMUM TEMPERATURE (F)   63        73      1988
 MINIMUM TEMPERATURE (F)   42        32      2003


SUNRISE AND SUNSET
MARCH  2 2015.........SUNRISE   642 AM PST   SUNSET   602 PM PST
MARCH  3 2015.........SUNRISE   640 AM PST   SUNSET   603 PM PST


-  INDICATES NEGATIVE NUMBERS.
R  INDICATES RECORD WAS SET OR TIED.
MM INDICATES DATA IS MISSING.
T  INDICATES TRACE AMOUNT.




$$
