000
CDUS46 KSTO 220840 RRA
CLIRDD

CLIMATE REPORT
NATIONAL WEATHER SERVICE SACRAMENTO, CA
140 AM PDT MON MAY 22 2017


...................................

...THE REDDING AIRPORT CA CLIMATE SUMMARY FOR MAY 21 2017...

CLIMATE NORMAL PERIOD 1981 TO 2010
CLIMATE RECORD PERIOD 1986 TO 2017


WEATHER ITEM   OBSERVED RECORD YEAR NORMAL DEPARTURE LAST
                VALUE   VALUE       VALUE  FROM      YEAR
                                           NORMAL
...........................................................
TEMPERATURE (F)
 YESTERDAY
  MAXIMUM         97    100    2000  83     14       65
  MINIMUM         68     44    2010  55     13       52
  AVERAGE         83

PRECIPITATION (IN)
  YESTERDAY        0.00   0.71 1996   0.07  -0.07     0.06
  MONTH TO DATE    0.02               1.27  -1.25     0.81
  SINCE OCT 1     46.21              32.44  13.77    37.87
  SINCE JAN 1     27.48              19.59   7.89    28.01

SNOWFALL (IN)
  YESTERDAY        0.0   MM      MM  MM               0.0
  MONTH TO DATE    0.0               MM               0.0
  SINCE MAR 1      0.0               MM               0.0
  SINCE JUL 1      3.0               MM               0.0

DEGREE DAYS
 HEATING
  YESTERDAY        0

 COOLING
  YESTERDAY       18
...........................................................


WIND (MPH)
  RESULTANT WIND SPEED   7   RESULTANT WIND DIRECTION   N (350)
  HIGHEST WIND SPEED    16   HIGHEST WIND DIRECTION     N (10)
  HIGHEST GUST SPEED    22   HIGHEST GUST DIRECTION     N (360)


SKY COVER
  POSSIBLE SUNSHINE  MM
  AVERAGE SKY COVER 0.0


WEATHER CONDITIONS
 THE FOLLOWING WEATHER WAS RECORDED YESTERDAY.
  NO SIGNIFICANT WEATHER WAS OBSERVED.


RELATIVE HUMIDITY (PERCENT)
 HIGHEST    50
 LOWEST     11
 AVERAGE    31

..........................................................


THE REDDING AIRPORT CA CLIMATE NORMALS FOR TODAY
                         NORMAL    RECORD    YEAR
 MAXIMUM TEMPERATURE (F)   83       100      2001
 MINIMUM TEMPERATURE (F)   56        34      2010


SUNRISE AND SUNSET
MAY 22 2017...........SUNRISE   547 AM PDT   SUNSET   826 PM PDT
MAY 23 2017...........SUNRISE   546 AM PDT   SUNSET   827 PM PDT


-  INDICATES NEGATIVE NUMBERS.
R  INDICATES RECORD WAS SET OR TIED.
MM INDICATES DATA IS MISSING.
T  INDICATES TRACE AMOUNT.

&&
....................................................................

REDDING CITY CLIMATE DATA FOR MAY 21

CLIMATE RECORD PERIOD 1897-1986

RECORD HIGH..............    102 IN 1967
RECORD LOW...............     42 IN 1960
RECORD RAINFALL..........   2.36 IN 1939

$$
