000
CDUS46 KSTO 260039
CLIRDD

CLIMATE REPORT
NATIONAL WEATHER SERVICE SACRAMENTO, CA
535 PM PDT FRI JUL 25 2014


...................................

...THE REDDING AIRPORT CA CLIMATE SUMMARY FOR JULY 25 2014...
VALID TODAY AS OF 500 PM LOCAL TIME.

CLIMATE NORMAL PERIOD 1981 TO 2010
CLIMATE RECORD PERIOD 1986 TO 2014


WEATHER ITEM   OBSERVED RECORD YEAR NORMAL DEPARTURE LAST
                VALUE   VALUE       VALUE  FROM      YEAR
                                           NORMAL
...........................................................
TEMPERATURE (F)
 TODAY
  MAXIMUM        102    112    2006 100      2      107
  MINIMUM         75     57    1999  66      9       72
                               1994
                               1987
  AVERAGE         89

PRECIPITATION (IN)
  TODAY            0.00   0.00 2007   0.00   0.00     0.00
                               2006
                               2005
  MONTH TO DATE    0.09               0.07   0.02      T
  SINCE JUL 1      0.09               0.07   0.02      T
  SINCE JAN 1     14.36              20.93  -6.57     9.30

SNOWFALL (IN)
  TODAY            0.0   MM      MM  MM               0.0
  MONTH TO DATE    0.0               MM               0.0
  SINCE JUN 1      0.0               MM               0.0
  SINCE JUL 1      0.0               MM               0.0

DEGREE DAYS
 HEATING
  TODAY            0

 COOLING
  TODAY           24
...........................................................


WIND (MPH)
  RESULTANT WIND SPEED   5   RESULTANT WIND DIRECTION   N (340)
  HIGHEST WIND SPEED    15   HIGHEST WIND DIRECTION     N (360)
  HIGHEST GUST SPEED    19   HIGHEST GUST DIRECTION     N (360)


SKY COVER
  POSSIBLE SUNSHINE  MM
  AVERAGE SKY COVER 0.0


WEATHER CONDITIONS
 THE FOLLOWING WEATHER WAS RECORDED TODAY.
  NO SIGNIFICANT WEATHER WAS OBSERVED.


RELATIVE HUMIDITY (PERCENT)
 HIGHEST    29
 LOWEST      6
 AVERAGE    18

..........................................................


THE REDDING AIRPORT CA CLIMATE NORMALS FOR TOMORROW
                         NORMAL    RECORD    YEAR
 MAXIMUM TEMPERATURE (F)  100       110      2006
 MINIMUM TEMPERATURE (F)   66        58      1987


SUNRISE AND SUNSET
JULY 25 2014..........SUNRISE   600 AM PDT   SUNSET   831 PM PDT
JULY 26 2014..........SUNRISE   601 AM PDT   SUNSET   830 PM PDT


-  INDICATES NEGATIVE NUMBERS.
R  INDICATES RECORD WAS SET OR TIED.
MM INDICATES DATA IS MISSING.
T  INDICATES TRACE AMOUNT.

&&
....................................................................

REDDING CITY CLIMATE DATA FOR JULY 25

CLIMATE RECORD PERIOD 1897-1986

RECORD HIGH..............    114 IN 1973
RECORD LOW...............     53 IN 1983

RECORD RAINFALL..........   0.07 IN 1954

$$
