000
CDUS46 KSTO 170850 RRA
CLIRDD

CLIMATE REPORT
NATIONAL WEATHER SERVICE SACRAMENTO, CA
1248 AM PST WED JAN 17 2018


...................................

...THE REDDING AIRPORT CA CLIMATE SUMMARY FOR JANUARY 16 2018...

CLIMATE NORMAL PERIOD 1981 TO 2010
CLIMATE RECORD PERIOD 1986 TO 2018


WEATHER ITEM   OBSERVED RECORD YEAR NORMAL DEPARTURE LAST
                VALUE   VALUE       VALUE  FROM      YEAR
                                           NORMAL
...........................................................
TEMPERATURE (F)
 YESTERDAY
  MAXIMUM         62     80    2014  55      7       68
  MINIMUM         49     19    2012  36     13       30
  AVERAGE         56

PRECIPITATION (IN)
  YESTERDAY        0.14   2.07 1996   0.19  -0.05     0.00
  MONTH TO DATE    2.38               3.19  -0.81     7.08
  SINCE OCT 1      8.05              16.04  -7.99    25.81
  SINCE JAN 1      2.38               3.19  -0.81     7.08

SNOWFALL (IN)
  YESTERDAY       MM      0.0  2002  MM               0.0
  MONTH TO DATE    0.0               MM               3.0
  SINCE DEC 1      0.0               MM               3.0
  SINCE JUL 1      0.0               MM               3.0

DEGREE DAYS
 HEATING
  YESTERDAY        9

 COOLING
  YESTERDAY        0
...........................................................


WIND (MPH)
  RESULTANT WIND SPEED   2   RESULTANT WIND DIRECTION   N (340)
  HIGHEST WIND SPEED    13   HIGHEST WIND DIRECTION     E (70)
  HIGHEST GUST SPEED    17   HIGHEST GUST DIRECTION     E (70)


SKY COVER
  POSSIBLE SUNSHINE  MM
  AVERAGE SKY COVER 0.9


WEATHER CONDITIONS
 THE FOLLOWING WEATHER WAS RECORDED YESTERDAY.
  RAIN
  LIGHT RAIN
  FOG


RELATIVE HUMIDITY (PERCENT)
 HIGHEST   100
 LOWEST     69
 AVERAGE    85

..........................................................


THE REDDING AIRPORT CA CLIMATE NORMALS FOR TODAY
                         NORMAL    RECORD    YEAR
 MAXIMUM TEMPERATURE (F)   55        77      1994
 MINIMUM TEMPERATURE (F)   37        16      2012


SUNRISE AND SUNSET
JANUARY 17 2018.......SUNRISE   730 AM PST   SUNSET   510 PM PST
JANUARY 18 2018.......SUNRISE   729 AM PST   SUNSET   511 PM PST


-  INDICATES NEGATIVE NUMBERS.
R  INDICATES RECORD WAS SET OR TIED.
MM INDICATES DATA IS MISSING.
T  INDICATES TRACE AMOUNT.

&&
....................................................................

REDDING CITY CLIMATE DATA FOR JANUARY 16

CLIMATE RECORD PERIOD 1897-1986

RECORD HIGH..............     74 IN 1985
RECORD LOW...............     19 IN 1987

RECORD RAINFALL..........   3.08 IN 1974

$$

NNNN
