520
CDUS46 KSTO 170838 RRA
CLIRDD

CLIMATE REPORT
NATIONAL WEATHER SERVICE SACRAMENTO, CA
1238 AM PST TUE JAN 17 2017


...................................

...THE REDDING AIRPORT CA CLIMATE SUMMARY FOR JANUARY 16 2017...

CLIMATE NORMAL PERIOD 1981 TO 2010
CLIMATE RECORD PERIOD 1986 TO 2017


WEATHER ITEM   OBSERVED RECORD YEAR NORMAL DEPARTURE LAST
                VALUE   VALUE       VALUE  FROM      YEAR
                                           NORMAL
...........................................................
TEMPERATURE (F)
 YESTERDAY
  MAXIMUM         68     80    2014  55     13       50
  MINIMUM         30     19    2012  36     -6       44
  AVERAGE         49

PRECIPITATION (IN)
  YESTERDAY        0.00   2.07 1996   0.19  -0.19     0.77
  MONTH TO DATE    7.08               3.19   3.89     7.56
  SINCE OCT 1     25.81              16.04   9.77    17.42
  SINCE JAN 1      7.08               3.19   3.89     7.56

SNOWFALL (IN)
  YESTERDAY        0.0    0.0  2002  MM               0.0
  MONTH TO DATE    3.0               MM               0.0
  SINCE DEC 1      3.0               MM               0.0
  SINCE JUL 1      3.0               MM               0.0

DEGREE DAYS
 HEATING
  YESTERDAY       16

 COOLING
  YESTERDAY        0
...........................................................


WIND (MPH)
  RESULTANT WIND SPEED   1   RESULTANT WIND DIRECTION  NE (40)
  HIGHEST WIND SPEED    15   HIGHEST WIND DIRECTION    NE (30)
  HIGHEST GUST SPEED    19   HIGHEST GUST DIRECTION    NE (30)


SKY COVER
  POSSIBLE SUNSHINE  MM
  AVERAGE SKY COVER 0.1


WEATHER CONDITIONS
 THE FOLLOWING WEATHER WAS RECORDED YESTERDAY.
  FOG
  FOG W/VISIBILITY <= 1/4 MILE


RELATIVE HUMIDITY (PERCENT)
 HIGHEST   100
 LOWEST     20
 AVERAGE    60

..........................................................


THE REDDING AIRPORT CA CLIMATE NORMALS FOR TODAY
                         NORMAL    RECORD    YEAR
 MAXIMUM TEMPERATURE (F)   55        77      1994
 MINIMUM TEMPERATURE (F)   37        16      2012


SUNRISE AND SUNSET
JANUARY 17 2017.......SUNRISE   729 AM PST   SUNSET   510 PM PST
JANUARY 18 2017.......SUNRISE   729 AM PST   SUNSET   511 PM PST


-  INDICATES NEGATIVE NUMBERS.
R  INDICATES RECORD WAS SET OR TIED.
MM INDICATES DATA IS MISSING.
T  INDICATES TRACE AMOUNT.




&&
....................................................................

REDDING CITY CLIMATE DATA FOR JANUARY 16

CLIMATE RECORD PERIOD 1897-1986

RECORD HIGH..............     74 IN 1985
RECORD LOW...............     19 IN 1987

RECORD RAINFALL..........   3.08 IN 1974

$$

NNNN
