000
CDUS46 KSTO 010043
CLIRDD

CLIMATE REPORT
NATIONAL WEATHER SERVICE SACRAMENTO, CA
539 PM PDT MON AUG 31 2015


...................................

...THE REDDING AIRPORT CA CLIMATE SUMMARY FOR AUGUST 31 2015...
VALID TODAY AS OF 0500 PM LOCAL TIME.

CLIMATE NORMAL PERIOD 1981 TO 2010
CLIMATE RECORD PERIOD 1986 TO 2015


WEATHER ITEM   OBSERVED RECORD YEAR NORMAL DEPARTURE LAST
                VALUE   VALUE       VALUE  FROM      YEAR
                                           NORMAL
...........................................................
TEMPERATURE (F)
 TODAY
  MAXIMUM         97    111    1987  94      3       98
  MINIMUM         64     52    1995  61      3       65
  AVERAGE         81

PRECIPITATION (IN)
  TODAY            0.00   T    2000   0.01  -0.01     0.00
  MONTH TO DATE    T                  0.18  -0.18     0.12
  SINCE OCT 1     23.08              33.98 -10.90    16.59
  SINCE JAN 1      6.83              21.13 -14.30    14.48

SNOWFALL (IN)
  TODAY            0.0   MM      MM  MM               0.0
  MONTH TO DATE    0.0               MM               0.0
  SINCE JUN 1      0.0               MM               0.0
  SINCE JUL 1      0.0               MM               0.0

DEGREE DAYS
 HEATING
  TODAY            0

 COOLING
  TODAY           16
...........................................................


WIND (MPH)
  RESULTANT WIND SPEED   3   RESULTANT WIND DIRECTION   N (360)
  HIGHEST WIND SPEED    13   HIGHEST WIND DIRECTION     S (170)
  HIGHEST GUST SPEED    18   HIGHEST GUST DIRECTION     N (360)


SKY COVER
  POSSIBLE SUNSHINE  MM
  AVERAGE SKY COVER 0.0


WEATHER CONDITIONS
 THE FOLLOWING WEATHER WAS RECORDED TODAY.
  NO SIGNIFICANT WEATHER WAS OBSERVED.


RELATIVE HUMIDITY (PERCENT)
 HIGHEST    52
 LOWEST     13
 AVERAGE    33

..........................................................


THE REDDING AIRPORT CA CLIMATE NORMALS FOR TOMORROW
                         NORMAL    RECORD    YEAR
 MAXIMUM TEMPERATURE (F)   94       110      1998
                                             1988
 MINIMUM TEMPERATURE (F)   61        54      2012


SUNRISE AND SUNSET
AUGUST 31 2015........SUNRISE   635 AM PDT   SUNSET   743 PM PDT
SEPTEMBER  1 2015.....SUNRISE   636 AM PDT   SUNSET   741 PM PDT


-  INDICATES NEGATIVE NUMBERS.
R  INDICATES RECORD WAS SET OR TIED.
MM INDICATES DATA IS MISSING.
T  INDICATES TRACE AMOUNT.




&&
....................................................................

REDDING CITY CLIMATE DATA FOR AUGUST 31

CLIMATE RECORD PERIOD 1897-1986

RECORD HIGH..............    108 IN 1968
RECORD LOW...............     51 IN 1952

RECORD RAINFALL..........   0.25 IN 1983

$$

NNNN
