262
CDUS46 KSTO 070836 RRA
CLIRDD

CLIMATE REPORT
NATIONAL WEATHER SERVICE SACRAMENTO, CA
1236 AM PST WED DEC 7 2016


...................................

...THE REDDING AIRPORT CA CLIMATE SUMMARY FOR DECEMBER 6 2016...

CLIMATE NORMAL PERIOD 1981 TO 2010
CLIMATE RECORD PERIOD 1986 TO 2016


WEATHER ITEM   OBSERVED RECORD YEAR NORMAL DEPARTURE LAST
                VALUE   VALUE       VALUE  FROM      YEAR
                                           NORMAL
...........................................................
TEMPERATURE (F)
 YESTERDAY
  MAXIMUM         54     69    1989  56     -2       49
  MINIMUM         29     20    2013  37     -8       45
                               2009
  AVERAGE         42

PRECIPITATION (IN)
  YESTERDAY        0.00   2.35 1992   0.19  -0.19     0.84
  MONTH TO DATE    0.00               1.10  -1.10     1.63
  SINCE OCT 1     12.70               7.68   5.02     3.28
  SINCE JAN 1     43.33              29.45  13.88    10.66

SNOWFALL (IN)
  YESTERDAY        0.0   MM      MM  MM              MM
  MONTH TO DATE    0.0               MM               0.0
  SINCE DEC 1      0.0               MM               0.0
  SINCE JUL 1      0.0               MM               0.0

DEGREE DAYS
 HEATING
  YESTERDAY       23

 COOLING
  YESTERDAY        0
...........................................................


WIND (MPH)
  RESULTANT WIND SPEED   2   RESULTANT WIND DIRECTION   N (10)
  HIGHEST WIND SPEED    10   HIGHEST WIND DIRECTION     N (10)
  HIGHEST GUST SPEED    13   HIGHEST GUST DIRECTION     N (360)


SKY COVER
  POSSIBLE SUNSHINE  MM
  AVERAGE SKY COVER 0.2


WEATHER CONDITIONS
 THE FOLLOWING WEATHER WAS RECORDED YESTERDAY.
  NO SIGNIFICANT WEATHER WAS OBSERVED.


RELATIVE HUMIDITY (PERCENT)
 HIGHEST    92
 LOWEST     50
 AVERAGE    71

..........................................................


THE REDDING AIRPORT CA CLIMATE NORMALS FOR TODAY
                         NORMAL    RECORD    YEAR
 MAXIMUM TEMPERATURE (F)   56        66      2002
                                             1988
 MINIMUM TEMPERATURE (F)   37        27      1998
                                             1994


SUNRISE AND SUNSET
DECEMBER  7 2016......SUNRISE   720 AM PST   SUNSET   442 PM PST
DECEMBER  8 2016......SUNRISE   720 AM PST   SUNSET   442 PM PST


-  INDICATES NEGATIVE NUMBERS.
R  INDICATES RECORD WAS SET OR TIED.
MM INDICATES DATA IS MISSING.
T  INDICATES TRACE AMOUNT.

&&
....................................................................

REDDING CITY CLIMATE DATA FOR DECEMBER 06

CLIMATE RECORD PERIOD 1897-1986

RECORD HIGH..............     80 IN 1925
RECORD LOW...............     25 IN 1916

RECORD RAINFALL..........   2.28 IN 1952

$$
