000
CDUS41 KPHI 180548
CLIRDG


CLIMATE REPORT
NATIONAL WEATHER SERVICE MOUNT HOLLY NJ
1248 AM EST SAT NOV 18 2017


...................................

...THE READING PA CLIMATE SUMMARY FOR NOVEMBER 17 2017...

CLIMATE NORMAL PERIOD 1981 TO 2010
CLIMATE RECORD PERIOD 1869 TO 2017


WEATHER ITEM   OBSERVED TIME   RECORD YEAR NORMAL DEPARTURE LAST
                VALUE   (LST)  VALUE       VALUE  FROM      YEAR
                                                  NORMAL
..................................................................
TEMPERATURE (F)
 YESTERDAY
  MAXIMUM         49    322 PM  73    1928  53     -4       60
  MINIMUM         30   1128 PM  17    1933  34     -4       37
  AVERAGE         40                        44     -4       49

PRECIPITATION (IN)
  YESTERDAY        0.00          2.47 1935   0.11  -0.11     0.00
  MONTH TO DATE    1.00                      1.82  -0.82     0.39
  SINCE SEP 1      7.54                      9.38  -1.84     5.92
  SINCE JAN 1     40.98                     38.34   2.64    30.43

DEGREE DAYS
 HEATING
  YESTERDAY       25                        21      4       16
  MONTH TO DATE  353                       317     36      283
  SINCE SEP 1    601                       750   -149      584
  SINCE JUL 1    605                       755   -150      584

 COOLING
  YESTERDAY        0                         0      0        0
  MONTH TO DATE    0                         0      0        0
  SINCE SEP 1    197                        93    104      214
  SINCE JAN 1   1086                       896    190     1356
..................................................................


WIND (MPH)
  HIGHEST WIND SPEED    24   HIGHEST WIND DIRECTION    NW (330)
  HIGHEST GUST SPEED    29   HIGHEST GUST DIRECTION    NW (330)
  AVERAGE WIND SPEED     9.2


SKY COVER
  POSSIBLE SUNSHINE  MM
  AVERAGE SKY COVER 0.3


WEATHER CONDITIONS
 THE FOLLOWING WEATHER WAS RECORDED YESTERDAY.
  NO SIGNIFICANT WEATHER WAS OBSERVED.


RELATIVE HUMIDITY (PERCENT)
 HIGHEST    85          1100 PM
 LOWEST     39           200 PM
 AVERAGE    62

..........................................................


THE READING PA CLIMATE NORMALS FOR TODAY
                         NORMAL    RECORD    YEAR
 MAXIMUM TEMPERATURE (F)   53        78      1921
 MINIMUM TEMPERATURE (F)   34        19      1959
                                             1936
                                             1924


SUNRISE AND SUNSET
NOVEMBER 18 2017......SUNRISE   654 AM EST   SUNSET   444 PM EST
NOVEMBER 19 2017......SUNRISE   655 AM EST   SUNSET   444 PM EST


-  INDICATES NEGATIVE NUMBERS.
R  INDICATES RECORD WAS SET OR TIED.
MM INDICATES DATA IS MISSING.
T  INDICATES TRACE AMOUNT.




$$
