000
CDUS41 KPHI 270632
CLIRDG


CLIMATE REPORT
NATIONAL WEATHER SERVICE MOUNT HOLLY NJ
230 AM EDT FRI MAY 27 2016


...................................

...THE READING PA CLIMATE SUMMARY FOR MAY 26 2016...

CLIMATE NORMAL PERIOD 1981 TO 2010
CLIMATE RECORD PERIOD 1869 TO 2016


WEATHER ITEM   OBSERVED TIME   RECORD YEAR NORMAL DEPARTURE LAST
                VALUE   (LST)  VALUE       VALUE  FROM      YEAR
                                                  NORMAL
..................................................................
TEMPERATURE (F)
 YESTERDAY
  MAXIMUM         89    344 PM  94    1914  75     14       90
  MINIMUM         58    508 AM  38    1972  53      5       62
  AVERAGE         74                        64     10       76

PRECIPITATION (IN)
  YESTERDAY        0.00          1.84 1997   0.18  -0.18     0.00
  MONTH TO DATE    3.12                      3.42  -0.30     0.44
  SINCE MAR 1      5.93                     10.67  -4.74     6.95
  SINCE JAN 1     12.74                     16.20  -3.46    10.69

SNOWFALL (IN)
  YESTERDAY       MM            MM      MM  MM     MM       MM
  MONTH TO DATE   MM                        MM     MM       MM
  SINCE MAR 1     MM                        MM     MM       MM
  SINCE JUL 1     MM                        MM     MM       MM
  SNOW DEPTH      MM

DEGREE DAYS
 HEATING
  YESTERDAY        0                         3     -3        0
  MONTH TO DATE  192                       156     36       68
  SINCE MAR 1   1147                      1312   -165     1357
  SINCE JUL 1   4494                      5354   -860     5662

 COOLING
  YESTERDAY        9                         3      6       11
  MONTH TO DATE   17                        38    -21       98
  SINCE MAR 1     30                        47    -17       98
  SINCE JAN 1     30                        47    -17       98
..................................................................


WIND (MPH)
  HIGHEST WIND SPEED    16   HIGHEST WIND DIRECTION    SW (220)
  HIGHEST GUST SPEED    21   HIGHEST GUST DIRECTION    SW (230)
  AVERAGE WIND SPEED     4.8


SKY COVER
  POSSIBLE SUNSHINE  MM
  AVERAGE SKY COVER 0.2


WEATHER CONDITIONS
 THE FOLLOWING WEATHER WAS RECORDED YESTERDAY.
  HAZE


RELATIVE HUMIDITY (PERCENT)
 HIGHEST    86           500 AM
 LOWEST     29           100 PM
 AVERAGE    58

..........................................................


THE READING PA CLIMATE NORMALS FOR TODAY
                         NORMAL    RECORD    YEAR
 MAXIMUM TEMPERATURE (F)   76        93      1914
 MINIMUM TEMPERATURE (F)   54        35      1972


SUNRISE AND SUNSET
MAY 27 2016...........SUNRISE   538 AM EDT   SUNSET   824 PM EDT
MAY 28 2016...........SUNRISE   538 AM EDT   SUNSET   825 PM EDT


-  INDICATES NEGATIVE NUMBERS.
R  INDICATES RECORD WAS SET OR TIED.
MM INDICATES DATA IS MISSING.
T  INDICATES TRACE AMOUNT.




$$
