000
CDUS41 KPHI 250630
CLIRDG


CLIMATE REPORT
NATIONAL WEATHER SERVICE MOUNT HOLLY NJ
127 AM EST THU DEC 25 2014


...................................

...THE READING PA CLIMATE SUMMARY FOR DECEMBER 24 2014...

CLIMATE NORMAL PERIOD 1981 TO 2010
CLIMATE RECORD PERIOD 1869 TO 2014


WEATHER ITEM   OBSERVED TIME   RECORD YEAR NORMAL DEPARTURE LAST
                VALUE   (LST)  VALUE       VALUE  FROM      YEAR
                                                  NORMAL
..................................................................
TEMPERATURE (F)
 YESTERDAY
  MAXIMUM         60   1159 PM  63    1990  39     21       38
  MINIMUM         44    408 AM  -1    1989  24     20       24
                                      1983
  AVERAGE         52                        32     20       31

PRECIPITATION (IN)
  YESTERDAY        0.76          1.32 2008   0.10   0.66      T
  MONTH TO DATE    2.77                      2.63   0.14     2.40
  SINCE DEC 1      2.77                      2.63   0.14     2.40
  SINCE JAN 1     41.68                     42.61  -0.93    39.78

SNOWFALL (IN)
  YESTERDAY       MM            MM      MM  MM     MM       MM
  MONTH TO DATE   MM                        MM     MM       MM
  SINCE DEC 1     MM                        MM     MM       MM
  SINCE JUL 1     MM                        MM     MM       MM
  SNOW DEPTH      MM

DEGREE DAYS
 HEATING
  YESTERDAY       13                        33    -20       34
  MONTH TO DATE  668                       726    -58      712
  SINCE DEC 1    668                       726    -58      712
  SINCE JUL 1   1683                      1793   -110     1761

 COOLING
  YESTERDAY        0                         0      0        0
  MONTH TO DATE    0                         0      0        0
  SINCE DEC 1      0                         0      0        0
  SINCE JAN 1    962                       896     66     1124
..................................................................


WIND (MPH)
  HIGHEST WIND SPEED    24   HIGHEST WIND DIRECTION     S (200)
  HIGHEST GUST SPEED    31   HIGHEST GUST DIRECTION     S (190)
  AVERAGE WIND SPEED     5.1


SKY COVER
  POSSIBLE SUNSHINE  MM
  AVERAGE SKY COVER 1.0


WEATHER CONDITIONS
 THE FOLLOWING WEATHER WAS RECORDED YESTERDAY.
  RAIN
  LIGHT RAIN
  FOG
  FOG W/VISIBILITY <= 1/4 MILE


RELATIVE HUMIDITY (PERCENT)
 HIGHEST   100           700 PM
 LOWEST     89           200 PM
 AVERAGE    95

..........................................................


THE READING PA CLIMATE NORMALS FOR TODAY
                         NORMAL    RECORD    YEAR
 MAXIMUM TEMPERATURE (F)   39        68      1964
 MINIMUM TEMPERATURE (F)   24        -4      1980


SUNRISE AND SUNSET
DECEMBER 25 2014......SUNRISE   725 AM EST   SUNSET   443 PM EST
DECEMBER 26 2014......SUNRISE   725 AM EST   SUNSET   444 PM EST


-  INDICATES NEGATIVE NUMBERS.
R  INDICATES RECORD WAS SET OR TIED.
MM INDICATES DATA IS MISSING.
T  INDICATES TRACE AMOUNT.




$$
