000
CDUS41 KPHI 242128
CLIRDG


CLIMATE REPORT
NATIONAL WEATHER SERVICE MOUNT HOLLY NJ
526 PM EDT MON APR 24 2017


...................................

...THE READING PA CLIMATE SUMMARY FOR APRIL 24 2017...
VALID TODAY AS OF 0500 PM LOCAL TIME.

CLIMATE NORMAL PERIOD 1981 TO 2010
CLIMATE RECORD PERIOD 1869 TO 2017


WEATHER ITEM   OBSERVED TIME   RECORD YEAR NORMAL DEPARTURE LAST
                VALUE   (LST)  VALUE       VALUE  FROM      YEAR
                                                  NORMAL
..................................................................
TEMPERATURE (F)
 TODAY
  MAXIMUM         61   1250 PM  90    1960  66     -5       68
  MINIMUM         46    206 AM  29    1989  43      3       36
                                      1971
                                      1930
  AVERAGE         54                        54      0       52

PRECIPITATION (IN)
  TODAY            0.03          2.00 1968   0.11  -0.08     0.00
  MONTH TO DATE    1.88                      3.10  -1.22     1.47
  SINCE MAR 1      5.90                      6.58  -0.68     2.51
  SINCE JAN 1      9.29                     12.11  -2.82     9.32

DEGREE DAYS
 HEATING
  TODAY           11                        11      0       13
  MONTH TO DATE  218                       351   -133      359
  SINCE MAR 1   1012                      1094    -82      892
  SINCE JUL 1   4374                      5136   -762     4239

 COOLING
  TODAY            0                         0      0        0
  MONTH TO DATE    7                         0      7        6
  SINCE MAR 1      7                         0      7        9
  SINCE JAN 1      7                         0      7        9
..................................................................


WIND (MPH)
  HIGHEST WIND SPEED    13   HIGHEST WIND DIRECTION    SE (120)
  HIGHEST GUST SPEED    17   HIGHEST GUST DIRECTION    SE (130)
  AVERAGE WIND SPEED     2.4


SKY COVER
  POSSIBLE SUNSHINE  MM
  AVERAGE SKY COVER 0.6


WEATHER CONDITIONS
 THE FOLLOWING WEATHER WAS RECORDED TODAY.
  LIGHT RAIN


RELATIVE HUMIDITY (PERCENT)
 HIGHEST    93           200 AM
 LOWEST     62           400 PM
 AVERAGE    78

..........................................................


THE READING PA CLIMATE NORMALS FOR TOMORROW
                         NORMAL    RECORD    YEAR
 MAXIMUM TEMPERATURE (F)   66        94      1915
 MINIMUM TEMPERATURE (F)   43        31      2015
                                             1999
                                             1956


SUNRISE AND SUNSET
APRIL 24 2017.........SUNRISE   612 AM EDT   SUNSET   752 PM EDT
APRIL 25 2017.........SUNRISE   611 AM EDT   SUNSET   753 PM EDT


-  INDICATES NEGATIVE NUMBERS.
R  INDICATES RECORD WAS SET OR TIED.
MM INDICATES DATA IS MISSING.
T  INDICATES TRACE AMOUNT.




$$
