000
CDUS41 KPHI 200548
CLIRDG


CLIMATE REPORT
NATIONAL WEATHER SERVICE MOUNT HOLLY NJ
1245 AM EST SAT JAN 20 2018


...................................

...THE READING PA CLIMATE SUMMARY FOR JANUARY 19 2018...

CLIMATE NORMAL PERIOD 1981 TO 2010
CLIMATE RECORD PERIOD 1869 TO 2018


WEATHER ITEM   OBSERVED TIME   RECORD YEAR NORMAL DEPARTURE LAST
                VALUE   (LST)  VALUE       VALUE  FROM      YEAR
                                                  NORMAL
..................................................................
TEMPERATURE (F)
 YESTERDAY
  MAXIMUM         40    408 PM  65    1951  37      3       49
  MINIMUM         11    650 AM -13    1994  21    -10       32
  AVERAGE         26                        29     -3       41

PRECIPITATION (IN)
  YESTERDAY        0.00          1.08 1936   0.10  -0.10     0.00
  MONTH TO DATE    1.77                      2.01  -0.24     1.59
  SINCE DEC 1      3.29                      5.30  -2.01     3.72
  SINCE JAN 1      1.77                      2.01  -0.24     1.59

DEGREE DAYS
 HEATING
  YESTERDAY       39                        36      3       24
  MONTH TO DATE  782                       669    113      601
  SINCE DEC 1   1804                      1633    171     1517
  SINCE JUL 1   2708                      2700      8     2371

 COOLING
  YESTERDAY        0                         0      0        0
  MONTH TO DATE    0                         0      0        0
  SINCE DEC 1      0                         0      0        0
  SINCE JAN 1      0                         0      0        0
..................................................................


WIND (MPH)
  HIGHEST WIND SPEED    17   HIGHEST WIND DIRECTION     W (260)
  HIGHEST GUST SPEED    20   HIGHEST GUST DIRECTION     W (260)
  AVERAGE WIND SPEED     3.1


SKY COVER
  POSSIBLE SUNSHINE  MM
  AVERAGE SKY COVER 0.0


WEATHER CONDITIONS
 THE FOLLOWING WEATHER WAS RECORDED YESTERDAY.
  NO SIGNIFICANT WEATHER WAS OBSERVED.


RELATIVE HUMIDITY (PERCENT)
 HIGHEST    92           600 AM
 LOWEST     44          1200 PM
 AVERAGE    68

..........................................................


THE READING PA CLIMATE NORMALS FOR TODAY
                         NORMAL    RECORD    YEAR
 MAXIMUM TEMPERATURE (F)   38        68      1951
 MINIMUM TEMPERATURE (F)   21       -11      1994


SUNRISE AND SUNSET
JANUARY 20 2018.......SUNRISE   722 AM EST   SUNSET   508 PM EST
JANUARY 21 2018.......SUNRISE   722 AM EST   SUNSET   509 PM EST


-  INDICATES NEGATIVE NUMBERS.
R  INDICATES RECORD WAS SET OR TIED.
MM INDICATES DATA IS MISSING.
T  INDICATES TRACE AMOUNT.




$$
