000
CDUS46 KPDT 220834
CLIRDM

CLIMATE REPORT
NATIONAL WEATHER SERVICE PENDLETON OR
133 AM PDT FRI AUG 22 2014


...................................

...THE REDMOND OR CLIMATE SUMMARY FOR AUGUST 21 2014...

CLIMATE NORMAL PERIOD 1981 TO 2010
CLIMATE RECORD PERIOD 1949 TO 2014


WEATHER ITEM   OBSERVED TIME   RECORD YEAR NORMAL DEPARTURE LAST
                VALUE   (LST)  VALUE       VALUE  FROM      YEAR
                                                  NORMAL
..................................................................
TEMPERATURE (F)
 YESTERDAY
  MAXIMUM         81    342 PM  96    1961  84     -3       88
  MINIMUM         42    558 AM  34    1985  44     -2       48
  AVERAGE         62                        64     -2       68

PRECIPITATION (IN)
  YESTERDAY        0.00          0.39 1965   0.02  -0.02     0.00
  MONTH TO DATE    0.90                      0.34   0.56     0.10
  SINCE OCT 1      5.65                      8.33  -2.68     5.93
  SINCE JAN 1      4.94                      5.57  -0.63     2.02

DEGREE DAYS
 HEATING
  YESTERDAY        3                         3      0        0
  MONTH TO DATE    9                        44    -35       11
  SINCE JUN 1    263                       330    -67      216
  SINCE JUL 1     40                       113    -73       31

 COOLING
  YESTERDAY        0                         2     -2        3
  MONTH TO DATE   96                        65     31       78
  SINCE JUN 1    290                       186    104      284
  SINCE JAN 1    290                       191     99      293
..................................................................


WIND (MPH)
  RESULTANT WIND SPEED   1   RESULTANT WIND DIRECTION   W (290)
  HIGHEST WIND SPEED    22   HIGHEST WIND DIRECTION    NW (330)
  HIGHEST GUST SPEED    29   HIGHEST GUST DIRECTION     N (340)
  AVERAGE WIND SPEED     6.5


SKY COVER
  POSSIBLE SUNSHINE  MM
  AVERAGE SKY COVER 0.0


WEATHER CONDITIONS
THE FOLLOWING WEATHER WAS RECORDED YESTERDAY.
  NO SIGNIFICANT WEATHER WAS OBSERVED.


RELATIVE HUMIDITY (PERCENT)
 HIGHEST    83           200 AM
 LOWEST     13          1200 PM
 AVERAGE    48

..........................................................


THE REDMOND OR CLIMATE NORMALS FOR TODAY
                         NORMAL    RECORD    YEAR
 MAXIMUM TEMPERATURE (F)   84        98      1961
 MINIMUM TEMPERATURE (F)   44        31      1960


SUNRISE AND SUNSET
AUGUST 22 2014........SUNRISE   616 AM PDT   SUNSET   758 PM PDT
AUGUST 23 2014........SUNRISE   617 AM PDT   SUNSET   756 PM PDT


-  INDICATES NEGATIVE NUMBERS.
R  INDICATES RECORD WAS SET OR TIED.
MM INDICATES DATA IS MISSING.
T  INDICATES TRACE AMOUNT.




$$
