000
CDUS46 KPDT 200828 RRA
CLIRDM

CLIMATE REPORT
NATIONAL WEATHER SERVICE PENDLETON OR
1227 AM PST MON NOV 20 2017


...................................

...THE REDMOND OR CLIMATE SUMMARY FOR NOVEMBER 19 2017...

CLIMATE NORMAL PERIOD 1981 TO 2010
CLIMATE RECORD PERIOD 1949 TO 2017


WEATHER ITEM   OBSERVED TIME   RECORD YEAR NORMAL DEPARTURE LAST
                VALUE   (LST)  VALUE       VALUE  FROM      YEAR
                                                  NORMAL
..................................................................
TEMPERATURE (F)
 YESTERDAY
  MAXIMUM         56    248 PM  67    1989  47      9       55
  MINIMUM         22    736 AM  -2    1977  25     -3       33
  AVERAGE         39                        36      3       44

PRECIPITATION (IN)
  YESTERDAY        0.00          0.51 1955   0.03  -0.03     0.00
  MONTH TO DATE    0.36                      0.59  -0.23     0.19
  SINCE OCT 1      0.88                      1.23  -0.35     1.93
  SINCE JAN 1      6.35                      7.37  -1.02     7.47

DEGREE DAYS
 HEATING
  YESTERDAY       26                        29     -3       21
  MONTH TO DATE  507                       490     17      325
  SINCE SEP 1   1318                      1286     32     1089
  SINCE JUL 1   1341                      1435    -94     1178

 COOLING
  YESTERDAY        0                         0      0        0
  MONTH TO DATE    0                         0      0        0
  SINCE SEP 1     56                        16     40        1
  SINCE JAN 1    434                       222    212      240
..................................................................


WIND (MPH)
  RESULTANT WIND SPEED   9   RESULTANT WIND DIRECTION   S (170)
  HIGHEST WIND SPEED    29   HIGHEST WIND DIRECTION     S (190)
  HIGHEST GUST SPEED    42   HIGHEST GUST DIRECTION     S (180)
  AVERAGE WIND SPEED    10.7


SKY COVER
  POSSIBLE SUNSHINE  MM
  AVERAGE SKY COVER 0.0


WEATHER CONDITIONS
 THE FOLLOWING WEATHER WAS RECORDED YESTERDAY.
  NO SIGNIFICANT WEATHER WAS OBSERVED.


RELATIVE HUMIDITY (PERCENT)
 HIGHEST    81           600 AM
 LOWEST     26           300 PM
 AVERAGE    54

..........................................................


THE REDMOND OR CLIMATE NORMALS FOR TODAY
                         NORMAL    RECORD    YEAR
 MAXIMUM TEMPERATURE (F)   47        74      2002
 MINIMUM TEMPERATURE (F)   25       -10      1977


SUNRISE AND SUNSET
NOVEMBER 20 2017......SUNRISE   707 AM PST   SUNSET   433 PM PST
NOVEMBER 21 2017......SUNRISE   709 AM PST   SUNSET   432 PM PST


-  INDICATES NEGATIVE NUMBERS.
R  INDICATES RECORD WAS SET OR TIED.
MM INDICATES DATA IS MISSING.
T  INDICATES TRACE AMOUNT.




$$
