000
CDUS46 KPDT 040916 RRA
CLIRDM

CLIMATE REPORT
NATIONAL WEATHER SERVICE PENDLETON OR
104 AM PST SUN DEC 4 2016


...................................

...THE REDMOND OR CLIMATE SUMMARY FOR DECEMBER 3 2016...

CLIMATE NORMAL PERIOD 1981 TO 2010
CLIMATE RECORD PERIOD 1949 TO 2016


WEATHER ITEM   OBSERVED TIME   RECORD YEAR NORMAL DEPARTURE LAST
                VALUE   (LST)  VALUE       VALUE  FROM      YEAR
                                                  NORMAL
..................................................................
TEMPERATURE (F)
 YESTERDAY
  MAXIMUM         49    154 PM  67    1965  42      7       MM
  MINIMUM         27    828 PM  -1    1992  22      5       MM
  AVERAGE         38                        32      6       MM

PRECIPITATION (IN)
  YESTERDAY        0.00          0.16 1950   0.04  -0.04      T
  MONTH TO DATE    T                         0.12  -0.12     0.10
  SINCE OCT 1      2.01                      1.72   0.29     1.79
  SINCE JAN 1      7.55                      7.86  -0.31     6.35

DEGREE DAYS
 HEATING
  YESTERDAY       27                        33     -6       MM
  MONTH TO DATE   94                        99     -5       50
  SINCE DEC 1     94                        99     -5       50
  SINCE JUL 1   1558                      1873   -315     1768

 COOLING
  YESTERDAY        0                         0      0       MM
  MONTH TO DATE    0                         0      0        0
  SINCE DEC 1      0                         0      0        0
  SINCE JAN 1    240                       222     18      363
..................................................................


WIND (MPH)
  RESULTANT WIND SPEED   3   RESULTANT WIND DIRECTION   W (260)
  HIGHEST WIND SPEED    21   HIGHEST WIND DIRECTION    NW (300)
  HIGHEST GUST SPEED    25   HIGHEST GUST DIRECTION    NW (310)
  AVERAGE WIND SPEED     6.2


SKY COVER
  POSSIBLE SUNSHINE  MM
  AVERAGE SKY COVER 0.1


WEATHER CONDITIONS
 THE FOLLOWING WEATHER WAS RECORDED YESTERDAY.
  NO SIGNIFICANT WEATHER WAS OBSERVED.


RELATIVE HUMIDITY (PERCENT)
 HIGHEST    82           100 AM
 LOWEST     39           200 PM
 AVERAGE    61

..........................................................


THE REDMOND OR CLIMATE NORMALS FOR TODAY
                         NORMAL    RECORD    YEAR
 MAXIMUM TEMPERATURE (F)   42        65      1989
 MINIMUM TEMPERATURE (F)   22        -9      1972


SUNRISE AND SUNSET
DECEMBER  4 2016......SUNRISE   724 AM PST   SUNSET   426 PM PST
DECEMBER  5 2016......SUNRISE   725 AM PST   SUNSET   426 PM PST


-  INDICATES NEGATIVE NUMBERS.
R  INDICATES RECORD WAS SET OR TIED.
MM INDICATES DATA IS MISSING.
T  INDICATES TRACE AMOUNT.




$$
