572
CDUS46 KPDT 290831 RRA
CLIRDM

CLIMATE REPORT
NATIONAL WEATHER SERVICE PENDLETON OR
131 AM PDT MON AUG 29 2016


...................................

...THE REDMOND OR CLIMATE SUMMARY FOR AUGUST 28 2016...

CLIMATE NORMAL PERIOD 1981 TO 2010
CLIMATE RECORD PERIOD 1949 TO 2016


WEATHER ITEM   OBSERVED TIME   RECORD YEAR NORMAL DEPARTURE LAST
                VALUE   (LST)  VALUE       VALUE  FROM      YEAR
                                                  NORMAL
..................................................................
TEMPERATURE (F)
 YESTERDAY
  MAXIMUM         93    413 PM 101    1998  82     11       84
  MINIMUM         47    536 AM  25    1960  43      4       56
  AVERAGE         70                        62      8       70

PRECIPITATION (IN)
  YESTERDAY        0.00          0.36 1953   0.02  -0.02     0.00
  MONTH TO DATE    0.02                      0.45  -0.43     0.01
  SINCE OCT 1      9.06                      8.44   0.62     8.76
  SINCE JAN 1      5.49                      5.68  -0.19     4.48

DEGREE DAYS
 HEATING
  YESTERDAY        0                         4     -4        0
  MONTH TO DATE   37                        68    -31       27
  SINCE JUN 1    263                       354    -91      152
  SINCE JUL 1     86                       137    -51       75

 COOLING
  YESTERDAY        5                         1      4        5
  MONTH TO DATE   85                        77      8      105
  SINCE JUN 1    225                       198     27      346
  SINCE JAN 1    228                       203     25      355
..................................................................


WIND (MPH)
  RESULTANT WIND SPEED   2   RESULTANT WIND DIRECTION   N (20)
  HIGHEST WIND SPEED    18   HIGHEST WIND DIRECTION    NW (320)
  HIGHEST GUST SPEED    24   HIGHEST GUST DIRECTION    NW (300)
  AVERAGE WIND SPEED     6.8


SKY COVER
  POSSIBLE SUNSHINE  MM
  AVERAGE SKY COVER 0.0


WEATHER CONDITIONS
 THE FOLLOWING WEATHER WAS RECORDED YESTERDAY.
  HAZE


RELATIVE HUMIDITY (PERCENT)
 HIGHEST    56           600 AM
 LOWEST     13           300 PM
 AVERAGE    35

..........................................................


THE REDMOND OR CLIMATE NORMALS FOR TODAY
                         NORMAL    RECORD    YEAR
 MAXIMUM TEMPERATURE (F)   82       100      1998
 MINIMUM TEMPERATURE (F)   43        31      1969


SUNRISE AND SUNSET
AUGUST 29 2016........SUNRISE   625 AM PDT   SUNSET   745 PM PDT
AUGUST 30 2016........SUNRISE   626 AM PDT   SUNSET   743 PM PDT


-  INDICATES NEGATIVE NUMBERS.
R  INDICATES RECORD WAS SET OR TIED.
MM INDICATES DATA IS MISSING.
T  INDICATES TRACE AMOUNT.


$$
