000
CDUS46 KPDT 290042
CLIRDM

CLIMATE REPORT
NATIONAL WEATHER SERVICE PENDLETON OR
427 PM PST FRI NOV 28 2014


...................................

...THE REDMOND OR CLIMATE SUMMARY FOR NOVEMBER 28 2014...
VALID TODAY AS OF 0400 PM LOCAL TIME.

CLIMATE NORMAL PERIOD 1981 TO 2010
CLIMATE RECORD PERIOD 1949 TO 2014


WEATHER ITEM   OBSERVED TIME   RECORD YEAR NORMAL DEPARTURE LAST
                VALUE   (LST)  VALUE       VALUE  FROM      YEAR
                                                  NORMAL
..................................................................
TEMPERATURE (F)
 TODAY
  MAXIMUM         51    139 PM  58    1980  44      7       51
  MINIMUM         44   1025 AM   6    1952  23     21       13
  AVERAGE         48                        33     15       32

PRECIPITATION (IN)
  TODAY            0.02          0.29 2001   0.03  -0.01     0.00
  MONTH TO DATE    1.92                      0.89   1.03     0.20
  SINCE OCT 1      2.58                      1.53   1.05     0.34
  SINCE JAN 1      8.00                      7.67   0.33     4.43

DEGREE DAYS
 HEATING
  TODAY           17                        32    -15       33
  MONTH TO DATE  874                       765    109      808
  SINCE SEP 1   1434                      1561   -127     1701
  SINCE JUL 1   1508                      1710   -202     1737

 COOLING
  TODAY            0                         0      0        0
  MONTH TO DATE    0                         0      0        0
  SINCE SEP 1     14                        16     -2       36
  SINCE JAN 1    311                       222     89      350
..................................................................


WIND (MPH)
  RESULTANT WIND SPEED  16   RESULTANT WIND DIRECTION   S (200)
  HIGHEST WIND SPEED    28   HIGHEST WIND DIRECTION     S (200)
  HIGHEST GUST SPEED    39   HIGHEST GUST DIRECTION    SW (210)
  AVERAGE WIND SPEED    16.5


SKY COVER
  POSSIBLE SUNSHINE  MM
  AVERAGE SKY COVER 0.6


WEATHER CONDITIONS
THE FOLLOWING WEATHER WAS RECORDED TODAY.
  LIGHT RAIN


RELATIVE HUMIDITY (PERCENT)
 HIGHEST    71           100 AM
 LOWEST     46           500 AM
 AVERAGE    59

..........................................................


THE REDMOND OR CLIMATE NORMALS FOR TOMORROW
                         NORMAL    RECORD    YEAR
 MAXIMUM TEMPERATURE (F)   43        MM        MM
 MINIMUM TEMPERATURE (F)   23        MM        MM


SUNRISE AND SUNSET
NOVEMBER 28 2014......SUNRISE   717 AM PST   SUNSET   428 PM PST
NOVEMBER 29 2014......SUNRISE   718 AM PST   SUNSET   428 PM PST


-  INDICATES NEGATIVE NUMBERS.
R  INDICATES RECORD WAS SET OR TIED.
MM INDICATES DATA IS MISSING.
T  INDICATES TRACE AMOUNT.




$$
