000
CDUS46 KPDT 190916 RRA
CLIRDM

CLIMATE REPORT
NATIONAL WEATHER SERVICE PENDLETON OR
116 AM PST FRI JAN 19 2018


...................................

...THE REDMOND OR CLIMATE SUMMARY FOR JANUARY 18 2018...

CLIMATE NORMAL PERIOD 1981 TO 2010
CLIMATE RECORD PERIOD 1949 TO 2018


WEATHER ITEM   OBSERVED TIME   RECORD YEAR NORMAL DEPARTURE LAST
                VALUE   (LST)  VALUE       VALUE  FROM      YEAR
                                                  NORMAL
..................................................................
TEMPERATURE (F)
 YESTERDAY
  MAXIMUM         48   1201 AM  61    1994  43      5       44
  MINIMUM         30   1152 PM  -3    1957  24      6       39
  AVERAGE         39                        33      6       42

PRECIPITATION (IN)
  YESTERDAY        0.05          0.50 1960   0.04   0.01     0.04
  MONTH TO DATE    0.17                      0.62  -0.45     1.51
  SINCE OCT 1      1.28                      3.38  -2.10     5.26
  SINCE JAN 1      0.17                      0.62  -0.45     1.51

DEGREE DAYS
 HEATING
  YESTERDAY       26                        32     -6       23
  MONTH TO DATE  530                       593    -63      889
  SINCE DEC 1   1662                      1659      3     2148
  SINCE JUL 1   3241                      3433   -192     3612

 COOLING
  YESTERDAY        0                         0      0        0
  MONTH TO DATE    0                         0      0        0
  SINCE DEC 1      0                         0      0        0
  SINCE JAN 1      0                         0      0        0
..................................................................


WIND (MPH)
  RESULTANT WIND SPEED   2   RESULTANT WIND DIRECTION  NW (300)
  HIGHEST WIND SPEED    22   HIGHEST WIND DIRECTION    NW (320)
  HIGHEST GUST SPEED    28   HIGHEST GUST DIRECTION    NW (320)
  AVERAGE WIND SPEED     6.0


SKY COVER
  POSSIBLE SUNSHINE  MM
  AVERAGE SKY COVER 0.8


WEATHER CONDITIONS
 THE FOLLOWING WEATHER WAS RECORDED YESTERDAY.
  LIGHT RAIN
  LIGHT SNOW
  FOG


RELATIVE HUMIDITY (PERCENT)
 HIGHEST    92           400 PM
 LOWEST     70          1100 AM
 AVERAGE    81

..........................................................


THE REDMOND OR CLIMATE NORMALS FOR TODAY
                         NORMAL    RECORD    YEAR
 MAXIMUM TEMPERATURE (F)   43        60      1994
 MINIMUM TEMPERATURE (F)   24        -7      1963


SUNRISE AND SUNSET
JANUARY 19 2018.......SUNRISE   734 AM PST   SUNSET   457 PM PST
JANUARY 20 2018.......SUNRISE   734 AM PST   SUNSET   458 PM PST


-  INDICATES NEGATIVE NUMBERS.
R  INDICATES RECORD WAS SET OR TIED.
MM INDICATES DATA IS MISSING.
T  INDICATES TRACE AMOUNT.

$$
