000
CDUS46 KPDT 040847 RRA
CLIRDM

CLIMATE REPORT
NATIONAL WEATHER SERVICE PENDLETON OR
135 AM PDT SAT JUL 4 2015


...................................

...THE REDMOND OR CLIMATE SUMMARY FOR JULY 3 2015...

CLIMATE NORMAL PERIOD 1981 TO 2010
CLIMATE RECORD PERIOD 1949 TO 2015


WEATHER ITEM   OBSERVED TIME   RECORD YEAR NORMAL DEPARTURE LAST
                VALUE   (LST)  VALUE       VALUE  FROM      YEAR
                                                  NORMAL
..................................................................
TEMPERATURE (F)
 YESTERDAY
  MAXIMUM         99    358 PM 104    1968  82     17       87
  MINIMUM         54    459 AM  31    1962  44     10       48
  AVERAGE         77                        63     14       68

PRECIPITATION (IN)
  YESTERDAY        0.00          0.26 1965   0.02  -0.02     0.00
  MONTH TO DATE    0.00                      0.05  -0.05     0.06
  SINCE OCT 1      8.31                      7.49   0.82     4.52
  SINCE JAN 1      4.03                      4.73  -0.70     3.81

DEGREE DAYS
 HEATING
  YESTERDAY        0                         4     -4        0
  MONTH TO DATE    0                        12    -12        0
  SINCE JUN 1     77                       229   -152      223
  SINCE JUL 1      0                        12    -12        0

 COOLING
  YESTERDAY       12                         2     10        3
  MONTH TO DATE   39                         6     33       17
  SINCE JUN 1    146                        30    116       18
  SINCE JAN 1    155                        35    120       18
..................................................................


WIND (MPH)
  RESULTANT WIND SPEED   4   RESULTANT WIND DIRECTION  NW (330)
  HIGHEST WIND SPEED    16   HIGHEST WIND DIRECTION    NW (310)
  HIGHEST GUST SPEED    22   HIGHEST GUST DIRECTION     N (340)
  AVERAGE WIND SPEED     7.1


SKY COVER
  POSSIBLE SUNSHINE  MM
  AVERAGE SKY COVER 0.0


WEATHER CONDITIONS
 THE FOLLOWING WEATHER WAS RECORDED YESTERDAY.
  NO SIGNIFICANT WEATHER WAS OBSERVED.


RELATIVE HUMIDITY (PERCENT)
 HIGHEST    66           400 AM
 LOWEST      8          1200 PM
 AVERAGE    37

..........................................................


THE REDMOND OR CLIMATE NORMALS FOR TODAY
                         NORMAL    RECORD    YEAR
 MAXIMUM TEMPERATURE (F)   83       105      1968
 MINIMUM TEMPERATURE (F)   44        32      2012


SUNRISE AND SUNSET
JULY  4 2015..........SUNRISE   526 AM PDT   SUNSET   851 PM PDT
JULY  5 2015..........SUNRISE   527 AM PDT   SUNSET   851 PM PDT


-  INDICATES NEGATIVE NUMBERS.
R  INDICATES RECORD WAS SET OR TIED.
MM INDICATES DATA IS MISSING.
T  INDICATES TRACE AMOUNT.




$$
