000
CDUS46 KPDT 010837
CLIRDM

CLIMATE REPORT
NATIONAL WEATHER SERVICE PENDLETON OR
137 AM PDT SAT OCT 1 2016


...................................

...THE REDMOND OR CLIMATE SUMMARY FOR SEPTEMBER 30 2016...

CLIMATE NORMAL PERIOD 1981 TO 2010
CLIMATE RECORD PERIOD 1949 TO 2016


WEATHER ITEM   OBSERVED TIME   RECORD YEAR NORMAL DEPARTURE LAST
                VALUE   (LST)  VALUE       VALUE  FROM      YEAR
                                                  NORMAL
..................................................................
TEMPERATURE (F)
 YESTERDAY
  MAXIMUM         77    151 PM  91    2011  71      6       76
  MINIMUM         35   1143 PM  23    1954  34      1       32
  AVERAGE         56                        53      3       54

PRECIPITATION (IN)
  YESTERDAY        0.00          0.22 1951   0.01  -0.01     0.00
  MONTH TO DATE    0.05                      0.41  -0.36     0.07
  SINCE OCT 1      9.11                      8.90   0.21     8.84
  SINCE JAN 1      5.54                      6.14  -0.60     4.56

DEGREE DAYS
 HEATING
  YESTERDAY        9                        12     -3       11
  MONTH TO DATE  269                       250     19      288
  SINCE SEP 1    269                       250     19      288
  SINCE JUL 1    358                       399    -41      379

 COOLING
  YESTERDAY        0                         0      0        0
  MONTH TO DATE    1                        16    -15        8
  SINCE SEP 1      1                        16    -15        8
  SINCE JAN 1    240                       222     18      363
..................................................................


WIND (MPH)
  RESULTANT WIND SPEED   4   RESULTANT WIND DIRECTION   W (270)
  HIGHEST WIND SPEED    23   HIGHEST WIND DIRECTION    NW (300)
  HIGHEST GUST SPEED    31   HIGHEST GUST DIRECTION    SW (210)
  AVERAGE WIND SPEED     8.1


SKY COVER
  POSSIBLE SUNSHINE  MM
  AVERAGE SKY COVER 0.2


WEATHER CONDITIONS
 THE FOLLOWING WEATHER WAS RECORDED YESTERDAY.
  NO SIGNIFICANT WEATHER WAS OBSERVED.


RELATIVE HUMIDITY (PERCENT)
 HIGHEST    89           400 AM
 LOWEST     17           200 PM
 AVERAGE    53

..........................................................


THE REDMOND OR CLIMATE NORMALS FOR TODAY
                         NORMAL    RECORD    YEAR
 MAXIMUM TEMPERATURE (F)   71        91      2001
 MINIMUM TEMPERATURE (F)   34        21      1950


SUNRISE AND SUNSET
OCTOBER  1 2016.......SUNRISE   703 AM PDT   SUNSET   644 PM PDT
OCTOBER  2 2016.......SUNRISE   704 AM PDT   SUNSET   642 PM PDT


-  INDICATES NEGATIVE NUMBERS.
R  INDICATES RECORD WAS SET OR TIED.
MM INDICATES DATA IS MISSING.
T  INDICATES TRACE AMOUNT.


$$
