000
CDUS46 KPDT 200908
CLIRDM

CLIMATE REPORT
NATIONAL WEATHER SERVICE PENDLETON OR
108 AM PST SAT DEC 20 2014


...................................

...THE REDMOND OR CLIMATE SUMMARY FOR DECEMBER 19 2014...

CLIMATE NORMAL PERIOD 1981 TO 2010
CLIMATE RECORD PERIOD 1949 TO 2014


WEATHER ITEM   OBSERVED TIME   RECORD YEAR NORMAL DEPARTURE LAST
                VALUE   (LST)  VALUE       VALUE  FROM      YEAR
                                                  NORMAL
..................................................................
TEMPERATURE (F)
 YESTERDAY
  MAXIMUM         47   1251 PM  58    1959  40      7       32
  MINIMUM         33    535 PM  -8    1984  20     13       16
  AVERAGE         40                        30     10       24

PRECIPITATION (IN)
  YESTERDAY        T             0.50 1964   0.04  -0.04      T
  MONTH TO DATE    0.61                      0.74  -0.13     0.34
  SINCE OCT 1      3.31                      2.34   0.97     0.68
  SINCE JAN 1      8.73                      8.48   0.25     4.77

DEGREE DAYS
 HEATING
  YESTERDAY       25                        35    -10       41
  MONTH TO DATE  513                       651   -138      777
  SINCE DEC 1    513                       651   -138      777
  SINCE JUL 1   2100                      2425   -325     2563

 COOLING
  YESTERDAY        0                         0      0        0
  MONTH TO DATE    0                         0      0        0
  SINCE DEC 1      0                         0      0        0
  SINCE JAN 1    311                       222     89      350
..................................................................


WIND (MPH)
  RESULTANT WIND SPEED   4   RESULTANT WIND DIRECTION   S (180)
  HIGHEST WIND SPEED    15   HIGHEST WIND DIRECTION     S (190)
  HIGHEST GUST SPEED    21   HIGHEST GUST DIRECTION     S (180)
  AVERAGE WIND SPEED     6.3


SKY COVER
  POSSIBLE SUNSHINE  MM
  AVERAGE SKY COVER 0.7


WEATHER CONDITIONS
THE FOLLOWING WEATHER WAS RECORDED YESTERDAY.
  LIGHT RAIN


RELATIVE HUMIDITY (PERCENT)
 HIGHEST    92           800 AM
 LOWEST     58           300 PM
 AVERAGE    75

..........................................................


THE REDMOND OR CLIMATE NORMALS FOR TODAY
                         NORMAL    RECORD    YEAR
 MAXIMUM TEMPERATURE (F)   40        58      1994
 MINIMUM TEMPERATURE (F)   20       -13      1990


SUNRISE AND SUNSET
DECEMBER 20 2014......SUNRISE   737 AM PST   SUNSET   428 PM PST
DECEMBER 21 2014......SUNRISE   737 AM PST   SUNSET   429 PM PST


-  INDICATES NEGATIVE NUMBERS.
R  INDICATES RECORD WAS SET OR TIED.
MM INDICATES DATA IS MISSING.
T  INDICATES TRACE AMOUNT.




$$
