000
CDUS46 KPDT 210922
CLIRDM

CLIMATE REPORT
NATIONAL WEATHER SERVICE PENDLETON OR
122 AM PST SAT JAN 21 2017


...................................

...THE REDMOND OR CLIMATE SUMMARY FOR JANUARY 20 2017...

CLIMATE NORMAL PERIOD 1981 TO 2010
CLIMATE RECORD PERIOD 1949 TO 2017


WEATHER ITEM   OBSERVED TIME   RECORD YEAR NORMAL DEPARTURE LAST
                VALUE   (LST)  VALUE       VALUE  FROM      YEAR
                                                  NORMAL
..................................................................
TEMPERATURE (F)
 YESTERDAY
  MAXIMUM         40    316 PM  64    1968  43     -3       43
  MINIMUM         25    949 PM  -4    1962  24      1       28
  AVERAGE         33                        33      0       36

PRECIPITATION (IN)
  YESTERDAY        0.02          0.54 1956   0.03  -0.01      T
  MONTH TO DATE    1.53                      0.68   0.85     0.84
  SINCE OCT 1      5.28                      3.44   1.84     4.41
  SINCE JAN 1      1.53                      0.68   0.85     0.84

DEGREE DAYS
 HEATING
  YESTERDAY       32                        32      0       29
  MONTH TO DATE  950                       657    293      667
  SINCE DEC 1   2209                      1723    486     1448
  SINCE JUL 1   3673                      3497    176     3166

 COOLING
  YESTERDAY        0                         0      0        0
  MONTH TO DATE    0                         0      0        0
  SINCE DEC 1      0                         0      0        0
  SINCE JAN 1      0                         0      0        0
..................................................................


WIND (MPH)
  RESULTANT WIND SPEED   8   RESULTANT WIND DIRECTION  SE (140)
  HIGHEST WIND SPEED    20   HIGHEST WIND DIRECTION    SE (140)
  HIGHEST GUST SPEED    31   HIGHEST GUST DIRECTION    SE (130)
  AVERAGE WIND SPEED     8.4


SKY COVER
  POSSIBLE SUNSHINE  MM
  AVERAGE SKY COVER 0.8


WEATHER CONDITIONS
 THE FOLLOWING WEATHER WAS RECORDED YESTERDAY.
  LIGHT RAIN


RELATIVE HUMIDITY (PERCENT)
 HIGHEST    85           700 PM
 LOWEST     64          1200 AM
 AVERAGE    75

..........................................................


THE REDMOND OR CLIMATE NORMALS FOR TODAY
                         NORMAL    RECORD    YEAR
 MAXIMUM TEMPERATURE (F)   43        65      1963
 MINIMUM TEMPERATURE (F)   24       -20      1962


SUNRISE AND SUNSET
JANUARY 21 2017.......SUNRISE   733 AM PST   SUNSET   500 PM PST
JANUARY 22 2017.......SUNRISE   732 AM PST   SUNSET   501 PM PST


-  INDICATES NEGATIVE NUMBERS.
R  INDICATES RECORD WAS SET OR TIED.
MM INDICATES DATA IS MISSING.
T  INDICATES TRACE AMOUNT.

$$
