029
CDUS42 KRAH 192153
CLIRDU


CLIMATE REPORT
NATIONAL WEATHER SERVICE RALEIGH NC
452 PM EST THU JAN 19 2017


...................................

...THE RALEIGH-DURHAM INTL AIRPORT NC CLIMATE SUMMARY FOR JANUARY 19 2017...
VALID TODAY AS OF 0400 PM LOCAL TIME.

CLIMATE NORMAL PERIOD 1981 TO 2010
CLIMATE RECORD PERIOD 1887 TO 2017


WEATHER ITEM   OBSERVED TIME   RECORD YEAR NORMAL DEPARTURE LAST
                VALUE   (LST)  VALUE       VALUE  FROM      YEAR
                                                  NORMAL
..................................................................
TEMPERATURE (F)
 TODAY
  MAXIMUM         63    334 PM  73    2001  51     12       32
  MINIMUM         36    607 AM   2    1994  31      5       18
  AVERAGE         50                        41      9       25

PRECIPITATION (IN)
  TODAY            0.00          2.04 2002   0.11  -0.11     0.00
  MONTH TO DATE    2.85                      2.15   0.70     0.77
  SINCE DEC 1      5.04                      5.22  -0.18     6.84
  SINCE JAN 1      2.85                      2.15   0.70     0.77

SNOWFALL (IN)
  TODAY            0.0          11.0  1893   0.1   -0.1      0.0
  MONTH TO DATE    0.5                       1.7   -1.2       T
  SINCE DEC 1      0.5                       2.3   -1.8       T
  SINCE JUL 1      0.5                       2.4   -1.9       T
  SNOW DEPTH       0

DEGREE DAYS
 HEATING
  TODAY           15                        24     -9       40
  MONTH TO DATE  372                       462    -90      480
  SINCE DEC 1    999                      1132   -133      775
  SINCE JUL 1   1454                      1713   -259     1226

 COOLING
  TODAY            0                         0      0        0
  MONTH TO DATE    0                         0      0        0
  SINCE DEC 1      0                         2     -2       27
  SINCE JAN 1      0                         0      0        0
..................................................................


WIND (MPH)
  HIGHEST WIND SPEED     8   HIGHEST WIND DIRECTION    SW (220)
  HIGHEST GUST SPEED    13   HIGHEST GUST DIRECTION     S (160)
  AVERAGE WIND SPEED     1.6


SKY COVER
  POSSIBLE SUNSHINE  MM
  AVERAGE SKY COVER 0.4


WEATHER CONDITIONS
 THE FOLLOWING WEATHER WAS RECORDED TODAY.
  NO SIGNIFICANT WEATHER WAS OBSERVED.


RELATIVE HUMIDITY (PERCENT)
 HIGHEST    92           600 AM
 LOWEST     39           300 PM
 AVERAGE    66

..........................................................


THE RALEIGH-DURHAM INTL AIRPORT NC CLIMATE NORMALS FOR TOMORROW
                         NORMAL    RECORD    YEAR
 MAXIMUM TEMPERATURE (F)   51        74      1951
                                             1890
 MINIMUM TEMPERATURE (F)   31        -3      1985


SUNRISE AND SUNSET
JANUARY 19 2017.......SUNRISE   723 AM EST   SUNSET   529 PM EST
JANUARY 20 2017.......SUNRISE   723 AM EST   SUNSET   530 PM EST


-  INDICATES NEGATIVE NUMBERS.
R  INDICATES RECORD WAS SET OR TIED.
MM INDICATES DATA IS MISSING.
T  INDICATES TRACE AMOUNT.

&&

CLIMATE REPORT
NWS FORECAST OFFICE
NCSU CENTENNIAL CAMPUS
RALEIGH NC

MAXIMUM TEMPERATURE...63

MINIMUM TEMPERATURE...40

PRECIPITATION...0.00

$$
