214
CDUS42 KRAH 052159
CLIRDU


CLIMATE REPORT
NATIONAL WEATHER SERVICE RALEIGH NC
457 PM EST MON DEC 5 2016


...................................

...THE RALEIGH-DURHAM INTL AIRPORT NC CLIMATE SUMMARY FOR DECEMBER 5 2016...
VALID TODAY AS OF 0455 PM LOCAL TIME.

CLIMATE NORMAL PERIOD 1981 TO 2010
CLIMATE RECORD PERIOD 1887 TO 2016


WEATHER ITEM   OBSERVED TIME   RECORD YEAR NORMAL DEPARTURE LAST
                VALUE   (LST)  VALUE       VALUE  FROM      YEAR
                                                  NORMAL
..................................................................
TEMPERATURE (F)
 TODAY
  MAXIMUM         59    312 PM  76    2001  57      2       56
                                      1998
                                      1982
  MINIMUM         42    754 AM  19    2000  36      6       29
                                      1966
  AVERAGE         51                        46      5       43

PRECIPITATION (IN)
  TODAY            0.38          1.36 1993   0.10   0.28     0.00
  MONTH TO DATE    0.70                      0.51   0.19     0.08
  SINCE DEC 1      0.70                      0.51   0.19     0.08
  SINCE JAN 1     49.76                     40.78   8.98    51.11

SNOWFALL (IN)
  TODAY            0.0           1.0  1893   0.0    0.0      0.0
  MONTH TO DATE    0.0                       0.0    0.0      0.0
  SINCE DEC 1      0.0                       0.0    0.0      0.0
  SINCE JUL 1      0.0                       0.1   -0.1      0.0
  SNOW DEPTH       0

DEGREE DAYS
 HEATING
  TODAY           14                        19     -5       22
  MONTH TO DATE   75                        92    -17       83
  SINCE DEC 1     75                        92    -17       83
  SINCE JUL 1    530                       673   -143      534

 COOLING
  TODAY            0                         0      0        0
  MONTH TO DATE    0                         0      0        0
  SINCE DEC 1      0                         0      0        0
  SINCE JAN 1   2101                      1728    373     1886
..................................................................


WIND (MPH)
  HIGHEST WIND SPEED    14   HIGHEST WIND DIRECTION    NE (40)
  HIGHEST GUST SPEED    19   HIGHEST GUST DIRECTION    NE (40)
  AVERAGE WIND SPEED     3.7


SKY COVER
  POSSIBLE SUNSHINE  MM
  AVERAGE SKY COVER 0.8


WEATHER CONDITIONS
 THE FOLLOWING WEATHER WAS RECORDED TODAY.
  RAIN
  LIGHT RAIN
  FOG


RELATIVE HUMIDITY (PERCENT)
 HIGHEST    96          1200 AM
 LOWEST     51           300 PM
 AVERAGE    74

..........................................................


THE RALEIGH-DURHAM INTL AIRPORT NC CLIMATE NORMALS FOR TOMORROW
                         NORMAL    RECORD    YEAR
 MAXIMUM TEMPERATURE (F)   56        80      1998
 MINIMUM TEMPERATURE (F)   35        19      1992
                                             1969


SUNRISE AND SUNSET
DECEMBER  5 2016......SUNRISE   711 AM EST   SUNSET   501 PM EST
DECEMBER  6 2016......SUNRISE   712 AM EST   SUNSET   501 PM EST


-  INDICATES NEGATIVE NUMBERS.
R  INDICATES RECORD WAS SET OR TIED.
MM INDICATES DATA IS MISSING.
T  INDICATES TRACE AMOUNT.

&&

CLIMATE REPORT
NWS FORECAST OFFICE
NCSU CENTENNIAL CAMPUS
RALEIGH NC

MAXIMUM TEMPERATURE... 58

MINIMUM TEMPERATURE... 41

PRECIPITATION... 0.41

$$
