000
CDUS42 KRAH 260751
CLIRDU


CLIMATE REPORT
NATIONAL WEATHER SERVICE RALEIGH NC
351 AM EDT TUE MAY 26 2015


...................................

...THE RALEIGH-DURHAM INTL AIRPORT NC CLIMATE SUMMARY FOR MAY 25 2015...

CLIMATE NORMAL PERIOD 1981 TO 2010
CLIMATE RECORD PERIOD 1887 TO 2015


WEATHER ITEM   OBSERVED TIME   RECORD YEAR NORMAL DEPARTURE LAST
                VALUE   (LST)  VALUE       VALUE  FROM      YEAR
                                                  NORMAL
..................................................................
TEMPERATURE (F)
 YESTERDAY
  MAXIMUM         84    449 PM  93    2011  82      2       82
                                      2004
                                      1936
  MINIMUM         57    521 AM  41    2013  59     -2       54
  AVERAGE         71                        70      1       68

PRECIPITATION (IN)
  YESTERDAY        0.00          1.40 1960   0.12  -0.12     0.00
  MONTH TO DATE    2.59                      2.55   0.04     3.63
  SINCE MAR 1     11.13                      9.58   1.55    13.92
  SINCE JAN 1     17.39                     16.31   1.08    18.88

DEGREE DAYS
 HEATING
  YESTERDAY        0                         1     -1        0
  MONTH TO DATE   20                        49    -29       27
  SINCE MAR 1    587                       666    -79      777
  SINCE JUL 1   3484                      3238    246     3478

 COOLING
  YESTERDAY        6                         6      0        3
  MONTH TO DATE  138                       105     33      130
  SINCE MAR 1    194                       165     29      161
  SINCE JAN 1    194                       166     28      161
..................................................................


WIND (MPH)
  HIGHEST WIND SPEED    15   HIGHEST WIND DIRECTION     S (190)
  HIGHEST GUST SPEED    20   HIGHEST GUST DIRECTION     S (200)
  AVERAGE WIND SPEED     6.4


SKY COVER
  POSSIBLE SUNSHINE  MM
  AVERAGE SKY COVER 0.4


WEATHER CONDITIONS
 THE FOLLOWING WEATHER WAS RECORDED YESTERDAY.
  NO SIGNIFICANT WEATHER WAS OBSERVED.


RELATIVE HUMIDITY (PERCENT)
 HIGHEST    93           500 AM
 LOWEST     37           400 PM
 AVERAGE    65

..........................................................


THE RALEIGH-DURHAM INTL AIRPORT NC CLIMATE NORMALS FOR TODAY
                         NORMAL    RECORD    YEAR
 MAXIMUM TEMPERATURE (F)   82        94      1953
                                             1933
 MINIMUM TEMPERATURE (F)   60        43      1979


SUNRISE AND SUNSET
MAY 26 2015...........SUNRISE   603 AM EDT   SUNSET   822 PM EDT
MAY 27 2015...........SUNRISE   602 AM EDT   SUNSET   823 PM EDT


-  INDICATES NEGATIVE NUMBERS.
R  INDICATES RECORD WAS SET OR TIED.
MM INDICATES DATA IS MISSING.
T  INDICATES TRACE AMOUNT.



&&

CLIMATE REPORT NWS FORECAST OFFICE
NCSU CENTENNIAL CAMPUS
RALEIGH, NC

MAXIMUM TEMPERATURE... 82

MINIMUM TEMPERATURE... 61

PRECIPITATION... 0.00

$$
