000
CDUS42 KRAH 251531
CLIRDU


CLIMATE REPORT
NATIONAL WEATHER SERVICE RALEIGH NC
1031 AM EST SUN FEB 25 2018


...................................

...THE RALEIGH-DURHAM INTL AIRPORT NC CLIMATE SUMMARY FOR FEBRUARY 25 2018...
VALID AS OF 1000 AM LOCAL TIME.

CLIMATE NORMAL PERIOD 1981 TO 2010
CLIMATE RECORD PERIOD 1887 TO 2018


WEATHER ITEM   OBSERVED TIME   RECORD YEAR NORMAL DEPARTURE LAST
                VALUE   (LST)  VALUE       VALUE  FROM      YEAR
                                                  NORMAL
..................................................................
TEMPERATURE (F)
 TODAY
  MAXIMUM         69    853 AM  82    1930  58     11       81
  MINIMUM         63    718 AM   8    1967  35     28       52
  AVERAGE         66                        46     20       67

PRECIPITATION (IN)
  TODAY            0.00          1.27 1979   0.12  -0.12     0.00
  MONTH TO DATE    1.54                      2.87  -1.33     0.66
  SINCE DEC 1      7.75                      9.44  -1.69     6.62
  SINCE JAN 1      5.46                      6.37  -0.91     4.43

SNOWFALL (IN)
  TODAY            0.0           5.0  1894   0.0    0.0      0.0
  MONTH TO DATE    0.0                       1.7   -1.7       T
  SINCE DEC 1      7.3                       5.2    2.1      0.5
  SINCE JUL 1      7.3                       5.3    2.0      0.5
  SNOW DEPTH       0

..................................................................


WIND (MPH)
  HIGHEST WIND SPEED    20   HIGHEST WIND DIRECTION    SW (230)
  HIGHEST GUST SPEED    25   HIGHEST GUST DIRECTION    SW (220)
  AVERAGE WIND SPEED    13.9


SKY COVER
  POSSIBLE SUNSHINE  MM
  AVERAGE SKY COVER 0.5


WEATHER CONDITIONS
 THE FOLLOWING WEATHER WAS RECORDED TODAY.
  NO SIGNIFICANT WEATHER WAS OBSERVED.


RELATIVE HUMIDITY (PERCENT)
 HIGHEST    93           600 AM
 LOWEST     68          1000 AM
 AVERAGE    81

..........................................................


THE RALEIGH-DURHAM INTL AIRPORT NC CLIMATE NORMALS FOR TOMORROW
                         NORMAL    RECORD    YEAR
 MAXIMUM TEMPERATURE (F)   58        84      1977
 MINIMUM TEMPERATURE (F)   36        11      1967


SUNRISE AND SUNSET
FEBRUARY 25 2018......SUNRISE   650 AM EST   SUNSET   606 PM EST
FEBRUARY 26 2018......SUNRISE   649 AM EST   SUNSET   607 PM EST


-  INDICATES NEGATIVE NUMBERS.
R  INDICATES RECORD WAS SET OR TIED.
MM INDICATES DATA IS MISSING.
T  INDICATES TRACE AMOUNT.




$$
