000
CDUS42 KRAH 290740
CLIRDU


CLIMATE REPORT
NATIONAL WEATHER SERVICE RALEIGH NC
339 AM EDT THU JUN 29 2017


...................................

...THE RALEIGH-DURHAM INTL AIRPORT NC CLIMATE SUMMARY FOR JUNE 28 2017...

CLIMATE NORMAL PERIOD 1981 TO 2010
CLIMATE RECORD PERIOD 1887 TO 2017


WEATHER ITEM   OBSERVED TIME   RECORD YEAR NORMAL DEPARTURE LAST
                VALUE   (LST)  VALUE       VALUE  FROM      YEAR
                                                  NORMAL
..................................................................
TEMPERATURE (F)
 YESTERDAY
  MAXIMUM         83    521 PM 100    1959  90     -7       78
  MINIMUM         57    223 AM  53    1988  69    -12       71
  AVERAGE         70                        79     -9       75

PRECIPITATION (IN)
  YESTERDAY        0.00          2.80 1932   0.12  -0.12     1.25
  MONTH TO DATE    6.11                      3.28   2.83     5.10
  SINCE JUN 1      6.11                      3.28   2.83     5.10
  SINCE JAN 1     27.97                     20.31   7.66    24.71

DEGREE DAYS
 HEATING
  YESTERDAY        0                         0      0        0
  MONTH TO DATE    1                         0      1        0
  SINCE JUN 1      1                         0      1        0
  SINCE JUL 1   2507                      3243   -736     2609

 COOLING
  YESTERDAY        5                        14     -9       10
  MONTH TO DATE  303                       319    -16      331
  SINCE JUN 1    303                       319    -16      331
  SINCE JAN 1    642                       528    114      567
..................................................................


WIND (MPH)
  HIGHEST WIND SPEED    13   HIGHEST WIND DIRECTION     E (80)
  HIGHEST GUST SPEED    18   HIGHEST GUST DIRECTION    NE (30)
  AVERAGE WIND SPEED     4.3


SKY COVER
  POSSIBLE SUNSHINE  MM
  AVERAGE SKY COVER 0.2


WEATHER CONDITIONS
 THE FOLLOWING WEATHER WAS RECORDED YESTERDAY.
  NO SIGNIFICANT WEATHER WAS OBSERVED.


RELATIVE HUMIDITY (PERCENT)
 HIGHEST    93           200 AM
 LOWEST     33           500 PM
 AVERAGE    63

..........................................................


THE RALEIGH-DURHAM INTL AIRPORT NC CLIMATE NORMALS FOR TODAY
                         NORMAL    RECORD    YEAR
 MAXIMUM TEMPERATURE (F)   90       105      2012
 MINIMUM TEMPERATURE (F)   69        51      1970


SUNRISE AND SUNSET
JUNE 29 2017..........SUNRISE   602 AM EDT   SUNSET   836 PM EDT
JUNE 30 2017..........SUNRISE   602 AM EDT   SUNSET   835 PM EDT


-  INDICATES NEGATIVE NUMBERS.
R  INDICATES RECORD WAS SET OR TIED.
MM INDICATES DATA IS MISSING.
T  INDICATES TRACE AMOUNT.

&&

CLIMATE REPORT
NWS FORECAST OFFICE
NCSU CENTENNIAL CAMPUS
RALEIGH NC

MAXIMUM TEMPERATURE... 83

MINIMUM TEMPERATURE... 59

PRECIPITATION... 0.00


$$
