283
CDUS42 KRAH 092154
CLIRDU


CLIMATE REPORT
NATIONAL WEATHER SERVICE RALEIGH NC
452 PM EST TUE FEB 9 2016


...................................

...THE RALEIGH-DURHAM INTL AIRPORT NC CLIMATE SUMMARY FOR FEBRUARY 9 2016...
VALID TODAY AS OF 0452 PM LOCAL TIME.

CLIMATE NORMAL PERIOD 1981 TO 2010
CLIMATE RECORD PERIOD 1887 TO 2016


WEATHER ITEM   OBSERVED TIME   RECORD YEAR NORMAL DEPARTURE LAST
                VALUE   (LST)  VALUE       VALUE  FROM      YEAR
                                                  NORMAL
..................................................................
TEMPERATURE (F)
 TODAY
  MAXIMUM         44   1103 AM  74    1994  54    -10       62
  MINIMUM         34    719 AM   9    1895  33      1       45
  AVERAGE         39                        43     -4       54

PRECIPITATION (IN)
  TODAY            0.00          2.29 1939   0.10  -0.10     0.40
  MONTH TO DATE    1.63                      0.99   0.64     0.79
  SINCE DEC 1      9.43                      7.56   1.87     9.11
  SINCE JAN 1      3.36                      4.49  -1.13     4.14

SNOWFALL (IN)
  TODAY            0.0           9.1  1967   0.0    0.0      0.0
  MONTH TO DATE    0.0                       0.7   -0.7      0.0
  SINCE DEC 1      1.2                       4.2   -3.0       T
  SINCE JUL 1      1.2                       4.3   -3.1       T
  SNOW DEPTH       0

DEGREE DAYS
 HEATING
  TODAY           26                        22      4       11
  MONTH TO DATE  158                       201    -43      198
  SINCE DEC 1   1244                      1617   -373     1595
  SINCE JUL 1   1695                      2198   -503     2259

 COOLING
  TODAY            0                         0      0        0
  MONTH TO DATE    0                         0      0        0
  SINCE DEC 1     27                         2     25        0
  SINCE JAN 1      0                         0      0        0
..................................................................


WIND (MPH)
  HIGHEST WIND SPEED    18   HIGHEST WIND DIRECTION    SW (240)
  HIGHEST GUST SPEED    26   HIGHEST GUST DIRECTION    SW (240)
  AVERAGE WIND SPEED     4.9


SKY COVER
  POSSIBLE SUNSHINE  MM
  AVERAGE SKY COVER 0.8


WEATHER CONDITIONS
 THE FOLLOWING WEATHER WAS RECORDED TODAY.
  FOG
  FOG W/VISIBILITY <= 1/4 MILE


RELATIVE HUMIDITY (PERCENT)
 HIGHEST    92          1200 AM
 LOWEST     41           300 PM
 AVERAGE    67

..........................................................


THE RALEIGH-DURHAM INTL AIRPORT NC CLIMATE NORMALS FOR TOMORROW
                         NORMAL    RECORD    YEAR
 MAXIMUM TEMPERATURE (F)   54        75      1938
 MINIMUM TEMPERATURE (F)   33         8      1979
                                             1934
                                             1899


SUNRISE AND SUNSET
FEBRUARY  9 2016......SUNRISE   709 AM EST   SUNSET   550 PM EST
FEBRUARY 10 2016......SUNRISE   708 AM EST   SUNSET   551 PM EST


-  INDICATES NEGATIVE NUMBERS.
R  INDICATES RECORD WAS SET OR TIED.
MM INDICATES DATA IS MISSING.
T  INDICATES TRACE AMOUNT.

&&

CLIMATE REPORT NWS FORECAST OFFICE
NCSU CENTENNIAL CAMPUS
RALEIGH...NC

MAXIMUM TEMPERATURE... 45

MINIMUM TEMPERATURE... 36

PRECIPITATION... T

SNOWFALL... T

$$
