000
CDUS42 KRAH 210634
CLIRDU

CLIMATE REPORT
NATIONAL WEATHER SERVICE RALEIGH NC
125 AM EST SUN DEC 21 2014


...................................

...THE RALEIGH-DURHAM INTL AIRPORT NC CLIMATE SUMMARY FOR DECEMBER 20 2014...

CLIMATE NORMAL PERIOD 1981 TO 2010
CLIMATE RECORD PERIOD 1887 TO 2014


WEATHER ITEM   OBSERVED TIME   RECORD YEAR NORMAL DEPARTURE LAST
                VALUE   (LST)  VALUE       VALUE  FROM      YEAR
                                                  NORMAL
..................................................................
TEMPERATURE (F)
 YESTERDAY
  MAXIMUM         39   1141 PM  78    1931  52    -13       67
  MINIMUM         31   1056 AM  12    1963  32     -1       43
  AVERAGE         35                        42     -7       55

PRECIPITATION (IN)
  YESTERDAY        0.07          1.44 1946   0.10  -0.03     0.00
  MONTH TO DATE    1.18                      1.97  -0.79     1.71
  SINCE DEC 1      1.18                      1.97  -0.79     1.71
  SINCE JAN 1     51.46                     42.24   9.22    46.49

SNOWFALL (IN)
  YESTERDAY        T             0.1  1942   0.0    0.0      0.0
  MONTH TO DATE    T                         0.2   -0.2      0.0
  SINCE DEC 1      T                         0.2   -0.2      0.0
  SINCE JUL 1      T                         0.3   -0.3       T
  SNOW DEPTH       0

DEGREE DAYS
 HEATING
  YESTERDAY       30                        23      7       10
  MONTH TO DATE  403                       409     -6      379
  SINCE DEC 1    403                       409     -6      379
  SINCE JUL 1   1067                       990     77     1031

 COOLING
  YESTERDAY        0                         0      0        0
  MONTH TO DATE    0                         0      0        7
  SINCE DEC 1      0                         0      0        7
  SINCE JAN 1   1657                      1728    -71     1559
..................................................................


WIND (MPH)
  HIGHEST WIND SPEED    13   HIGHEST WIND DIRECTION    NE (60)
  HIGHEST GUST SPEED    16   HIGHEST GUST DIRECTION    NE (50)
  AVERAGE WIND SPEED     2.8


SKY COVER
  POSSIBLE SUNSHINE  MM
  AVERAGE SKY COVER 1.0


WEATHER CONDITIONS
 THE FOLLOWING WEATHER WAS RECORDED YESTERDAY.
  LIGHT RAIN
  LIGHT SNOW
  SLEET
  FOG


RELATIVE HUMIDITY (PERCENT)
 HIGHEST    89          1200 PM
 LOWEST     64           700 AM
 AVERAGE    77

..........................................................


THE RALEIGH-DURHAM INTL AIRPORT NC CLIMATE NORMALS FOR TODAY
                         NORMAL    RECORD    YEAR
 MAXIMUM TEMPERATURE (F)   52        74      2013
 MINIMUM TEMPERATURE (F)   32         8      1963


SUNRISE AND SUNSET
DECEMBER 21 2014......SUNRISE   721 AM EST   SUNSET   505 PM EST
DECEMBER 22 2014......SUNRISE   722 AM EST   SUNSET   506 PM EST


-  INDICATES NEGATIVE NUMBERS.
R  INDICATES RECORD WAS SET OR TIED.
MM INDICATES DATA IS MISSING.
T  INDICATES TRACE AMOUNT.

&&

CLIMATE REPORT NWS FORECAST OFFICE NCSU CENTENNIAL CAMPUS RALEIGH, NC

MAXIMUM TEMPERATURE... 39

MINIMUM TEMPERATURE... 33

PRECIPITATION... 0.05

SNOWFALL... T


$$
