000
CDUS42 KRAH 240530
CLIRDU

CLIMATE REPORT
NATIONAL WEATHER SERVICE RALEIGH NC
128 AM EDT WED SEP 24 2014


...................................

...THE RALEIGH-DURHAM INTL AIRPORT NC CLIMATE SUMMARY FOR SEPTEMBER 23 2014...

CLIMATE NORMAL PERIOD 1981 TO 2010
CLIMATE RECORD PERIOD 1887 TO 2014


WEATHER ITEM   OBSERVED TIME   RECORD YEAR NORMAL DEPARTURE LAST
                VALUE   (LST)  VALUE       VALUE  FROM      YEAR
                                                  NORMAL
..................................................................
TEMPERATURE (F)
 YESTERDAY
  MAXIMUM         64    147 AM  99    2010  80    -16       73
  MINIMUM         55   1159 PM  37    1983  59     -4       54
  AVERAGE         60                        69     -9       64

PRECIPITATION (IN)
  YESTERDAY        0.15          2.03 1906   0.12   0.03     0.00
  MONTH TO DATE    2.69                      3.47  -0.78     2.91
  SINCE SEP 1      2.69                      3.47  -0.78     2.91
  SINCE JAN 1     41.10                     33.01   8.09    40.38

DEGREE DAYS
 HEATING
  YESTERDAY        5                         1      4        1
  MONTH TO DATE    5                         7     -2        3
  SINCE SEP 1      5                         7     -2        3
  SINCE JUL 1      5                         8     -3        3

 COOLING
  YESTERDAY        0                         5     -5        0
  MONTH TO DATE  221                       195     26      187
  SINCE SEP 1    221                       195     26      187
  SINCE JAN 1   1579                      1636    -57     1493
..................................................................


WIND (MPH)
  HIGHEST WIND SPEED    17   HIGHEST WIND DIRECTION    NE (50)
  HIGHEST GUST SPEED    23   HIGHEST GUST DIRECTION    NE (40)
  AVERAGE WIND SPEED     7.8


SKY COVER
  POSSIBLE SUNSHINE  MM
  AVERAGE SKY COVER 0.9


WEATHER CONDITIONS
 THE FOLLOWING WEATHER WAS RECORDED YESTERDAY.
  RAIN
  LIGHT RAIN
  FOG


RELATIVE HUMIDITY (PERCENT)
 HIGHEST    86           800 PM
 LOWEST     60           300 AM
 AVERAGE    73

..........................................................


THE RALEIGH-DURHAM INTL AIRPORT NC CLIMATE NORMALS FOR TODAY
                         NORMAL    RECORD    YEAR
 MAXIMUM TEMPERATURE (F)   79        96      2010
 MINIMUM TEMPERATURE (F)   59        39      1963


SUNRISE AND SUNSET
SEPTEMBER 24 2014.....SUNRISE   705 AM EDT   SUNSET   709 PM EDT
SEPTEMBER 25 2014.....SUNRISE   705 AM EDT   SUNSET   708 PM EDT


-  INDICATES NEGATIVE NUMBERS.
R  INDICATES RECORD WAS SET OR TIED.
MM INDICATES DATA IS MISSING.
T  INDICATES TRACE AMOUNT.

&&

CLIMATE REPORT NWS FORECAST OFFICE NCSU CENTENNIAL CAMPUS RALEIGH, NC

MAXIMUM TEMPERATURE...66

MINIMUM TEMPERATURE...55

PRECIPITATION...0.07

$$
