000
CDUS42 KRAH 290813
CLIRDU

CLIMATE REPORT
NATIONAL WEATHER SERVICE RALEIGH NC
412 AM EDT MON AUG 29 2016
...................................

...THE RALEIGH-DURHAM INTL AIRPORT NC CLIMATE SUMMARY FOR AUGUST 28 2016...

CLIMATE NORMAL PERIOD 1981 TO 2010
CLIMATE RECORD PERIOD 1887 TO 2016


WEATHER ITEM   OBSERVED TIME   RECORD YEAR NORMAL DEPARTURE LAST
                VALUE   (LST)  VALUE       VALUE  FROM      YEAR
                                                  NORMAL
..................................................................
TEMPERATURE (F)
 YESTERDAY
  MAXIMUM         90    404 PM 100    1948  87      3       87
  MINIMUM         71    636 AM  52    1986  67      4       60
                                      1969
  AVERAGE         81                        77      4       74

PRECIPITATION (IN)
  YESTERDAY        0.00          2.83 1949   0.14  -0.14     0.00
  MONTH TO DATE    3.01                      3.84  -0.83     3.07
  SINCE JUN 1     17.14                     12.09   5.05    14.43
  SINCE JAN 1     36.75                     29.12   7.63    32.27

DEGREE DAYS
 HEATING
  YESTERDAY        0                         0      0        0
  MONTH TO DATE    0                         0      0        0
  SINCE JUN 1      0                         4     -4        0
  SINCE JUL 1      0                         0      0        0

 COOLING
  YESTERDAY       16                        12      4        9
  MONTH TO DATE  490                       384    106      384
  SINCE JUN 1   1384                      1197    187     1293
  SINCE JAN 1   1620                      1406    214     1563
..................................................................


WIND (MPH)
  HIGHEST WIND SPEED    15   HIGHEST WIND DIRECTION    NE (40)
  HIGHEST GUST SPEED    21   HIGHEST GUST DIRECTION    NE (50)
  AVERAGE WIND SPEED     7.6


SKY COVER
  POSSIBLE SUNSHINE  MM
  AVERAGE SKY COVER 0.7


WEATHER CONDITIONS
 THE FOLLOWING WEATHER WAS RECORDED YESTERDAY.
  FOG


RELATIVE HUMIDITY (PERCENT)
 HIGHEST    93           400 AM
 LOWEST     44           200 PM
 AVERAGE    69

..........................................................


THE RALEIGH-DURHAM INTL AIRPORT NC CLIMATE NORMALS FOR TODAY
                         NORMAL    RECORD    YEAR
 MAXIMUM TEMPERATURE (F)   87       100      1948
 MINIMUM TEMPERATURE (F)   67        49      1986


SUNRISE AND SUNSET
AUGUST 29 2016........SUNRISE   645 AM EDT   SUNSET   746 PM EDT
AUGUST 30 2016........SUNRISE   646 AM EDT   SUNSET   745 PM EDT


-  INDICATES NEGATIVE NUMBERS.
R  INDICATES RECORD WAS SET OR TIED.
MM INDICATES DATA IS MISSING.
T  INDICATES TRACE AMOUNT.
&&

CLIMATE REPORT
NWS FORECAST OFFICE
NCSU CENTENNIAL CAMPUS
RALEIGH NC

MAXIMUM TEMPERATURE...89

MINIMUM TEMPERATURE...71

PRECIPITATION...T




$$
