000
CDUS42 KRAH 111533
CLIRDU


CLIMATE REPORT
NATIONAL WEATHER SERVICE RALEIGH NC
1031 AM EST MON DEC 11 2017


...................................

...THE RALEIGH-DURHAM INTL AIRPORT NC CLIMATE SUMMARY FOR DECEMBER 11 2017...
VALID AS OF 1031 AM LOCAL TIME.

CLIMATE NORMAL PERIOD 1981 TO 2010
CLIMATE RECORD PERIOD 1887 TO 2017


WEATHER ITEM   OBSERVED TIME   RECORD YEAR NORMAL DEPARTURE LAST
                VALUE   (LST)  VALUE       VALUE  FROM      YEAR
                                                  NORMAL
..................................................................
TEMPERATURE (F)
 TODAY
  MAXIMUM                       74    2007  55    -21       46
  MINIMUM         26    606 AM  13    1977  34     -8       23
                                      1968
  AVERAGE         30                        44    -14       35

PRECIPITATION (IN)
  TODAY            0.00          2.63 1936   0.10  -0.10      T
  MONTH TO DATE    1.87                      1.10   0.77     1.29
  SINCE DEC 1      1.87                      1.10   0.77     1.29
  SINCE JAN 1     45.12                     41.37   3.75    50.35

SNOWFALL (IN)
  TODAY            0.0           9.1  1958   0.0    0.0      0.0
  MONTH TO DATE    0.6                       0.1    0.5      0.0
  SINCE DEC 1      0.6                       0.1    0.5      0.0
  SINCE JUL 1      0.6                       0.2    0.4      0.0
  SNOW DEPTH       0

..................................................................


WIND (MPH)
  HIGHEST WIND SPEED     8   HIGHEST WIND DIRECTION    SW (230)
  HIGHEST GUST SPEED    10   HIGHEST GUST DIRECTION    SW (220)
  AVERAGE WIND SPEED     3.7


SKY COVER
  POSSIBLE SUNSHINE  MM
  AVERAGE SKY COVER 0.1


WEATHER CONDITIONS
 THE FOLLOWING WEATHER WAS RECORDED TODAY.
  NO SIGNIFICANT WEATHER WAS OBSERVED.


RELATIVE HUMIDITY (PERCENT)
 HIGHEST    85           100 AM
 LOWEST     65          1000 AM
 AVERAGE    75

..........................................................


THE RALEIGH-DURHAM INTL AIRPORT NC CLIMATE NORMALS FOR TOMORROW
                         NORMAL    RECORD    YEAR
 MAXIMUM TEMPERATURE (F)   54        79      2007
                                             1931
 MINIMUM TEMPERATURE (F)   34        10      1957


SUNRISE AND SUNSET
DECEMBER 11 2017......SUNRISE   715 AM EST   SUNSET   502 PM EST
DECEMBER 12 2017......SUNRISE   716 AM EST   SUNSET   502 PM EST


-  INDICATES NEGATIVE NUMBERS.
R  INDICATES RECORD WAS SET OR TIED.
MM INDICATES DATA IS MISSING.
T  INDICATES TRACE AMOUNT.

&&

CLIMATE REPORT
NWS FORECAST OFFICE
NCSU CENTENNIAL CAMPUS
RALEIGH NC

MINIMUM TEMPERATURE... 28

PRECIPITATION... 0.00


$$
