000
CDUS42 KRAH 170614
CLIRDU


CLIMATE REPORT
NATIONAL WEATHER SERVICE RALEIGH NC
209 AM EDT TUE OCT 17 2017


...................................

...THE RALEIGH-DURHAM INTL AIRPORT NC CLIMATE SUMMARY FOR OCTOBER 16 2017...

CLIMATE NORMAL PERIOD 1981 TO 2010
CLIMATE RECORD PERIOD 1887 TO 2017


WEATHER ITEM   OBSERVED TIME   RECORD YEAR NORMAL DEPARTURE LAST
                VALUE   (LST)  VALUE       VALUE  FROM      YEAR
                                                  NORMAL
..................................................................
TEMPERATURE (F)
 YESTERDAY
  MAXIMUM         69    156 AM  86    1925  73     -4       78
                                      1897
  MINIMUM         51   1159 PM  32    1945  50      1       51
  AVERAGE         60                        61     -1       65

PRECIPITATION (IN)
  YESTERDAY        0.25          2.26 1932   0.11   0.14     0.00
  MONTH TO DATE    1.63                      1.74  -0.11     6.96
  SINCE SEP 1      3.91                      6.10  -2.19    11.57
  SINCE JAN 1     39.31                     35.64   3.67    48.32

DEGREE DAYS
 HEATING
  YESTERDAY        5                         5      0        0
  MONTH TO DATE   14                        59    -45       30
  SINCE SEP 1     21                        79    -58       30
  SINCE JUL 1     21                        80    -59       30

 COOLING
  YESTERDAY        0                         1     -1        0
  MONTH TO DATE  107                        38     69       35
  SINCE SEP 1    328                       265     63      384
  SINCE JAN 1   1960                      1706    254     2052
..................................................................


WIND (MPH)
  HIGHEST WIND SPEED    12   HIGHEST WIND DIRECTION    NE (40)
  HIGHEST GUST SPEED    19   HIGHEST GUST DIRECTION    NW (330)
  AVERAGE WIND SPEED     5.7


SKY COVER
  POSSIBLE SUNSHINE  MM
  AVERAGE SKY COVER 0.7


WEATHER CONDITIONS
 THE FOLLOWING WEATHER WAS RECORDED YESTERDAY.
  RAIN
  LIGHT RAIN
  FOG


RELATIVE HUMIDITY (PERCENT)
 HIGHEST   100           300 AM
 LOWEST     72           800 PM
 AVERAGE    86

..........................................................


THE RALEIGH-DURHAM INTL AIRPORT NC CLIMATE NORMALS FOR TODAY
                         NORMAL    RECORD    YEAR
 MAXIMUM TEMPERATURE (F)   72        88      1925
 MINIMUM TEMPERATURE (F)   49        33      1977
                                             1970


SUNRISE AND SUNSET
OCTOBER 17 2017.......SUNRISE   724 AM EDT   SUNSET   637 PM EDT
OCTOBER 18 2017.......SUNRISE   725 AM EDT   SUNSET   635 PM EDT


-  INDICATES NEGATIVE NUMBERS.
R  INDICATES RECORD WAS SET OR TIED.
MM INDICATES DATA IS MISSING.
T  INDICATES TRACE AMOUNT.

&&

CLIMATE REPORT
NWS FORECAST OFFICE
NCSU CENTENNIAL CAMPUS
RALEIGH NC

MAXIMUM TEMPERATURE... 69

MINIMUM TEMPERATURE... 52

PRECIPITATION... 0.26

$$
