000
CDUS46 KBOI 190932
CLIREO


CLIMATE REPORT
NATIONAL WEATHER SERVICE BOISE ID
332 AM MDT FRI SEP 19 2014


...................................

...THE ROME OR CLIMATE SUMMARY FOR SEPTEMBER 18 2014...

CLIMATE NORMAL PERIOD 1981 TO 2010
CLIMATE RECORD PERIOD 9999 TO 9999


WEATHER ITEM   OBSERVED TIME   NORMAL DEPARTURE LAST
                VALUE   (LST)  VALUE  FROM      YEAR
                                      NORMAL
......................................................
TEMPERATURE (F)
 YESTERDAY
  MAXIMUM         86    221 PM  79      7       66
  MINIMUM         56   1156 PM  40     16       42
  AVERAGE         71            59     12       54

PRECIPITATION (IN)
  YESTERDAY        0.01          0.02  -0.01     0.01
  MONTH TO DATE    0.07          0.19  -0.12     0.63
  SINCE OCT 1      2.56          8.71  -6.15     5.32
  SINCE JAN 1      2.37          6.52  -4.15     3.86

DEGREE DAYS
 HEATING
  YESTERDAY        0             6     -6       11
  MONTH TO DATE   48            76    -28       19
  SINCE SEP 1     48            76    -28       19
  SINCE JUL 1     58           117    -59       19

 COOLING
  YESTERDAY        6             1      5        0
  MONTH TO DATE   41            38      3       78
  SINCE SEP 1     41            38      3       78
  SINCE JAN 1    667           504    163      878
......................................................


WIND (MPH)
  RESULTANT WIND SPEED   8   RESULTANT WIND DIRECTION  SW (220)
  HIGHEST WIND SPEED    25   HIGHEST WIND DIRECTION     S (200)
  HIGHEST GUST SPEED    34   HIGHEST GUST DIRECTION     S (190)
  AVERAGE WIND SPEED    10.0


SKY COVER
  AVERAGE SKY COVER 0.0


WEATHER CONDITIONS
 THE FOLLOWING WEATHER WAS RECORDED YESTERDAY.
  NO SIGNIFICANT WEATHER WAS OBSERVED.


RELATIVE HUMIDITY (PERCENT)
 HIGHEST    42           500 AM
 LOWEST     16           200 PM
 AVERAGE    29

..........................................................


THE ROME OR CLIMATE NORMALS FOR TODAY
                         NORMAL    RECORD    YEAR
 MAXIMUM TEMPERATURE (F)   78        MM        MM
 MINIMUM TEMPERATURE (F)   39        MM        MM


SUNRISE AND SUNSET
SEPTEMBER 19 2014.....SUNRISE   636 AM PDT   SUNSET   654 PM PDT
SEPTEMBER 20 2014.....SUNRISE   637 AM PDT   SUNSET   652 PM PDT


-  INDICATES NEGATIVE NUMBERS.
R  INDICATES RECORD WAS SET OR TIED.
MM INDICATES DATA IS MISSING.
T  INDICATES TRACE AMOUNT.




$$
