000
CDUS46 KBOI 260931
CLIREO


CLIMATE REPORT
NATIONAL WEATHER SERVICE BOISE ID
230 AM MST MON JAN 26 2015


...................................

...THE ROME OR CLIMATE SUMMARY FOR JANUARY 25 2015...

CLIMATE NORMAL PERIOD 1981 TO 2010
CLIMATE RECORD PERIOD 9999 TO 9999


WEATHER ITEM   OBSERVED TIME   NORMAL DEPARTURE LAST
                VALUE   (LST)  VALUE  FROM      YEAR
                                      NORMAL
......................................................
TEMPERATURE (F)
 YESTERDAY
  MAXIMUM         57    258 PM  40     17       32
  MINIMUM         28    552 AM  21      7       12
  AVERAGE         43            30     13       22

PRECIPITATION (IN)
  YESTERDAY        0.00          0.02  -0.02     0.00
  MONTH TO DATE    0.15          0.54  -0.39     0.06
  SINCE OCT 1      2.15          2.73  -0.58     0.25
  SINCE JAN 1      0.15          0.54  -0.39     0.06

DEGREE DAYS
 HEATING
  YESTERDAY       22            35    -13       43
  MONTH TO DATE  813           895    -82      802
  SINCE DEC 1   1731          2029   -298     1993
  SINCE JUL 1   2969          3642   -673     3511

 COOLING
  YESTERDAY        0             0      0        0
  MONTH TO DATE    0             0      0        0
  SINCE DEC 1      0             0      0        0
  SINCE JAN 1      0             0      0        0
......................................................


WIND (MPH)
  RESULTANT WIND SPEED   3   RESULTANT WIND DIRECTION  NE (60)
  HIGHEST WIND SPEED    12   HIGHEST WIND DIRECTION    SE (150)
  HIGHEST GUST SPEED    13   HIGHEST GUST DIRECTION    SE (150)
  AVERAGE WIND SPEED     4.6


SKY COVER
  AVERAGE SKY COVER 0.0


WEATHER CONDITIONS
 THE FOLLOWING WEATHER WAS RECORDED YESTERDAY.
  NO SIGNIFICANT WEATHER WAS OBSERVED.


RELATIVE HUMIDITY (PERCENT)
 HIGHEST    92           800 AM
 LOWEST     43           100 PM
 AVERAGE    68

..........................................................


THE ROME OR CLIMATE NORMALS FOR TODAY
                         NORMAL    RECORD    YEAR
 MAXIMUM TEMPERATURE (F)   40        MM        MM
 MINIMUM TEMPERATURE (F)   21        MM        MM


SUNRISE AND SUNSET
JANUARY 26 2015.......SUNRISE   711 AM PST   SUNSET   457 PM PST
JANUARY 27 2015.......SUNRISE   711 AM PST   SUNSET   458 PM PST


-  INDICATES NEGATIVE NUMBERS.
R  INDICATES RECORD WAS SET OR TIED.
MM INDICATES DATA IS MISSING.
T  INDICATES TRACE AMOUNT.




$$
