000
CDUS46 KBOI 170935
CLIREO


CLIMATE REPORT
NATIONAL WEATHER SERVICE BOISE ID
335 AM MDT TUE OCT 17 2017


...................................

...THE ROME OR CLIMATE SUMMARY FOR OCTOBER 16 2017...

CLIMATE NORMAL PERIOD 1981 TO 2010
CLIMATE RECORD PERIOD 9999 TO 9999


WEATHER ITEM   OBSERVED TIME   NORMAL DEPARTURE LAST
                VALUE   (LST)  VALUE  FROM      YEAR
                                      NORMAL
......................................................
TEMPERATURE (F)
 YESTERDAY
  MAXIMUM         71        MM  65      6       66
  MINIMUM         22        MM  31     -9       39
  AVERAGE         47            48     -1       53

PRECIPITATION (IN)
  YESTERDAY        0.00          0.03  -0.03     0.02
  MONTH TO DATE    0.12          0.35  -0.23     0.10
  SINCE OCT 1      0.12          0.35  -0.23     0.10
  SINCE JAN 1      7.24          7.08   0.16     4.41

DEGREE DAYS
 HEATING
  YESTERDAY       18            17      1       12
  MONTH TO DATE  320           233     87      186
  SINCE SEP 1    513           416     97      341
  SINCE JUL 1    513           457     56      362

 COOLING
  YESTERDAY        0             0      0        0
  MONTH TO DATE    0             0      0        0
  SINCE SEP 1    132            40     92       36
  SINCE JAN 1   1037           506    531      697
......................................................


WIND (MPH)
  RESULTANT WIND SPEED   3   RESULTANT WIND DIRECTION  SE (130)
  HIGHEST WIND SPEED     9   HIGHEST WIND DIRECTION     S (170)
  HIGHEST GUST SPEED    MM   HIGHEST GUST DIRECTION    MM
  AVERAGE WIND SPEED     4.4


SKY COVER
  AVERAGE SKY COVER 0.0


WEATHER CONDITIONS
 THE FOLLOWING WEATHER WAS RECORDED YESTERDAY.
  NO SIGNIFICANT WEATHER WAS OBSERVED.


RELATIVE HUMIDITY (PERCENT)
 HIGHEST    81           100 AM
 LOWEST     16           300 PM
 AVERAGE    49

..........................................................


THE ROME OR CLIMATE NORMALS FOR TODAY
                         NORMAL    RECORD    YEAR
 MAXIMUM TEMPERATURE (F)   64        MM        MM
 MINIMUM TEMPERATURE (F)   31        MM        MM


SUNRISE AND SUNSET
OCTOBER 17 2017.......SUNRISE   707 AM PDT   SUNSET   606 PM PDT
OCTOBER 18 2017.......SUNRISE   708 AM PDT   SUNSET   604 PM PDT


-  INDICATES NEGATIVE NUMBERS.
R  INDICATES RECORD WAS SET OR TIED.
MM INDICATES DATA IS MISSING.
T  INDICATES TRACE AMOUNT.




$$
