000
CDUS43 KLOT 200632
CLIRFD


CLIMATE REPORT
NATIONAL WEATHER SERVICE CHICAGO IL
131 AM CDT SUN APR 20 2014


...................................

...THE ROCKFORD IL CLIMATE SUMMARY FOR APRIL 19 2014...

CLIMATE NORMAL PERIOD 1981 TO 2010
CLIMATE RECORD PERIOD 1905 TO 2014


WEATHER ITEM   OBSERVED TIME   RECORD YEAR NORMAL DEPARTURE LAST
                VALUE   (LST)  VALUE       VALUE  FROM      YEAR
                                                  NORMAL
..................................................................
TEMPERATURE (F)
 YESTERDAY
  MAXIMUM         69    416 PM  87    1985  62      7       41
  MINIMUM         35    531 AM  16    1983  39     -4       33
  AVERAGE         52                        51      1       37

PRECIPITATION (IN)
  YESTERDAY        0.00          1.82 1927   0.11  -0.11     0.01
  MONTH TO DATE    1.71                      2.11  -0.40     7.54
  SINCE MAR 1      2.74                      4.43  -1.69     9.83
  SINCE JAN 1      6.48                      7.21  -0.73    15.90

SNOWFALL (IN)
  YESTERDAY        0.0           T    2013   0.0    0.0       T
                                      1996
  MONTH TO DATE    0.3                       0.8   -0.5       T
  SINCE MAR 1      9.4                       5.6    3.8     13.9
  SINCE JUL 1     56.9                      36.6   20.3     40.5
  SNOW DEPTH       0

DEGREE DAYS
 HEATING
  YESTERDAY       13                        15     -2       28
  MONTH TO DATE  353                       340     13      399
  SINCE MAR 1   1445                      1202    243     1491
  SINCE JUL 1   7337                      6204   1133     6228

 COOLING
  YESTERDAY        0                         0      0        0
  MONTH TO DATE    0                         0      0        0
  SINCE MAR 1      0                         0      0        0
  SINCE JAN 1      0                         0      0        0
..................................................................


WIND (MPH)
  HIGHEST WIND SPEED    20   HIGHEST WIND DIRECTION     S (170)
  HIGHEST GUST SPEED    23   HIGHEST GUST DIRECTION     S (180)
  AVERAGE WIND SPEED    10.8


SKY COVER
  POSSIBLE SUNSHINE  MM
  AVERAGE SKY COVER 0.5


WEATHER CONDITIONS
 THE FOLLOWING WEATHER WAS RECORDED YESTERDAY.
  NO SIGNIFICANT WEATHER WAS OBSERVED.


RELATIVE HUMIDITY (PERCENT)
 HIGHEST    70           100 AM
 LOWEST     26           400 PM
 AVERAGE    48

..........................................................


THE ROCKFORD IL CLIMATE NORMALS FOR TODAY
                         NORMAL    RECORD    YEAR
 MAXIMUM TEMPERATURE (F)   63        89      1987
 MINIMUM TEMPERATURE (F)   40        25      1956


SUNRISE AND SUNSET
APRIL 20 2014.........SUNRISE   608 AM CDT   SUNSET   743 PM CDT
APRIL 21 2014.........SUNRISE   606 AM CDT   SUNSET   744 PM CDT


-  INDICATES NEGATIVE NUMBERS.
R  INDICATES RECORD WAS SET OR TIED.
MM INDICATES DATA IS MISSING.
T  INDICATES TRACE AMOUNT.




$$
