000
CDUS43 KLOT 062144
CLIRFD


CLIMATE REPORT
NATIONAL WEATHER SERVICE CHICAGO IL
443 PM CDT MON JUL 6 2015


...................................

...THE ROCKFORD IL CLIMATE SUMMARY FOR JULY 6 2015...
VALID TODAY AS OF 0400 PM LOCAL TIME.

CLIMATE NORMAL PERIOD 1981 TO 2010
CLIMATE RECORD PERIOD 1905 TO 2015


WEATHER ITEM   OBSERVED TIME   RECORD YEAR NORMAL DEPARTURE LAST
                VALUE   (LST)  VALUE       VALUE  FROM      YEAR
                                                  NORMAL
..................................................................
TEMPERATURE (F)
 TODAY
  MAXIMUM         82    947 AM 104    2012  85     -3       86
  MINIMUM         65    301 AM  44    1967  63      2       62
  AVERAGE         74                        74      0       74

PRECIPITATION (IN)
  TODAY            0.26          1.93 1947   0.12   0.14     0.38
  MONTH TO DATE    0.26                      0.74  -0.48     0.47
  SINCE JUN 1      4.90                      5.39  -0.49     8.53
  SINCE JAN 1     16.09                     17.86  -1.77    18.50

SNOWFALL (IN)
  TODAY            0.0           0.0    MM   0.0    0.0      0.0
  MONTH TO DATE    0.0                       0.0    0.0      0.0
  SINCE JUN 1      0.0                       0.0    0.0      0.0
  SINCE JUL 1      0.0                       0.0    0.0      0.0

DEGREE DAYS
 HEATING
  TODAY            0                         0      0        0
  MONTH TO DATE    2                         0      2        3
  SINCE JUN 1     18                        31    -13       14
  SINCE JUL 1      2                         0      2        3

 COOLING
  TODAY            9                         9      0        9
  MONTH TO DATE   24                        54    -30       20
  SINCE JUN 1    176                       229    -53      215
  SINCE JAN 1    236                       284    -48      298
..................................................................


WIND (MPH)
  HIGHEST WIND SPEED    17   HIGHEST WIND DIRECTION    SW (210)
  HIGHEST GUST SPEED    21   HIGHEST GUST DIRECTION    SW (210)
  AVERAGE WIND SPEED     8.2


SKY COVER
  POSSIBLE SUNSHINE  MM
  AVERAGE SKY COVER 0.8


WEATHER CONDITIONS
 THE FOLLOWING WEATHER WAS RECORDED TODAY.
  THUNDERSTORM
  RAIN
  LIGHT RAIN
  FOG
  HAZE


RELATIVE HUMIDITY (PERCENT)
 HIGHEST    87          1200 AM
 LOWEST     74           900 AM
 AVERAGE    81

..........................................................


THE ROCKFORD IL CLIMATE NORMALS FOR TOMORROW
                         NORMAL    RECORD    YEAR
 MAXIMUM TEMPERATURE (F)   85       105      2012
                                             1936
 MINIMUM TEMPERATURE (F)   63        47      1984


SUNRISE AND SUNSET
JULY  6 2015..........SUNRISE   527 AM CDT   SUNSET   835 PM CDT
JULY  7 2015..........SUNRISE   527 AM CDT   SUNSET   835 PM CDT


-  INDICATES NEGATIVE NUMBERS.
R  INDICATES RECORD WAS SET OR TIED.
MM INDICATES DATA IS MISSING.
T  INDICATES TRACE AMOUNT.




$$
