000
CDUS43 KGRB 070617
CLIRHI


CLIMATE REPORT
NATIONAL WEATHER SERVICE GREEN BAY
116 AM CDT TUE JUL 7 2015


...................................

...THE RHINELANDER WI CLIMATE SUMMARY FOR JULY 6 2015...

CLIMATE NORMAL PERIOD 1981 TO 2010
CLIMATE RECORD PERIOD 1908 TO 2015


WEATHER ITEM   OBSERVED TIME   RECORD YEAR NORMAL DEPARTURE LAST
                VALUE   (LST)  VALUE       VALUE  FROM      YEAR
                                                  NORMAL
..................................................................
TEMPERATURE (F)
 YESTERDAY
  MAXIMUM         73        MM  94    1988  79     -6       76
  MINIMUM         56        MM  37    2001  54      2       61
  AVERAGE         65                        67     -2       69

PRECIPITATION (IN)
  YESTERDAY        1.13          2.80 1929   0.14   0.99     1.74
  MONTH TO DATE    1.13                      0.82   0.31     1.77
  SINCE JUN 1      4.69                      4.71  -0.02     8.50
  SINCE JAN 1     13.29                     14.39  -1.10    19.61

SNOWFALL (IN)
  YESTERDAY        0.0           0.0    MM  MM     MM        0.0
  MONTH TO DATE    0.0                      MM     MM        0.0
  SINCE JUN 1      0.0                      MM     MM        0.0
  SINCE JUL 1      0.0                      MM     MM        0.0
  SNOW DEPTH       0

DEGREE DAYS
 HEATING
  YESTERDAY        0                         2     -2        0
  MONTH TO DATE   16                        12      4       25
  SINCE JUN 1    148                       146      2      118
  SINCE JUL 1     16                        12      4       25

 COOLING
  YESTERDAY        0                         3     -3        4
  MONTH TO DATE    7                        18    -11        8
  SINCE JUN 1     10                        71    -61       70
  SINCE JAN 1     15                        83    -68       77
..................................................................


WIND (MPH)
  HIGHEST WIND SPEED    12   HIGHEST WIND DIRECTION    SW (210)
  HIGHEST GUST SPEED    20   HIGHEST GUST DIRECTION    SW (210)
  AVERAGE WIND SPEED     7.4


SKY COVER
  POSSIBLE SUNSHINE  MM
  AVERAGE SKY COVER 0.9


WEATHER CONDITIONS
 THE FOLLOWING WEATHER WAS RECORDED YESTERDAY.
  THUNDERSTORM
  HEAVY RAIN
  RAIN
  LIGHT RAIN
  FOG


RELATIVE HUMIDITY (PERCENT)
 HIGHEST   100           900 AM
 LOWEST     78          1200 AM
 AVERAGE    89

..........................................................


THE RHINELANDER WI CLIMATE NORMALS FOR TODAY
                         NORMAL    RECORD    YEAR
 MAXIMUM TEMPERATURE (F)   79        98      1936
 MINIMUM TEMPERATURE (F)   55        40      1918


SUNRISE AND SUNSET
JULY  7 2015..........SUNRISE   516 AM CDT   SUNSET   849 PM CDT
JULY  8 2015..........SUNRISE   517 AM CDT   SUNSET   848 PM CDT


-  INDICATES NEGATIVE NUMBERS.
R  INDICATES RECORD WAS SET OR TIED.
MM INDICATES DATA IS MISSING.
T  INDICATES TRACE AMOUNT.




$$
