000
CDUS43 KGRB 292141
CLIRHI


CLIMATE REPORT
NATIONAL WEATHER SERVICE GREEN BAY
441 PM CDT FRI MAY 29 2015


...................................

...THE RHINELANDER WI CLIMATE SUMMARY FOR MAY 29 2015...
VALID TODAY AS OF 0400 PM LOCAL TIME.

CLIMATE NORMAL PERIOD 1981 TO 2010
CLIMATE RECORD PERIOD 1908 TO 2015


WEATHER ITEM   OBSERVED TIME   RECORD YEAR NORMAL DEPARTURE LAST
                VALUE   (LST)  VALUE       VALUE  FROM      YEAR
                                                  NORMAL
..................................................................
TEMPERATURE (F)
 TODAY
  MAXIMUM         72    253 PM  92    1919  69      3       82
  MINIMUM         60   1236 AM  30    1965  45     15       43
  AVERAGE         66                        57      9       63

PRECIPITATION (IN)
  TODAY            T             2.51 1994   0.12  -0.12     0.00
  MONTH TO DATE    3.39                      3.23   0.16     2.88
  SINCE MAR 1      7.41                      7.38   0.03     8.50
  SINCE JAN 1      8.30                      9.42  -1.12    11.11

SNOWFALL (IN)
  TODAY            0.0           T    1947  MM     MM        0.0
  MONTH TO DATE    T                        MM     MM        0.1
  SINCE MAR 1     20.4                      MM     MM       37.8
  SINCE JUL 1     89.3                      MM     MM      110.3
  SNOW DEPTH       0

DEGREE DAYS
 HEATING
  TODAY            0                         9     -9        2
  MONTH TO DATE  279                       370    -91      371
  SINCE MAR 1   2094                      2248   -154     2709
  SINCE JUL 1   9435                      8870    565    10338

 COOLING
  TODAY            1                         1      0        0
  MONTH TO DATE    6                         7     -1        5
  SINCE MAR 1      6                         8     -2        5
  SINCE JAN 1      6                         8     -2        5
..................................................................


WIND (MPH)
  HIGHEST WIND SPEED    20   HIGHEST WIND DIRECTION    SW (220)
  HIGHEST GUST SPEED    27   HIGHEST GUST DIRECTION     S (200)
  AVERAGE WIND SPEED     8.3


SKY COVER
  POSSIBLE SUNSHINE  MM
  AVERAGE SKY COVER 0.7


WEATHER CONDITIONS
 THE FOLLOWING WEATHER WAS RECORDED TODAY.
  LIGHT RAIN


RELATIVE HUMIDITY (PERCENT)
 HIGHEST    78           600 AM
 LOWEST     67           200 AM
 AVERAGE    73

..........................................................


THE RHINELANDER WI CLIMATE NORMALS FOR TOMORROW
                         NORMAL    RECORD    YEAR
 MAXIMUM TEMPERATURE (F)   69        90      1939
 MINIMUM TEMPERATURE (F)   45        29      1915


SUNRISE AND SUNSET
MAY 29 2015...........SUNRISE   514 AM CDT   SUNSET   837 PM CDT
MAY 30 2015...........SUNRISE   513 AM CDT   SUNSET   838 PM CDT


-  INDICATES NEGATIVE NUMBERS.
R  INDICATES RECORD WAS SET OR TIED.
MM INDICATES DATA IS MISSING.
T  INDICATES TRACE AMOUNT.




$$
