414
CDUS43 KGRB 110630
CLIRHI


CLIMATE REPORT
NATIONAL WEATHER SERVICE GREEN BAY
1229 AM CST THU FEB 11 2016


...................................

...THE RHINELANDER WI CLIMATE SUMMARY FOR FEBRUARY 10 2016...

CLIMATE NORMAL PERIOD 1981 TO 2010
CLIMATE RECORD PERIOD 1908 TO 2016


WEATHER ITEM   OBSERVED TIME   RECORD YEAR NORMAL DEPARTURE LAST
                VALUE   (LST)  VALUE       VALUE  FROM      YEAR
                                                  NORMAL
..................................................................
TEMPERATURE (F)
 YESTERDAY
  MAXIMUM         10    410 PM  52    1977  25    -15       25
  MINIMUM         -1   1149 PM -34    1933   5     -6       12
  AVERAGE          5                        15    -10       19

PRECIPITATION (IN)
  YESTERDAY        T             0.54 2013   0.03  -0.03     0.08
  MONTH TO DATE    0.43                      0.31   0.12     0.10
  SINCE DEC 1      5.15                      2.86   2.29     2.80
  SINCE JAN 1      1.19                      1.42  -0.23     0.78

SNOWFALL (IN)
  YESTERDAY        T             4.0  2000  MM     MM        0.7
  MONTH TO DATE    5.6                      MM     MM        1.0
  SINCE DEC 1     25.7                      MM     MM       29.4
  SINCE JUL 1     29.8                      MM     MM       64.5
  SNOW DEPTH      13

DEGREE DAYS
 HEATING
  YESTERDAY       60                        50     10       46
  MONTH TO DATE  459                       511    -52      550
  SINCE DEC 1   3118                      3638   -520     3641
  SINCE JUL 1   4835                      5772   -937     6162

 COOLING
  YESTERDAY        0                         0      0        0
  MONTH TO DATE    0                         0      0        0
  SINCE DEC 1      0                         0      0        0
  SINCE JAN 1      0                         0      0        0
..................................................................


WIND (MPH)
  HIGHEST WIND SPEED    15   HIGHEST WIND DIRECTION     N (340)
  HIGHEST GUST SPEED    24   HIGHEST GUST DIRECTION     N (340)
  AVERAGE WIND SPEED     7.5


SKY COVER
  POSSIBLE SUNSHINE  MM
  AVERAGE SKY COVER 0.9


WEATHER CONDITIONS
 THE FOLLOWING WEATHER WAS RECORDED YESTERDAY.
  NO SIGNIFICANT WEATHER WAS OBSERVED.


RELATIVE HUMIDITY (PERCENT)
 HIGHEST    79           400 AM
 LOWEST     52           400 PM
 AVERAGE    66

..........................................................


THE RHINELANDER WI CLIMATE NORMALS FOR TODAY
                         NORMAL    RECORD    YEAR
 MAXIMUM TEMPERATURE (F)   25        50      1918
 MINIMUM TEMPERATURE (F)    5       -32      1917


SUNRISE AND SUNSET
FEBRUARY 11 2016......SUNRISE   706 AM CST   SUNSET   518 PM CST
FEBRUARY 12 2016......SUNRISE   705 AM CST   SUNSET   520 PM CST


-  INDICATES NEGATIVE NUMBERS.
R  INDICATES RECORD WAS SET OR TIED.
MM INDICATES DATA IS MISSING.
T  INDICATES TRACE AMOUNT.




$$
