938
CDUS43 KGRB 230703
CLIRHI


CLIMATE REPORT
NATIONAL WEATHER SERVICE GREEN BAY
103 AM CST THU NOV 23 2017


...................................

...THE RHINELANDER WI CLIMATE SUMMARY FOR NOVEMBER 22 2017...

CLIMATE NORMAL PERIOD 1981 TO 2010
CLIMATE RECORD PERIOD 1908 TO 2017


WEATHER ITEM   OBSERVED TIME   RECORD YEAR NORMAL DEPARTURE LAST
                VALUE   (LST)  VALUE       VALUE  FROM      YEAR
                                                  NORMAL
..................................................................
TEMPERATURE (F)
 YESTERDAY
  MAXIMUM         26    227 PM  60    2012  34     -8       33
  MINIMUM         16    730 AM  -8    1929  20     -4       14
  AVERAGE         21                        27     -6       24

PRECIPITATION (IN)
  YESTERDAY        T             0.93 1934   0.06  -0.06     0.00
  MONTH TO DATE    1.16                      1.37  -0.21     0.17
  SINCE SEP 1      7.42                      8.61  -1.19    11.43
  SINCE JAN 1     38.51                     29.49   9.02    39.02

SNOWFALL (IN)
  YESTERDAY        T             4.8  1961  MM     MM        0.0
  MONTH TO DATE   12.7                      MM     MM        0.9
  SINCE SEP 1     13.7                      MM     MM        0.9
  SINCE JUL 1     13.7                      MM     MM        0.9
  SNOW DEPTH       0

DEGREE DAYS
 HEATING
  YESTERDAY       44                        38      6       41
  MONTH TO DATE  790                       717     73      508
  SINCE SEP 1   1525                      1683   -158     1185
  SINCE JUL 1   1691                      1810   -119     1246

 COOLING
  YESTERDAY        0                         0      0        0
  MONTH TO DATE    0                         0      0        0
  SINCE SEP 1     53                        20     33       13
  SINCE JAN 1    215                       261    -46      321
..................................................................


WIND (MPH)
  HIGHEST WIND SPEED    14   HIGHEST WIND DIRECTION    SW (220)
  HIGHEST GUST SPEED    19   HIGHEST GUST DIRECTION    SW (220)
  AVERAGE WIND SPEED     7.9


SKY COVER
  POSSIBLE SUNSHINE  MM
  AVERAGE SKY COVER 0.7


WEATHER CONDITIONS
 THE FOLLOWING WEATHER WAS RECORDED YESTERDAY.
  LIGHT SNOW
  FOG


RELATIVE HUMIDITY (PERCENT)
 HIGHEST    80           100 AM
 LOWEST     55           100 PM
 AVERAGE    68

..........................................................


THE RHINELANDER WI CLIMATE NORMALS FOR TODAY
                         NORMAL    RECORD    YEAR
 MAXIMUM TEMPERATURE (F)   34        59      1931
 MINIMUM TEMPERATURE (F)   19        -9      1950


SUNRISE AND SUNSET
NOVEMBER 23 2017......SUNRISE   708 AM CST   SUNSET   420 PM CST
NOVEMBER 24 2017......SUNRISE   710 AM CST   SUNSET   419 PM CST


-  INDICATES NEGATIVE NUMBERS.
R  INDICATES RECORD WAS SET OR TIED.
MM INDICATES DATA IS MISSING.
T  INDICATES TRACE AMOUNT.




$$
