000
CDUS43 KGRB 302148
CLIRHI


CLIMATE REPORT
NATIONAL WEATHER SERVICE GREEN BAY
447 PM CDT SAT AUG 30 2014


...................................

...THE RHINELANDER WI CLIMATE SUMMARY FOR AUGUST 30 2014...
VALID TODAY AS OF 0400 PM LOCAL TIME.

CLIMATE NORMAL PERIOD 1981 TO 2010
CLIMATE RECORD PERIOD 1908 TO 2014


WEATHER ITEM   OBSERVED TIME   RECORD YEAR NORMAL DEPARTURE LAST
                VALUE   (LST)  VALUE       VALUE  FROM      YEAR
                                                  NORMAL
..................................................................
TEMPERATURE (F)
 TODAY
  MAXIMUM         68    916 AM  92    2012  74     -6       76
  MINIMUM         61    221 PM  28    1915  51     10       55
  AVERAGE         65                        62      3       66

PRECIPITATION (IN)
  TODAY            0.15          2.00 1941   0.11   0.04      T
  MONTH TO DATE    4.57                      3.17   1.40     5.47
  SINCE JUN 1     15.29                     11.08   4.21    13.51
  SINCE JAN 1     26.40                     20.76   5.64    26.84

SNOWFALL (IN)
  TODAY            0.0           0.0    MM  MM     MM        0.0
  MONTH TO DATE    0.0                      MM     MM        0.0
  SINCE JUN 1      0.0                      MM     MM        0.0
  SINCE JUL 1      0.0                      MM     MM        0.0
  SNOW DEPTH       0

DEGREE DAYS
 HEATING
  TODAY            0                         4     -4        0
  MONTH TO DATE   69                        72     -3      106
  SINCE JUN 1    286                       257     29      364
  SINCE JUL 1    193                       123     70      190

 COOLING
  TODAY            0                         1     -1        1
  MONTH TO DATE   29                        72    -43       76
  SINCE JUN 1    140                       230    -90      248
  SINCE JAN 1    147                       242    -95      262
..................................................................


WIND (MPH)
  HIGHEST WIND SPEED    10   HIGHEST WIND DIRECTION     N (340)
  HIGHEST GUST SPEED    16   HIGHEST GUST DIRECTION    NW (330)
  AVERAGE WIND SPEED     3.2


SKY COVER
  POSSIBLE SUNSHINE  MM
  AVERAGE SKY COVER 0.9


WEATHER CONDITIONS
 THE FOLLOWING WEATHER WAS RECORDED TODAY.
  RAIN
  LIGHT RAIN
  FOG


RELATIVE HUMIDITY (PERCENT)
 HIGHEST   100           100 AM
 LOWEST     87           900 AM
 AVERAGE    94

..........................................................


THE RHINELANDER WI CLIMATE NORMALS FOR TOMORROW
                         NORMAL    RECORD    YEAR
 MAXIMUM TEMPERATURE (F)   73        90      2000
 MINIMUM TEMPERATURE (F)   50        33      2009


SUNRISE AND SUNSET
AUGUST 30 2014........SUNRISE   617 AM CDT   SUNSET   739 PM CDT
AUGUST 31 2014........SUNRISE   618 AM CDT   SUNSET   738 PM CDT


-  INDICATES NEGATIVE NUMBERS.
R  INDICATES RECORD WAS SET OR TIED.
MM INDICATES DATA IS MISSING.
T  INDICATES TRACE AMOUNT.

$$
