660
CDUS41 KAKQ 312128
CLIRIC


CLIMATE REPORT
NATIONAL WEATHER SERVICE WAKEFIELD, VA
528 PM EDT WED AUG 31 2016


...................................

...THE RICHMOND VA CLIMATE SUMMARY FOR AUGUST 31 2016...
VALID TODAY AS OF 0500 PM LOCAL TIME.

CLIMATE NORMAL PERIOD 1981 TO 2010
CLIMATE RECORD PERIOD 1871 TO 2016


WEATHER ITEM   OBSERVED TIME   RECORD YEAR NORMAL DEPARTURE LAST
                VALUE   (LST)  VALUE       VALUE  FROM      YEAR
                                                  NORMAL
..................................................................
TEMPERATURE (F)
 TODAY
  MAXIMUM         92    126 PM 102    1953  86      6       87
  MINIMUM         68    407 AM  46    1934  65      3       71
  AVERAGE         80

PRECIPITATION (IN)
  TODAY            0.00          1.88 1964   0.13  -0.13      T
  MONTH TO DATE    0.53                      4.66  -4.13     2.77
  SINCE JUN 1     12.81                     13.10  -0.29    14.57
  SINCE JAN 1     33.44                     29.99   3.45    32.55

SNOWFALL (IN)
  TODAY            0.0
  MONTH TO DATE    0.0
  SINCE NOV 1     15.1
  SINCE JUL 1      0.0
  SNOW DEPTH       0

DEGREE DAYS
 HEATING
  TODAY            0                         0      0        0
  MONTH TO DATE    0                         0      0        0
  SINCE JUN 1      0                         8     -8        6
  SINCE JUL 1      0                         1     -1        0

 COOLING
  TODAY           15                        11      4       14
  MONTH TO DATE  482                       388     94      395
  SINCE JUN 1   1245                      1146     99     1245
  SINCE JAN 1   1354                      1307     47     1507
..................................................................


WIND (MPH)
  RESULTANT WIND SPEED   2   RESULTANT WIND DIRECTION   S (160)
  HIGHEST WIND SPEED    13   HIGHEST WIND DIRECTION     S (200)
  HIGHEST GUST SPEED    17   HIGHEST GUST DIRECTION     S (200)


SKY COVER
  POSSIBLE SUNSHINE  MM
  AVERAGE SKY COVER 0.6


WEATHER CONDITIONS
 THE FOLLOWING WEATHER WAS RECORDED TODAY.
  NO SIGNIFICANT WEATHER WAS OBSERVED.


RELATIVE HUMIDITY (PERCENT)
 HIGHEST    97
 LOWEST     44
 AVERAGE    71

..........................................................


THE RICHMOND VA CLIMATE NORMALS FOR TOMORROW
                         NORMAL    RECORD    YEAR
 MAXIMUM TEMPERATURE (F)   86       102      1953
 MINIMUM TEMPERATURE (F)   65        49      1946


SUNRISE AND SUNSET
AUGUST 31 2016........SUNRISE   639 AM EDT   SUNSET   739 PM EDT
SEPTEMBER  1 2016.....SUNRISE   640 AM EDT   SUNSET   738 PM EDT


-  INDICATES NEGATIVE NUMBERS.
R  INDICATES RECORD WAS SET OR TIED.
MM INDICATES DATA IS MISSING.
T  INDICATES TRACE AMOUNT.




$$
