000
CDUS41 KAKQ 040533
CLIRIC


CLIMATE REPORT
NATIONAL WEATHER SERVICE WAKEFIELD, VA
132 AM EDT TUE AUG 4 2015


...................................

...THE RICHMOND VA CLIMATE SUMMARY FOR AUGUST 3 2015...

CLIMATE NORMAL PERIOD 1981 TO 2010
CLIMATE RECORD PERIOD 1871 TO 2015


WEATHER ITEM   OBSERVED TIME   RECORD YEAR NORMAL DEPARTURE LAST
                VALUE   (LST)  VALUE       VALUE  FROM      YEAR
                                                  NORMAL
..................................................................
TEMPERATURE (F)
 YESTERDAY
  MAXIMUM         92    414 PM 102    2006  89      3       83
  MINIMUM         66    503 AM  56    1959  69     -3       71
  AVERAGE         79                        79      0       77

PRECIPITATION (IN)
  YESTERDAY        0.00          3.27 1958   0.16  -0.16     0.66
  MONTH TO DATE    0.00                      0.49  -0.49     2.25
  SINCE JUN 1     11.80                      8.93   2.87     8.27
  SINCE JAN 1     29.78                     25.82   3.96    24.31

SNOWFALL (IN)
  YESTERDAY        0.0           0.0  2002   0.0    0.0
                                      2001
  MONTH TO DATE    0.0                       0.0    0.0
  SINCE NOV 1     12.8                      10.3    2.5
  SINCE JUL 1      0.0                       0.0    0.0
  SNOW DEPTH       0

DEGREE DAYS
 HEATING
  YESTERDAY        0                         0      0        0
  MONTH TO DATE    0                         0      0        0
  SINCE JUN 1      6                         7     -1        0
  SINCE JUL 1      0                         0      0        0

 COOLING
  YESTERDAY       14                        14      0       12
  MONTH TO DATE   44                        42      2       25
  SINCE JUN 1    894                       800     94      839
  SINCE JAN 1   1156                       961    195     1047
..................................................................


WIND (MPH)
  HIGHEST WIND SPEED    17   HIGHEST WIND DIRECTION     S (200)
  HIGHEST GUST SPEED    21   HIGHEST GUST DIRECTION     S (200)
  AVERAGE WIND SPEED     7.2


SKY COVER
  POSSIBLE SUNSHINE  MM
  AVERAGE SKY COVER 0.4


WEATHER CONDITIONS
 THE FOLLOWING WEATHER WAS RECORDED YESTERDAY.
  NO SIGNIFICANT WEATHER WAS OBSERVED.


RELATIVE HUMIDITY (PERCENT)
 HIGHEST    87           500 AM
 LOWEST     44           500 PM
 AVERAGE    66

..........................................................


THE RICHMOND VA CLIMATE NORMALS FOR TODAY
                         NORMAL    RECORD    YEAR
 MAXIMUM TEMPERATURE (F)   89        99      1980
 MINIMUM TEMPERATURE (F)   69        57      1920
                                             1912


SUNRISE AND SUNSET
AUGUST  4 2015........SUNRISE   616 AM EDT   SUNSET   815 PM EDT
AUGUST  5 2015........SUNRISE   617 AM EDT   SUNSET   814 PM EDT


-  INDICATES NEGATIVE NUMBERS.
R  INDICATES RECORD WAS SET OR TIED.
MM INDICATES DATA IS MISSING.
T  INDICATES TRACE AMOUNT.




$$
