000
CDUS41 KAKQ 012227
CLIRIC


CLIMATE REPORT
NATIONAL WEATHER SERVICE WAKEFIELD, VA
527 PM EST SUN FEB 1 2015


...................................

...THE RICHMOND VA CLIMATE SUMMARY FOR FEBRUARY 1 2015...
VALID TODAY AS OF 0500 PM LOCAL TIME.

CLIMATE NORMAL PERIOD 1981 TO 2010
CLIMATE RECORD PERIOD 1871 TO 2015


WEATHER ITEM   OBSERVED TIME   RECORD YEAR NORMAL DEPARTURE LAST
                VALUE   (LST)  VALUE       VALUE  FROM      YEAR
                                                  NORMAL
..................................................................
TEMPERATURE (F)
 TODAY
  MAXIMUM         50    208 PM  79    2002  49      1       56
  MINIMUM         24    228 AM   3    1965  29     -5       24
                                      1940
  AVERAGE         37

PRECIPITATION (IN)
  TODAY            0.00          2.56 2008   0.10  -0.10     0.00
  MONTH TO DATE    0.00                      0.10  -0.10     0.00
  SINCE DEC 1      6.63                      6.40   0.23     9.39
  SINCE JAN 1      3.49                      3.14   0.35     3.28

SNOWFALL (IN)
  TODAY            0.0
  MONTH TO DATE    0.0
  SINCE NOV 1      0.3
  SINCE JUL 1      0.3
  SNOW DEPTH       0

DEGREE DAYS
 HEATING
  TODAY           28                        26      2       25
  MONTH TO DATE   28                        26      2       25
  SINCE DEC 1   1525                      1611    -86     1638
  SINCE JUL 1   2195                      2287    -92     2278

 COOLING
  TODAY            0                         0      0        0
  MONTH TO DATE    0                         0      0        0
  SINCE DEC 1      0                         1     -1        4
  SINCE JAN 1      0                         0      0        0
..................................................................


WIND (MPH)
  RESULTANT WIND SPEED   3   RESULTANT WIND DIRECTION  SE (150)
  HIGHEST WIND SPEED    12   HIGHEST WIND DIRECTION    SE (140)
  HIGHEST GUST SPEED    15   HIGHEST GUST DIRECTION    SE (140)


SKY COVER
  POSSIBLE SUNSHINE  MM
  AVERAGE SKY COVER 0.8


WEATHER CONDITIONS
 THE FOLLOWING WEATHER WAS RECORDED TODAY.
  NO SIGNIFICANT WEATHER WAS OBSERVED.


RELATIVE HUMIDITY (PERCENT)
 HIGHEST    75
 LOWEST     29
 AVERAGE    52

..........................................................


THE RICHMOND VA CLIMATE NORMALS FOR TOMORROW
                         NORMAL    RECORD    YEAR
 MAXIMUM TEMPERATURE (F)   49        78      1989
 MINIMUM TEMPERATURE (F)   29         3      1971


SUNRISE AND SUNSET
FEBRUARY  1 2015......SUNRISE   713 AM EST   SUNSET   533 PM EST
FEBRUARY  2 2015......SUNRISE   712 AM EST   SUNSET   534 PM EST


-  INDICATES NEGATIVE NUMBERS.
R  INDICATES RECORD WAS SET OR TIED.
MM INDICATES DATA IS MISSING.
T  INDICATES TRACE AMOUNT.




$$
