000
CDUS41 KAKQ 230829
CLIRIC


CLIMATE REPORT
NATIONAL WEATHER SERVICE WAKEFIELD, VA
428 AM EDT WED JUL 23 2014


...................................

...THE RICHMOND VA CLIMATE SUMMARY FOR JULY 22 2014...

CLIMATE NORMAL PERIOD 1981 TO 2010
CLIMATE RECORD PERIOD 1871 TO 2014


WEATHER ITEM   OBSERVED TIME   RECORD YEAR NORMAL DEPARTURE LAST
                VALUE   (LST)  VALUE       VALUE  FROM      YEAR
                                                  NORMAL
..................................................................
TEMPERATURE (F)
 YESTERDAY
  MAXIMUM         88    449 PM 103    1952  90     -2       89
                                      1930
  MINIMUM         69    603 AM  55    1974  69      0       72
  AVERAGE         79                        79      0       81

PRECIPITATION (IN)
  YESTERDAY        0.00          4.90 1969   0.15  -0.15     0.15
  MONTH TO DATE    0.43                      3.13  -2.70     4.90
  SINCE JUN 1      3.82                      7.06  -3.24    11.40
  SINCE JAN 1     19.86                     23.95  -4.09    30.28

SNOWFALL (IN)
  YESTERDAY        0.0           0.0  2002   0.0    0.0
                                      2001
  MONTH TO DATE    0.0                       0.0    0.0
  SINCE NOV 1     14.5                      10.3    4.2
  SINCE JUL 1      0.0                       0.0    0.0
  SNOW DEPTH       0

DEGREE DAYS
 HEATING
  YESTERDAY        0                         0      0        0
  MONTH TO DATE    0                         0      0        0
  SINCE JUN 1      0                         7     -7        0
  SINCE JUL 1      0                         0      0        0

 COOLING
  YESTERDAY       14                        14      0       16
  MONTH TO DATE  342                       317     25      374
  SINCE JUN 1    697                       632     65      732
  SINCE JAN 1    905                       793    112      945
..................................................................


WIND (MPH)
  HIGHEST WIND SPEED    12   HIGHEST WIND DIRECTION     E (110)
  HIGHEST GUST SPEED    18   HIGHEST GUST DIRECTION    SE (140)
  AVERAGE WIND SPEED     3.8


SKY COVER
  POSSIBLE SUNSHINE  MM
  AVERAGE SKY COVER 0.7


WEATHER CONDITIONS
 THE FOLLOWING WEATHER WAS RECORDED YESTERDAY.
  FOG


RELATIVE HUMIDITY (PERCENT)
 HIGHEST    97           400 AM
 LOWEST     51          1100 AM
 AVERAGE    74

..........................................................


THE RICHMOND VA CLIMATE NORMALS FOR TODAY
                         NORMAL    RECORD    YEAR
 MAXIMUM TEMPERATURE (F)   90       103      1952
 MINIMUM TEMPERATURE (F)   69        55      1974
                                             1947


SUNRISE AND SUNSET
JULY 23 2014..........SUNRISE   606 AM EDT   SUNSET   825 PM EDT
JULY 24 2014..........SUNRISE   607 AM EDT   SUNSET   824 PM EDT


-  INDICATES NEGATIVE NUMBERS.
R  INDICATES RECORD WAS SET OR TIED.
MM INDICATES DATA IS MISSING.
T  INDICATES TRACE AMOUNT.




$$
