000
CDUS41 KAKQ 292129
CLIRIC


CLIMATE REPORT
NATIONAL WEATHER SERVICE WAKEFIELD, VA
528 PM EDT MON MAY 29 2017


...................................

...THE RICHMOND VA CLIMATE SUMMARY FOR MAY 29 2017...
VALID TODAY AS OF 0500 PM LOCAL TIME.

CLIMATE NORMAL PERIOD 1981 TO 2010
CLIMATE RECORD PERIOD 1871 TO 2017


WEATHER ITEM   OBSERVED TIME   RECORD YEAR NORMAL DEPARTURE LAST
                VALUE   (LST)  VALUE       VALUE  FROM      YEAR
                                                  NORMAL
..................................................................
TEMPERATURE (F)
 TODAY
  MAXIMUM         89    247 PM  98    1941  81      8       80
  MINIMUM         68    446 AM  37    1936  59      9       63
  AVERAGE         79

PRECIPITATION (IN)
  TODAY            0.00          1.71 1984   0.13  -0.13     0.95
  MONTH TO DATE    7.57                      3.52   4.05     9.36
  SINCE MAR 1     13.53                     10.83   2.70    12.55
  SINCE JAN 1     18.53                     16.63   1.90    20.20

SNOWFALL (IN)
  TODAY            0.0
  MONTH TO DATE    0.0
  SINCE NOV 1      7.1
  SINCE JUL 1      7.1
  SNOW DEPTH       0

DEGREE DAYS
 HEATING
  TODAY            0                         1     -1        0
  MONTH TO DATE   83                        72     11      110
  SINCE MAR 1    687                       828   -141      737
  SINCE JUL 1   3169                      3764   -595     3325

 COOLING
  TODAY           14                         6      8        7
  MONTH TO DATE   97                       104     -7       62
  SINCE MAR 1    202                       146     56       92
  SINCE JAN 1    202                       146     56       92
..................................................................


WIND (MPH)
  RESULTANT WIND SPEED   6   RESULTANT WIND DIRECTION   W (280)
  HIGHEST WIND SPEED    14   HIGHEST WIND DIRECTION     W (250)
  HIGHEST GUST SPEED    18   HIGHEST GUST DIRECTION     W (280)


SKY COVER
  POSSIBLE SUNSHINE  MM
  AVERAGE SKY COVER 0.5


WEATHER CONDITIONS
 THE FOLLOWING WEATHER WAS RECORDED TODAY.
  FOG


RELATIVE HUMIDITY (PERCENT)
 HIGHEST    97
 LOWEST     44
 AVERAGE    71

..........................................................


THE RICHMOND VA CLIMATE NORMALS FOR TOMORROW
                         NORMAL    RECORD    YEAR
 MAXIMUM TEMPERATURE (F)   81        98      1991
 MINIMUM TEMPERATURE (F)   60        42      1932


SUNRISE AND SUNSET
MAY 29 2017...........SUNRISE   551 AM EDT   SUNSET   823 PM EDT
MAY 30 2017...........SUNRISE   551 AM EDT   SUNSET   824 PM EDT


-  INDICATES NEGATIVE NUMBERS.
R  INDICATES RECORD WAS SET OR TIED.
MM INDICATES DATA IS MISSING.
T  INDICATES TRACE AMOUNT.




$$
