534
CDUS41 KAKQ 240627
CLIRIC


CLIMATE REPORT
NATIONAL WEATHER SERVICE WAKEFIELD, VA
127 AM EST FRI NOV 24 2017


...................................

...THE RICHMOND VA CLIMATE SUMMARY FOR NOVEMBER 23 2017...

CLIMATE NORMAL PERIOD 1981 TO 2010
CLIMATE RECORD PERIOD 1871 TO 2017


WEATHER ITEM   OBSERVED TIME   RECORD YEAR NORMAL DEPARTURE LAST
                VALUE   (LST)  VALUE       VALUE  FROM      YEAR
                                                  NORMAL
..................................................................
TEMPERATURE (F)
 YESTERDAY
  MAXIMUM         45    405 PM  82    1900  59    -14       54
  MINIMUM         28   1126 PM  20    2008  37     -9       26
                                      1984
                                      1976
  AVERAGE         37                        48    -11       40

PRECIPITATION (IN)
  YESTERDAY        0.00          1.47 1907   0.10  -0.10     0.00
  MONTH TO DATE    1.43                      2.47  -1.04     0.82
  SINCE SEP 1      7.86                      9.58  -1.72    16.25
  SINCE JAN 1     36.91                     39.57  -2.66    49.69

SNOWFALL (IN)
  YESTERDAY        0.0           2.9  1929   0.0    0.0
  MONTH TO DATE    0.0                       0.1   -0.1
  SINCE NOV 1      0.0                       0.1   -0.1
  SINCE JUL 1      0.0                       0.1   -0.1
  SNOW DEPTH       0

DEGREE DAYS
 HEATING
  YESTERDAY       28                        17     11       25
  MONTH TO DATE  359                       313     46      352
  SINCE SEP 1    493                       545    -52      488
  SINCE JUL 1    493                       546    -53      488

 COOLING
  YESTERDAY        0                         0      0        0
  MONTH TO DATE    6                         0      6        4
  SINCE SEP 1    293                       236     57      345
  SINCE JAN 1   1706                      1543    163     1699
..................................................................


WIND (MPH)
  HIGHEST WIND SPEED    16   HIGHEST WIND DIRECTION    NE (30)
  HIGHEST GUST SPEED    21   HIGHEST GUST DIRECTION     N (360)
  AVERAGE WIND SPEED     3.3


SKY COVER
  POSSIBLE SUNSHINE  MM
  AVERAGE SKY COVER 0.4


WEATHER CONDITIONS
 THE FOLLOWING WEATHER WAS RECORDED YESTERDAY.
  NO SIGNIFICANT WEATHER WAS OBSERVED.


RELATIVE HUMIDITY (PERCENT)
 HIGHEST    85          1100 PM
 LOWEST     45           300 PM
 AVERAGE    65

..........................................................


THE RICHMOND VA CLIMATE NORMALS FOR TODAY
                         NORMAL    RECORD    YEAR
 MAXIMUM TEMPERATURE (F)   58        76      1979
 MINIMUM TEMPERATURE (F)   37        16      1976


SUNRISE AND SUNSET
NOVEMBER 24 2017......SUNRISE   659 AM EST   SUNSET   453 PM EST
NOVEMBER 25 2017......SUNRISE   700 AM EST   SUNSET   453 PM EST


-  INDICATES NEGATIVE NUMBERS.
R  INDICATES RECORD WAS SET OR TIED.
MM INDICATES DATA IS MISSING.
T  INDICATES TRACE AMOUNT.




$$
