000
CDUS41 KAKQ 180645
CLIRIC


CLIMATE REPORT
NATIONAL WEATHER SERVICE WAKEFIELD, VA
145 AM EST WED JAN 18 2017


...................................

...THE RICHMOND VA CLIMATE SUMMARY FOR JANUARY 17 2017...

CLIMATE NORMAL PERIOD 1981 TO 2010
CLIMATE RECORD PERIOD 1871 TO 2017


WEATHER ITEM   OBSERVED TIME   RECORD YEAR NORMAL DEPARTURE LAST
                VALUE   (LST)  VALUE       VALUE  FROM      YEAR
                                                  NORMAL
..................................................................
TEMPERATURE (F)
 YESTERDAY
  MAXIMUM         59    220 PM  80    1943  47     12       40
  MINIMUM         40    252 AM  -1    1977  28     12       32
  AVERAGE         50                        38     12       36

PRECIPITATION (IN)
  YESTERDAY        T             1.56 2013   0.09  -0.09     0.23
  MONTH TO DATE    2.40                      1.66   0.74     1.53
  SINCE DEC 1      5.20                      4.92   0.28     7.47
  SINCE JAN 1      2.40                      1.66   0.74     1.53

SNOWFALL (IN)
  YESTERDAY       MM             2.6  1985   0.2   MM
  MONTH TO DATE    7.1                       1.9    5.2
  SINCE NOV 1      7.1                       4.2    2.9
  SINCE JUL 1      7.1                       4.2    2.9
  SNOW DEPTH       0

DEGREE DAYS
 HEATING
  YESTERDAY       15                        27    -12       29
  MONTH TO DATE  444                       459    -15      439
  SINCE DEC 1   1178                      1202    -24      842
  SINCE JUL 1   1768                      1878   -110     1434

 COOLING
  YESTERDAY        0                         0      0        0
  MONTH TO DATE    0                         0      0        0
  SINCE DEC 1      0                         1     -1        8
  SINCE JAN 1      0                         0      0        0
..................................................................


WIND (MPH)
  HIGHEST WIND SPEED    17   HIGHEST WIND DIRECTION    SW (210)
  HIGHEST GUST SPEED    22   HIGHEST GUST DIRECTION    SW (210)
  AVERAGE WIND SPEED     8.3


SKY COVER
  POSSIBLE SUNSHINE  MM
  AVERAGE SKY COVER 1.0


WEATHER CONDITIONS
 THE FOLLOWING WEATHER WAS RECORDED YESTERDAY.
  LIGHT RAIN
  FOG


RELATIVE HUMIDITY (PERCENT)
 HIGHEST   100           300 AM
 LOWEST     80           100 PM
 AVERAGE    90

..........................................................


THE RICHMOND VA CLIMATE NORMALS FOR TODAY
                         NORMAL    RECORD    YEAR
 MAXIMUM TEMPERATURE (F)   47        70      1929
 MINIMUM TEMPERATURE (F)   28         0      1957


SUNRISE AND SUNSET
JANUARY 18 2017.......SUNRISE   722 AM EST   SUNSET   518 PM EST
JANUARY 19 2017.......SUNRISE   721 AM EST   SUNSET   520 PM EST


-  INDICATES NEGATIVE NUMBERS.
R  INDICATES RECORD WAS SET OR TIED.
MM INDICATES DATA IS MISSING.
T  INDICATES TRACE AMOUNT.




$$
