000
CDUS45 KRIW 300738
CLIRIW


CLIMATE REPORT
NATIONAL WEATHER SERVICE RIVERTON WY
138 AM MDT THU JUL 30 2015


...................................

...THE RIVERTON WY CLIMATE SUMMARY FOR JULY 29 2015...

CLIMATE NORMAL PERIOD 1981 TO 2010
CLIMATE RECORD PERIOD 1995 TO 2015


WEATHER ITEM   OBSERVED TIME   RECORD YEAR NORMAL DEPARTURE LAST
                VALUE   (LST)  VALUE       VALUE  FROM      YEAR
                                                  NORMAL
..................................................................
TEMPERATURE (F)
 YESTERDAY
  MAXIMUM         81    534 PM 101    2006  89     -8       74
  MINIMUM         47R   450 AM  50    2004  57    -10       57
  AVERAGE         64                        73     -9       66

PRECIPITATION (IN)
  YESTERDAY        0.00          0.31 2014   0.03  -0.03     0.31
  MONTH TO DATE    1.10                      0.85   0.25     0.78
  SINCE JUN 1      1.89                      2.13  -0.24     1.90
  SINCE JAN 1      8.74                      6.21   2.53     4.22

SNOWFALL (IN)
  YESTERDAY        0.0                                       0.0
  MONTH TO DATE    0.0                                       0.0
  SINCE JUN 1      T                                         0.0
  SINCE JUL 1      0.0                                       0.0
  SNOW DEPTH       0

DEGREE DAYS
 HEATING
  YESTERDAY        1                         0      1        0
  MONTH TO DATE   10                         8      2        4
  SINCE JUN 1     33                       127    -94      130
  SINCE JUL 1     10                         8      2        4

 COOLING
  YESTERDAY        0                         8     -8        1
  MONTH TO DATE  142                       202    -60      234
  SINCE JUN 1    273                       268      5      257
  SINCE JAN 1    273                       277     -4      272
..................................................................


WIND (MPH)
  HIGHEST WIND SPEED    13   HIGHEST WIND DIRECTION    NW (320)
  HIGHEST GUST SPEED    15   HIGHEST GUST DIRECTION    NW (320)
  AVERAGE WIND SPEED     7.5


SKY COVER
  POSSIBLE SUNSHINE  MM
  AVERAGE SKY COVER 0.0


WEATHER CONDITIONS
 THE FOLLOWING WEATHER WAS RECORDED YESTERDAY.
  NO SIGNIFICANT WEATHER WAS OBSERVED.


RELATIVE HUMIDITY (PERCENT)
 HIGHEST    54           400 AM
 LOWEST     12           500 PM
 AVERAGE    33

..........................................................


THE RIVERTON WY CLIMATE NORMALS FOR TODAY
                         NORMAL    RECORD    YEAR
 MAXIMUM TEMPERATURE (F)   89        96      2001
 MINIMUM TEMPERATURE (F)   57        48      2009


SUNRISE AND SUNSET
JULY 30 2015..........SUNRISE   602 AM MDT   SUNSET   838 PM MDT
JULY 31 2015..........SUNRISE   603 AM MDT   SUNSET   836 PM MDT


-  INDICATES NEGATIVE NUMBERS.
R  INDICATES RECORD WAS SET OR TIED.
MM INDICATES DATA IS MISSING.
T  INDICATES TRACE AMOUNT.




$$
