000
CDUS45 KRIW 010049
CLIRIW


CLIMATE REPORT
NATIONAL WEATHER SERVICE RIVERTON WY
641 PM MDT FRI OCT 31 2014


...................................

...THE RIVERTON WY CLIMATE SUMMARY FOR OCTOBER 31 2014...
VALID TODAY AS OF 0500 PM LOCAL TIME.

CLIMATE NORMAL PERIOD 1981 TO 2010
CLIMATE RECORD PERIOD 1995 TO 2014


WEATHER ITEM   OBSERVED TIME   RECORD YEAR NORMAL DEPARTURE LAST
                VALUE   (LST)  VALUE       VALUE  FROM      YEAR
                                                  NORMAL
..................................................................
TEMPERATURE (F)
 TODAY
  MAXIMUM         60        MM  69    1999  50     10       49
  MINIMUM         31        MM   6    2002  27      4       19
  AVERAGE         46                        39      7       34

PRECIPITATION (IN)
  TODAY            0.00          0.10 2000   0.01  -0.01      T
  MONTH TO DATE    0.16                      0.89  -0.73     1.94
  SINCE SEP 1      0.97                      1.79  -0.82     4.95
  SINCE JAN 1      6.34                      8.61  -2.27     9.01

SNOWFALL (IN)
  TODAY            0.0                                       0.0
  MONTH TO DATE    T                                        17.5
  SINCE SEP 1      0.3                                      24.8
  SINCE JUL 1      0.3                                      24.8
  SNOW DEPTH       0

DEGREE DAYS
 HEATING
  TODAY           19                        26     -7       31
  MONTH TO DATE  454                       615   -161      759
  SINCE SEP 1    626                       842   -216      946
  SINCE JUL 1    676                       880   -204      946

 COOLING
  TODAY            0                         0      0        0
  MONTH TO DATE    0                         0      0        0
  SINCE SEP 1     31                        26      5       68
  SINCE JAN 1    431                       494    -63      798
..................................................................


WIND (MPH)
  HIGHEST WIND SPEED     7   HIGHEST WIND DIRECTION     W (270)
  HIGHEST GUST SPEED    MM   HIGHEST GUST DIRECTION    MM
  AVERAGE WIND SPEED     3.9


SKY COVER
  POSSIBLE SUNSHINE  MM
  AVERAGE SKY COVER 0.0


WEATHER CONDITIONS
 THE FOLLOWING WEATHER WAS RECORDED TODAY.
  NO SIGNIFICANT WEATHER WAS OBSERVED.


RELATIVE HUMIDITY (PERCENT)
 HIGHEST    78           700 AM
 LOWEST     28           300 PM
 AVERAGE    53

..........................................................


THE RIVERTON WY CLIMATE NORMALS FOR TOMORROW
                         NORMAL    RECORD    YEAR
 MAXIMUM TEMPERATURE (F)   50        64      2008
 MINIMUM TEMPERATURE (F)   27         3      2002


SUNRISE AND SUNSET
OCTOBER 31 2014.......SUNRISE   747 AM MDT   SUNSET   607 PM MDT
NOVEMBER  1 2014......SUNRISE   748 AM MDT   SUNSET   606 PM MDT


-  INDICATES NEGATIVE NUMBERS.
R  INDICATES RECORD WAS SET OR TIED.
MM INDICATES DATA IS MISSING.
T  INDICATES TRACE AMOUNT.




$$
