000
CDUS45 KRIW 280031
CLIRIW


CLIMATE REPORT
NATIONAL WEATHER SERVICE RIVERTON WY
629 PM MDT SAT AUG 27 2016


...................................

...THE RIVERTON WY CLIMATE SUMMARY FOR AUGUST 27 2016...
VALID TODAY AS OF 0500 PM LOCAL TIME.

CLIMATE NORMAL PERIOD 1981 TO 2010
CLIMATE RECORD PERIOD 1995 TO 2016


WEATHER ITEM   OBSERVED TIME   RECORD YEAR NORMAL DEPARTURE LAST
                VALUE   (LST)  VALUE       VALUE  FROM      YEAR
                                                  NORMAL
..................................................................
TEMPERATURE (F)
 TODAY
  MAXIMUM         79        MM  95    2011  82     -3       78
  MINIMUM         46R       MM  46    2008  52     -6       55
  AVERAGE         63                        67     -4       67

PRECIPITATION (IN)
  TODAY            0.00          0.07 2014   0.02  -0.02     0.03
  MONTH TO DATE    0.44                      0.49  -0.05     0.06
  SINCE JUN 1      0.83                      2.66  -1.83     1.95
  SINCE JAN 1      9.72                      6.74   2.98     8.80

SNOWFALL (IN)
  TODAY            0.0                                       0.0
  MONTH TO DATE    0.0                                       0.0
  SINCE JUN 1      0.0                                        T
  SINCE JUL 1      0.0                                       0.0
  SNOW DEPTH       0

DEGREE DAYS
 HEATING
  TODAY            2                         2      0        0
  MONTH TO DATE   47                        18     29       25
  SINCE JUN 1     67                       149    -82       58
  SINCE JUL 1     51                        30     21       35

 COOLING
  TODAY            0                         3     -3        2
  MONTH TO DATE  134                       162    -28      165
  SINCE JUN 1    551                       448    103      450
  SINCE JAN 1    551                       457     94      450
..................................................................


WIND (MPH)
  HIGHEST WIND SPEED    14   HIGHEST WIND DIRECTION     W (280)
  HIGHEST GUST SPEED    MM   HIGHEST GUST DIRECTION    MM
  AVERAGE WIND SPEED     7.1


SKY COVER
  POSSIBLE SUNSHINE  MM
  AVERAGE SKY COVER 0.0


WEATHER CONDITIONS
 THE FOLLOWING WEATHER WAS RECORDED TODAY.
  NO SIGNIFICANT WEATHER WAS OBSERVED.


RELATIVE HUMIDITY (PERCENT)
 HIGHEST    80           100 AM
 LOWEST     12           300 PM
 AVERAGE    46

..........................................................


THE RIVERTON WY CLIMATE NORMALS FOR TOMORROW
                         NORMAL    RECORD    YEAR
 MAXIMUM TEMPERATURE (F)   81        94      2012
 MINIMUM TEMPERATURE (F)   51        43      2004


SUNRISE AND SUNSET
AUGUST 27 2016........SUNRISE   633 AM MDT   SUNSET   756 PM MDT
AUGUST 28 2016........SUNRISE   634 AM MDT   SUNSET   754 PM MDT


-  INDICATES NEGATIVE NUMBERS.
R  INDICATES RECORD WAS SET OR TIED.
MM INDICATES DATA IS MISSING.
T  INDICATES TRACE AMOUNT.




$$
