000
CDUS45 KRIW 070742
CLIRIW


CLIMATE REPORT
NATIONAL WEATHER SERVICE RIVERTON WY
130 AM MDT TUE JUL 7 2015


...................................

...THE RIVERTON WY CLIMATE SUMMARY FOR JULY 6 2015...

CLIMATE NORMAL PERIOD 1981 TO 2010
CLIMATE RECORD PERIOD 1995 TO 2015


WEATHER ITEM   OBSERVED TIME   RECORD YEAR NORMAL DEPARTURE LAST
                VALUE   (LST)  VALUE       VALUE  FROM      YEAR
                                                  NORMAL
..................................................................
TEMPERATURE (F)
 YESTERDAY
  MAXIMUM         71    312 PM  96    2007  85    -14       92
  MINIMUM         55    742 AM  45    2010  55      0       58
                                      2004
  AVERAGE         63                        70     -7       75

PRECIPITATION (IN)
  YESTERDAY        0.11R         0.01 2010   0.03   0.08     0.00
                                      2010
                                      2013
  MONTH TO DATE    0.15                      0.23  -0.08     0.16
  SINCE JUN 1      0.94                      1.51  -0.57     1.28
  SINCE JAN 1      7.79                      5.59   2.20     3.60

SNOWFALL (IN)
  YESTERDAY        0.0                                       0.0
  MONTH TO DATE    0.0                                       0.0
  SINCE JUN 1      T                                         0.0
  SINCE JUL 1      0.0                                       0.0
  SNOW DEPTH       0

DEGREE DAYS
 HEATING
  YESTERDAY        2                         1      1        0
  MONTH TO DATE    2                         6     -4        4
  SINCE JUN 1     25                       125   -100      130
  SINCE JUL 1      2                         6     -4        4

 COOLING
  YESTERDAY        0                         6     -6       10
  MONTH TO DATE   45                        31     14       40
  SINCE JUN 1    176                        97     79       63
  SINCE JAN 1    176                       106     70       78
..................................................................


WIND (MPH)
  HIGHEST WIND SPEED    21   HIGHEST WIND DIRECTION     N (10)
  HIGHEST GUST SPEED    26   HIGHEST GUST DIRECTION     N (10)
  AVERAGE WIND SPEED     5.9


SKY COVER
  POSSIBLE SUNSHINE  MM
  AVERAGE SKY COVER 0.9


WEATHER CONDITIONS
 THE FOLLOWING WEATHER WAS RECORDED YESTERDAY.
  RAIN
  LIGHT RAIN
  FOG


RELATIVE HUMIDITY (PERCENT)
 HIGHEST    93           700 AM
 LOWEST     51           500 PM
 AVERAGE    72

..........................................................


THE RIVERTON WY CLIMATE NORMALS FOR TODAY
                         NORMAL    RECORD    YEAR
 MAXIMUM TEMPERATURE (F)   86        94      2007
 MINIMUM TEMPERATURE (F)   55        40      2010


SUNRISE AND SUNSET
JULY  7 2015..........SUNRISE   542 AM MDT   SUNSET   855 PM MDT
JULY  8 2015..........SUNRISE   543 AM MDT   SUNSET   855 PM MDT


-  INDICATES NEGATIVE NUMBERS.
R  INDICATES RECORD WAS SET OR TIED.
MM INDICATES DATA IS MISSING.
T  INDICATES TRACE AMOUNT.




$$
