000
CDUS45 KRIW 240728
CLIRIW


CLIMATE REPORT
NATIONAL WEATHER SERVICE RIVERTON WY
127 AM MDT THU JUL 24 2014


...................................

...THE RIVERTON WY CLIMATE SUMMARY FOR JULY 23 2014...

CLIMATE NORMAL PERIOD 1981 TO 2010
CLIMATE RECORD PERIOD 1995 TO 2014


WEATHER ITEM   OBSERVED TIME   RECORD YEAR NORMAL DEPARTURE LAST
                VALUE   (LST)  VALUE       VALUE  FROM      YEAR
                                                  NORMAL
..................................................................
TEMPERATURE (F)
 YESTERDAY
  MAXIMUM         98    421 PM  99    2000  89      9       92
  MINIMUM         62    537 AM  50    2004  58      4       62
  AVERAGE         80                        73      7       77

PRECIPITATION (IN)
  YESTERDAY        0.00          0.16 2004   0.02  -0.02     0.00
  MONTH TO DATE    0.47                      0.71  -0.24     0.28
  SINCE JUN 1      1.59                      1.99  -0.40     0.33
  SINCE JAN 1      3.91                      6.07  -2.16     3.77

SNOWFALL (IN)
  YESTERDAY        0.0                                       0.0
  MONTH TO DATE    0.0                                       0.0
  SINCE JUN 1      0.0                                       0.0
  SINCE JUL 1      0.0                                       0.0
  SNOW DEPTH       0

DEGREE DAYS
 HEATING
  YESTERDAY        0                         0      0        0
  MONTH TO DATE    4                         8     -4        0
  SINCE JUN 1    130                       127      3       52
  SINCE JUL 1      4                         8     -4        0

 COOLING
  YESTERDAY       15                         8      7       12
  MONTH TO DATE  182                       154     28      260
  SINCE JUN 1    205                       220    -15      397
  SINCE JAN 1    220                       229     -9      410
..................................................................


WIND (MPH)
  HIGHEST WIND SPEED    31   HIGHEST WIND DIRECTION    SW (220)
  HIGHEST GUST SPEED    44   HIGHEST GUST DIRECTION    SW (230)
  AVERAGE WIND SPEED     8.0


SKY COVER
  POSSIBLE SUNSHINE  MM
  AVERAGE SKY COVER 0.0


WEATHER CONDITIONS
 THE FOLLOWING WEATHER WAS RECORDED YESTERDAY.
  NO SIGNIFICANT WEATHER WAS OBSERVED.


RELATIVE HUMIDITY (PERCENT)
 HIGHEST    72           500 AM
 LOWEST     12           500 PM
 AVERAGE    42

..........................................................


THE RIVERTON WY CLIMATE NORMALS FOR TODAY
                         NORMAL    RECORD    YEAR
 MAXIMUM TEMPERATURE (F)   89       100      2003
 MINIMUM TEMPERATURE (F)   58        46      2004


SUNRISE AND SUNSET
JULY 24 2014..........SUNRISE   556 AM MDT   SUNSET   844 PM MDT
JULY 25 2014..........SUNRISE   557 AM MDT   SUNSET   843 PM MDT


-  INDICATES NEGATIVE NUMBERS.
R  INDICATES RECORD WAS SET OR TIED.
MM INDICATES DATA IS MISSING.
T  INDICATES TRACE AMOUNT.




$$
