000
CDUS45 KRIW 230028
CLIRIW


CLIMATE REPORT
NATIONAL WEATHER SERVICE RIVERTON WY
627 PM MDT THU JUN 22 2017


...................................

...THE RIVERTON WY CLIMATE SUMMARY FOR JUNE 22 2017...
VALID TODAY AS OF 0500 PM LOCAL TIME.

CLIMATE NORMAL PERIOD 1981 TO 2010
CLIMATE RECORD PERIOD 1995 TO 2017


WEATHER ITEM   OBSERVED TIME   RECORD YEAR NORMAL DEPARTURE LAST
                VALUE   (LST)  VALUE       VALUE  FROM      YEAR
                                                  NORMAL
..................................................................
TEMPERATURE (F)
 TODAY
  MAXIMUM         81        MM  95    2012  80      1       89
  MINIMUM         59        MM  46    2011  51      8       55
                                      1998
  AVERAGE         70                        65      5       72

PRECIPITATION (IN)
  TODAY            0.00          0.14 2014   0.04  -0.04     0.00
  MONTH TO DATE    0.18                      0.99  -0.81     0.32
  SINCE JUN 1      0.18                      0.99  -0.81     0.32
  SINCE JAN 1     10.34                      5.07   5.27     9.21

SNOWFALL (IN)
  TODAY            0.0                                       0.0
  MONTH TO DATE    0.0                                       0.0
  SINCE JUN 1      0.0                                       0.0
  SINCE JUL 1     66.4                                      62.4
  SNOW DEPTH       0

DEGREE DAYS
 HEATING
  TODAY            0                         2     -2        0
  MONTH TO DATE   38                       105    -67       14
  SINCE JUN 1     38                       105    -67       14
  SINCE JUL 1   7610                      7856   -246     7102

 COOLING
  TODAY            5                         3      2        7
  MONTH TO DATE   46                        37      9      114
  SINCE JUN 1     46                        37      9      114
  SINCE JAN 1     46                        46      0      114
..................................................................


WIND (MPH)
  HIGHEST WIND SPEED    17   HIGHEST WIND DIRECTION     N (20)
  HIGHEST GUST SPEED    25   HIGHEST GUST DIRECTION     N (20)
  AVERAGE WIND SPEED    11.1


SKY COVER
  POSSIBLE SUNSHINE  MM
  AVERAGE SKY COVER 0.0


WEATHER CONDITIONS
 THE FOLLOWING WEATHER WAS RECORDED TODAY.
  NO SIGNIFICANT WEATHER WAS OBSERVED.


RELATIVE HUMIDITY (PERCENT)
 HIGHEST    39          1200 AM
 LOWEST     17           300 PM
 AVERAGE    28

..........................................................


THE RIVERTON WY CLIMATE NORMALS FOR TOMORROW
                         NORMAL    RECORD    YEAR
 MAXIMUM TEMPERATURE (F)   81        98      2007
 MINIMUM TEMPERATURE (F)   51        41      2013


SUNRISE AND SUNSET
JUNE 22 2017..........SUNRISE   535 AM MDT   SUNSET   857 PM MDT
JUNE 23 2017..........SUNRISE   535 AM MDT   SUNSET   857 PM MDT


-  INDICATES NEGATIVE NUMBERS.
R  INDICATES RECORD WAS SET OR TIED.
MM INDICATES DATA IS MISSING.
T  INDICATES TRACE AMOUNT.




$$
