000
CDUS45 KRIW 170729
CLIRIW


CLIMATE REPORT
NATIONAL WEATHER SERVICE RIVERTON WY
128 AM MDT THU APR 17 2014


...................................

...THE RIVERTON WY CLIMATE SUMMARY FOR APRIL 16 2014...

CLIMATE NORMAL PERIOD 1981 TO 2010
CLIMATE RECORD PERIOD 1995 TO 2014


WEATHER ITEM   OBSERVED TIME   RECORD YEAR NORMAL DEPARTURE LAST
                VALUE   (LST)  VALUE       VALUE  FROM      YEAR
                                                  NORMAL
..................................................................
TEMPERATURE (F)
 YESTERDAY
  MAXIMUM         51    357 PM  71    2006  57     -6       28
  MINIMUM         28    305 AM  17    2013  31     -3       17
  AVERAGE         40                        44     -4       23

PRECIPITATION (IN)
  YESTERDAY        T             0.36 2013   0.05  -0.05     0.36
  MONTH TO DATE    0.06                      0.57  -0.51     0.87
  SINCE MAR 1      0.56                      1.12  -0.56     0.98
  SINCE JAN 1      1.46                      1.63  -0.17     1.63

SNOWFALL (IN)
  YESTERDAY        0.1                                       3.7
  MONTH TO DATE    0.4                                       9.9
  SINCE MAR 1      3.8                                      11.0
  SINCE JUL 1     53.0                                      29.8
  SNOW DEPTH       T

DEGREE DAYS
 HEATING
  YESTERDAY       25                        21      4       42
  MONTH TO DATE  365                       364      1      437
  SINCE MAR 1   1281                      1282     -1     1313
  SINCE JUL 1   7162                      7136     26     6879

 COOLING
  YESTERDAY        0                         0      0        0
  MONTH TO DATE    0                         0      0        0
  SINCE MAR 1      0                         0      0        0
  SINCE JAN 1      0                         0      0        0
..................................................................


WIND (MPH)
  HIGHEST WIND SPEED    17   HIGHEST WIND DIRECTION    NE (50)
  HIGHEST GUST SPEED    22   HIGHEST GUST DIRECTION     E (110)
  AVERAGE WIND SPEED     6.5


SKY COVER
  POSSIBLE SUNSHINE  MM
  AVERAGE SKY COVER 0.5


WEATHER CONDITIONS
 THE FOLLOWING WEATHER WAS RECORDED YESTERDAY.
  LIGHT SNOW
  FOG


RELATIVE HUMIDITY (PERCENT)
 HIGHEST    92           400 AM
 LOWEST     26           500 PM
 AVERAGE    59

..........................................................


THE RIVERTON WY CLIMATE NORMALS FOR TODAY
                         NORMAL    RECORD    YEAR
 MAXIMUM TEMPERATURE (F)   58        76      2005
 MINIMUM TEMPERATURE (F)   31        16      2013


SUNRISE AND SUNSET
APRIL 17 2014.........SUNRISE   629 AM MDT   SUNSET   759 PM MDT
APRIL 18 2014.........SUNRISE   627 AM MDT   SUNSET   800 PM MDT


-  INDICATES NEGATIVE NUMBERS.
R  INDICATES RECORD WAS SET OR TIED.
MM INDICATES DATA IS MISSING.
T  INDICATES TRACE AMOUNT.




$$
