000
CDUS45 KRIW 210738
CLIRIW


CLIMATE REPORT
NATIONAL WEATHER SERVICE RIVERTON WY
1237 AM MST SAT JAN 21 2017


...................................

...THE RIVERTON WY CLIMATE SUMMARY FOR JANUARY 20 2017...

CLIMATE NORMAL PERIOD 1981 TO 2010
CLIMATE RECORD PERIOD 1995 TO 2017


WEATHER ITEM   OBSERVED TIME   RECORD YEAR NORMAL DEPARTURE LAST
                VALUE   (LST)  VALUE       VALUE  FROM      YEAR
                                                  NORMAL
..................................................................
TEMPERATURE (F)
 YESTERDAY
  MAXIMUM         29        MM  48    2012  31     -2       40
                                      2005
  MINIMUM         MM        MM  -4    2008   9     MM       16
  AVERAGE         MM                        20     MM       28

PRECIPITATION (IN)
  YESTERDAY        0.00          0.08 2007   0.00   0.00     0.00
  MONTH TO DATE    0.34                      0.16   0.18     0.33
  SINCE DEC 1      1.11                      0.48   0.63     0.41
  SINCE JAN 1      0.34                      0.16   0.18     0.33

SNOWFALL (IN)
  YESTERDAY        0.0                                       0.0
  MONTH TO DATE    5.9                                       4.2
  SINCE DEC 1     18.5                                       6.4
  SINCE JUL 1     22.9                                      24.5
  SNOW DEPTH       4

DEGREE DAYS
 HEATING
  YESTERDAY       MM                        45     MM       37
  MONTH TO DATE 1139                       906    233      982
  SINCE DEC 1   2669                      2307    362     2382
  SINCE JUL 1   4265                      4223     42     3921

 COOLING
  YESTERDAY       MM                         0     MM        0
  MONTH TO DATE    0                         0      0        0
  SINCE DEC 1      0                         0      0        0
  SINCE JAN 1      0                         0      0        0
..................................................................


WIND (MPH)
  HIGHEST WIND SPEED     8   HIGHEST WIND DIRECTION    NW (320)
  HIGHEST GUST SPEED    MM   HIGHEST GUST DIRECTION    MM
  AVERAGE WIND SPEED     2.9


SKY COVER
  POSSIBLE SUNSHINE  MM
  AVERAGE SKY COVER 0.3


WEATHER CONDITIONS
 THE FOLLOWING WEATHER WAS RECORDED YESTERDAY.
  FOG
  HAZE


RELATIVE HUMIDITY (PERCENT)
 HIGHEST    88           800 AM
 LOWEST     68           200 PM
 AVERAGE    78

..........................................................


THE RIVERTON WY CLIMATE NORMALS FOR TODAY
                         NORMAL    RECORD    YEAR
 MAXIMUM TEMPERATURE (F)   31        51      2005
 MINIMUM TEMPERATURE (F)    9       -18      2008


SUNRISE AND SUNSET
JANUARY 21 2017.......SUNRISE   739 AM MST   SUNSET   512 PM MST
JANUARY 22 2017.......SUNRISE   738 AM MST   SUNSET   514 PM MST


-  INDICATES NEGATIVE NUMBERS.
R  INDICATES RECORD WAS SET OR TIED.
MM INDICATES DATA IS MISSING.
T  INDICATES TRACE AMOUNT.




$$
