000
CDUS45 KRIW 270030
CLIRKS


CLIMATE REPORT
NATIONAL WEATHER SERVICE RIVERTON WY
529 PM MST WED NOV 26 2014


...................................

...THE ROCK SPRINGS WY CLIMATE SUMMARY FOR NOVEMBER 26 2014...
VALID TODAY AS OF 0500 PM LOCAL TIME.

CLIMATE NORMAL PERIOD 1981 TO 2010
CLIMATE RECORD PERIOD 1948 TO 2014


WEATHER ITEM   OBSERVED TIME   RECORD YEAR NORMAL DEPARTURE LAST
                VALUE   (LST)  VALUE       VALUE  FROM      YEAR
                                                  NORMAL
..................................................................
TEMPERATURE (F)
 TODAY
  MAXIMUM         46        MM  58    1949  35     11       42
  MINIMUM         35        MM  -8    1976  17     18       20
  AVERAGE         41                        26     15       31

PRECIPITATION (IN)
  TODAY            0.00                      0.01  -0.01     0.00
  MONTH TO DATE    0.10                      0.43  -0.33     0.03
  SINCE SEP 1      1.62                      2.22  -0.60     2.26
  SINCE JAN 1      4.10                      8.00  -3.90     4.46

DEGREE DAYS
 HEATING
  TODAY           24                        39    -15       34
  MONTH TO DATE  929                       863     66      842
  SINCE SEP 1   1622                      1766   -144     1782
  SINCE JUL 1   1713                      1830   -117     1783

 COOLING
  TODAY            0                         0      0        0
  MONTH TO DATE    0                         0      0        0
  SINCE SEP 1      8                         9     -1       44
  SINCE JAN 1    307                       286     21      517
..................................................................


WIND (MPH)
  HIGHEST WIND SPEED    37   HIGHEST WIND DIRECTION     W (260)
  HIGHEST GUST SPEED    48   HIGHEST GUST DIRECTION     W (250)
  AVERAGE WIND SPEED    29.5


SKY COVER
  POSSIBLE SUNSHINE  MM
  AVERAGE SKY COVER 0.5


WEATHER CONDITIONS
 THE FOLLOWING WEATHER WAS RECORDED TODAY.
  NO SIGNIFICANT WEATHER WAS OBSERVED.


RELATIVE HUMIDITY (PERCENT)
 HIGHEST    82           500 AM
 LOWEST     45           300 PM
 AVERAGE    64

..........................................................


THE ROCK SPRINGS WY CLIMATE NORMALS FOR TOMORROW
                         NORMAL    RECORD    YEAR
 MAXIMUM TEMPERATURE (F)   34        60      1998
 MINIMUM TEMPERATURE (F)   16       -13      1976


SUNRISE AND SUNSET
NOVEMBER 26 2014......SUNRISE   718 AM MST   SUNSET   449 PM MST
NOVEMBER 27 2014......SUNRISE   719 AM MST   SUNSET   448 PM MST


-  INDICATES NEGATIVE NUMBERS.
R  INDICATES RECORD WAS SET OR TIED.
MM INDICATES DATA IS MISSING.
T  INDICATES TRACE AMOUNT.




$$
