000
CDUS45 KRIW 220741
CLIRKS


CLIMATE REPORT
NATIONAL WEATHER SERVICE RIVERTON WY
1241 AM MST MON DEC 22 2014


...................................

...THE ROCK SPRINGS WY CLIMATE SUMMARY FOR DECEMBER 21 2014...

CLIMATE NORMAL PERIOD 1981 TO 2010
CLIMATE RECORD PERIOD 1948 TO 2014


WEATHER ITEM   OBSERVED TIME   RECORD YEAR NORMAL DEPARTURE LAST
                VALUE   (LST)  VALUE       VALUE  FROM      YEAR
                                                  NORMAL
..................................................................
TEMPERATURE (F)
 YESTERDAY
  MAXIMUM         39    158 PM  51    1969  29     10       24
  MINIMUM         29    445 AM -29    1990  12     17       13
  AVERAGE         34                        20     14       19

PRECIPITATION (IN)
  YESTERDAY        0.02          0.19 1963   0.02   0.00      T
  MONTH TO DATE    0.03                      0.35  -0.32     0.18
  SINCE DEC 1      0.03                      0.35  -0.32     0.18
  SINCE JAN 1      4.16                      8.41  -4.25     4.64

DEGREE DAYS
 HEATING
  YESTERDAY       31                        45    -14       46
  MONTH TO DATE  722                       916   -194      912
  SINCE DEC 1    722                       916   -194      912
  SINCE JUL 1   2538                      2909   -371     2820

 COOLING
  YESTERDAY        0                         0      0        0
  MONTH TO DATE    0                         0      0        0
  SINCE DEC 1      0                         0      0        0
  SINCE JAN 1    307                       286     21      517
..................................................................


WIND (MPH)
  HIGHEST WIND SPEED    45   HIGHEST WIND DIRECTION     W (260)
  HIGHEST GUST SPEED    59   HIGHEST GUST DIRECTION     W (280)
  AVERAGE WIND SPEED    26.6


SKY COVER
  POSSIBLE SUNSHINE  MM
  AVERAGE SKY COVER 0.8


WEATHER CONDITIONS
 THE FOLLOWING WEATHER WAS RECORDED YESTERDAY.
  LIGHT RAIN
  SNOW
  LIGHT SNOW
  FOG


RELATIVE HUMIDITY (PERCENT)
 HIGHEST   100           900 PM
 LOWEST     75           700 PM
 AVERAGE    88

..........................................................


THE ROCK SPRINGS WY CLIMATE NORMALS FOR TODAY
                         NORMAL    RECORD    YEAR
 MAXIMUM TEMPERATURE (F)   29        47      1964
 MINIMUM TEMPERATURE (F)   12       -29      1990


SUNRISE AND SUNSET
DECEMBER 22 2014......SUNRISE   740 AM MST   SUNSET   450 PM MST
DECEMBER 23 2014......SUNRISE   741 AM MST   SUNSET   450 PM MST


-  INDICATES NEGATIVE NUMBERS.
R  INDICATES RECORD WAS SET OR TIED.
MM INDICATES DATA IS MISSING.
T  INDICATES TRACE AMOUNT.




$$
