000
CDUS45 KRIW 130739
CLIRKS


CLIMATE REPORT
NATIONAL WEATHER SERVICE RIVERTON WY
1230 AM MST SAT FEB 13 2016


...................................

...THE ROCK SPRINGS WY CLIMATE SUMMARY FOR FEBRUARY 12 2016...

CLIMATE NORMAL PERIOD 1981 TO 2010
CLIMATE RECORD PERIOD 1948 TO 2016


WEATHER ITEM   OBSERVED TIME   RECORD YEAR NORMAL DEPARTURE LAST
                VALUE   (LST)  VALUE       VALUE  FROM      YEAR
                                                  NORMAL
..................................................................
TEMPERATURE (F)
 YESTERDAY
  MAXIMUM         48    312 PM  56    1954  32     16       50
  MINIMUM         29    717 AM -14    1948  14     15       31
  AVERAGE         39                        23     16       41

PRECIPITATION (IN)
  YESTERDAY        0.00          0.45 1962   0.02  -0.02     0.00
  MONTH TO DATE    0.01                      0.21  -0.20     0.05
  SINCE DEC 1      0.08                      1.16  -1.08     0.17
  SINCE JAN 1      0.04                      0.66  -0.62     0.06

DEGREE DAYS
 HEATING
  YESTERDAY       26                        42    -16       24
  MONTH TO DATE  490                       513    -23      314
  SINCE DEC 1   3329                      3224    105     2676
  SINCE JUL 1   4995                      5217   -222     4492

 COOLING
  YESTERDAY        0                         0      0        0
  MONTH TO DATE    0                         0      0        0
  SINCE DEC 1      0                         0      0        0
  SINCE JAN 1      0                         0      0        0
..................................................................


WIND (MPH)
  HIGHEST WIND SPEED    17   HIGHEST WIND DIRECTION    SW (230)
  HIGHEST GUST SPEED    22   HIGHEST GUST DIRECTION    SW (220)
  AVERAGE WIND SPEED     9.4


SKY COVER
  POSSIBLE SUNSHINE  MM
  AVERAGE SKY COVER 0.1


WEATHER CONDITIONS
 THE FOLLOWING WEATHER WAS RECORDED YESTERDAY.
  NO SIGNIFICANT WEATHER WAS OBSERVED.


RELATIVE HUMIDITY (PERCENT)
 HIGHEST    58           200 AM
 LOWEST     29           300 PM
 AVERAGE    44

..........................................................


THE ROCK SPRINGS WY CLIMATE NORMALS FOR TODAY
                         NORMAL    RECORD    YEAR
 MAXIMUM TEMPERATURE (F)   32        55      2015
 MINIMUM TEMPERATURE (F)   14       -11      1949


SUNRISE AND SUNSET
FEBRUARY 13 2016......SUNRISE   715 AM MST   SUNSET   547 PM MST
FEBRUARY 14 2016......SUNRISE   713 AM MST   SUNSET   548 PM MST


-  INDICATES NEGATIVE NUMBERS.
R  INDICATES RECORD WAS SET OR TIED.
MM INDICATES DATA IS MISSING.
T  INDICATES TRACE AMOUNT.




$$
