000
CDUS45 KRIW 230741
CLIRKS


CLIMATE REPORT
NATIONAL WEATHER SERVICE RIVERTON WY
138 AM MDT THU OCT 23 2014


...................................

...THE ROCK SPRINGS WY CLIMATE SUMMARY FOR OCTOBER 22 2014...

CLIMATE NORMAL PERIOD 1981 TO 2010
CLIMATE RECORD PERIOD 1948 TO 2014


WEATHER ITEM   OBSERVED TIME   RECORD YEAR NORMAL DEPARTURE LAST
                VALUE   (LST)  VALUE       VALUE  FROM      YEAR
                                                  NORMAL
..................................................................
TEMPERATURE (F)
 YESTERDAY
  MAXIMUM         53    256 PM  77    2003  54     -1       61
  MINIMUM         30    658 AM  17    1984  31     -1       34
  AVERAGE         42                        42      0       48

PRECIPITATION (IN)
  YESTERDAY        0.00          0.58 2004   0.02  -0.02     0.00
  MONTH TO DATE    0.32                      0.63  -0.31     0.81
  SINCE SEP 1      1.52                      1.55  -0.03     2.18
  SINCE JAN 1      4.00                      7.33  -3.33     4.38

DEGREE DAYS
 HEATING
  YESTERDAY       23                        23      0       17
  MONTH TO DATE  336                       416    -80      499
  SINCE SEP 1    521                       680   -159      728
  SINCE JUL 1    612                       744   -132      729

 COOLING
  YESTERDAY        0                         0      0        0
  MONTH TO DATE    0                         0      0        0
  SINCE SEP 1      8                         9     -1       44
  SINCE JAN 1    307                       286     21      517
..................................................................


WIND (MPH)
  HIGHEST WIND SPEED    23   HIGHEST WIND DIRECTION     W (260)
  HIGHEST GUST SPEED    28   HIGHEST GUST DIRECTION     W (250)
  AVERAGE WIND SPEED     8.6


SKY COVER
  POSSIBLE SUNSHINE  MM
  AVERAGE SKY COVER 0.0


WEATHER CONDITIONS
 THE FOLLOWING WEATHER WAS RECORDED YESTERDAY.
  NO SIGNIFICANT WEATHER WAS OBSERVED.


RELATIVE HUMIDITY (PERCENT)
 HIGHEST    85           600 AM
 LOWEST     26           300 PM
 AVERAGE    56

..........................................................


THE ROCK SPRINGS WY CLIMATE NORMALS FOR TODAY
                         NORMAL    RECORD    YEAR
 MAXIMUM TEMPERATURE (F)   53        73      2003
 MINIMUM TEMPERATURE (F)   30        16      1984


SUNRISE AND SUNSET
OCTOBER 23 2014.......SUNRISE   738 AM MDT   SUNSET   623 PM MDT
OCTOBER 24 2014.......SUNRISE   739 AM MDT   SUNSET   622 PM MDT


-  INDICATES NEGATIVE NUMBERS.
R  INDICATES RECORD WAS SET OR TIED.
MM INDICATES DATA IS MISSING.
T  INDICATES TRACE AMOUNT.




$$
