000
CDUS45 KRIW 020734
CLIRKS


CLIMATE REPORT
NATIONAL WEATHER SERVICE RIVERTON WY
134 AM MDT SUN AUG 2 2015


...................................

...THE ROCK SPRINGS WY CLIMATE SUMMARY FOR AUGUST 1 2015...

CLIMATE NORMAL PERIOD 1981 TO 2010
CLIMATE RECORD PERIOD 1948 TO 2015


WEATHER ITEM   OBSERVED TIME   RECORD YEAR NORMAL DEPARTURE LAST
                VALUE   (LST)  VALUE       VALUE  FROM      YEAR
                                                  NORMAL
..................................................................
TEMPERATURE (F)
 YESTERDAY
  MAXIMUM         86    347 PM  94    2008  85      1       84
  MINIMUM         53    540 AM  40    1975  55     -2       52
  AVERAGE         70                        70      0       68

PRECIPITATION (IN)
  YESTERDAY        0.00          0.50 1976   0.02  -0.02     0.00
  MONTH TO DATE    0.00                      0.02  -0.02     0.00
  SINCE JUN 1      3.23                      1.45   1.78     0.65
  SINCE JAN 1      7.31                      5.18   2.13     1.96

DEGREE DAYS
 HEATING
  YESTERDAY        0                         0      0        0
  MONTH TO DATE    0                         0      0        0
  SINCE JUN 1     75                       191   -116      161
  SINCE JUL 1     26                        24      2       14

 COOLING
  YESTERDAY        5                         5      0        3
  MONTH TO DATE    5                         5      0        3
  SINCE JUN 1    174                       184    -10      225
  SINCE JAN 1    174                       185    -11      232
..................................................................


WIND (MPH)
  HIGHEST WIND SPEED    15   HIGHEST WIND DIRECTION     W (270)
  HIGHEST GUST SPEED    20   HIGHEST GUST DIRECTION     W (260)
  AVERAGE WIND SPEED     4.4


SKY COVER
  POSSIBLE SUNSHINE  MM
  AVERAGE SKY COVER 0.0


WEATHER CONDITIONS
 THE FOLLOWING WEATHER WAS RECORDED YESTERDAY.
  NO SIGNIFICANT WEATHER WAS OBSERVED.


RELATIVE HUMIDITY (PERCENT)
 HIGHEST    35           600 AM
 LOWEST     11           300 PM
 AVERAGE    23

..........................................................


THE ROCK SPRINGS WY CLIMATE NORMALS FOR TODAY
                         NORMAL    RECORD    YEAR
 MAXIMUM TEMPERATURE (F)   85        93      1954
 MINIMUM TEMPERATURE (F)   55        43      1975


SUNRISE AND SUNSET
AUGUST  2 2015........SUNRISE   612 AM MDT   SUNSET   833 PM MDT
AUGUST  3 2015........SUNRISE   613 AM MDT   SUNSET   832 PM MDT


-  INDICATES NEGATIVE NUMBERS.
R  INDICATES RECORD WAS SET OR TIED.
MM INDICATES DATA IS MISSING.
T  INDICATES TRACE AMOUNT.




$$
