000
CDUS45 KRIW 260730
CLIRKS


CLIMATE REPORT
NATIONAL WEATHER SERVICE RIVERTON WY
1230 AM MST MON JAN 26 2015


...................................

...THE ROCK SPRINGS WY CLIMATE SUMMARY FOR JANUARY 25 2015...

CLIMATE NORMAL PERIOD 1981 TO 2010
CLIMATE RECORD PERIOD 1948 TO 2015


WEATHER ITEM   OBSERVED TIME   RECORD YEAR NORMAL DEPARTURE LAST
                VALUE   (LST)  VALUE       VALUE  FROM      YEAR
                                                  NORMAL
..................................................................
TEMPERATURE (F)
 YESTERDAY
  MAXIMUM         47R   300 PM  46    1975  30     17       45
  MINIMUM         30    706 AM -20    1949  12     18       25
  AVERAGE         39                        21     18       35

PRECIPITATION (IN)
  YESTERDAY        0.00          0.29 1979   0.01  -0.01     0.00
  MONTH TO DATE    0.01                      0.35  -0.34     0.05
  SINCE DEC 1      0.12                      0.85  -0.73     0.23
  SINCE JAN 1      0.01                      0.35  -0.34     0.05

DEGREE DAYS
 HEATING
  YESTERDAY       26                        44    -18       30
  MONTH TO DATE  928                      1095   -167      940
  SINCE DEC 1   2184                      2454   -270     2238
  SINCE JUL 1   4000                      4447   -447     4146

 COOLING
  YESTERDAY        0                         0      0        0
  MONTH TO DATE    0                         0      0        0
  SINCE DEC 1      0                         0      0        0
  SINCE JAN 1      0                         0      0        0
..................................................................


WIND (MPH)
  HIGHEST WIND SPEED    33   HIGHEST WIND DIRECTION     W (270)
  HIGHEST GUST SPEED    39   HIGHEST GUST DIRECTION     W (270)
  AVERAGE WIND SPEED    20.6


SKY COVER
  POSSIBLE SUNSHINE  MM
  AVERAGE SKY COVER 0.0


WEATHER CONDITIONS
 THE FOLLOWING WEATHER WAS RECORDED YESTERDAY.
  NO SIGNIFICANT WEATHER WAS OBSERVED.


RELATIVE HUMIDITY (PERCENT)
 HIGHEST    85          1200 AM
 LOWEST     49           200 PM
 AVERAGE    67

..........................................................


THE ROCK SPRINGS WY CLIMATE NORMALS FOR TODAY
                         NORMAL    RECORD    YEAR
 MAXIMUM TEMPERATURE (F)   30        48      1975
 MINIMUM TEMPERATURE (F)   12       -23      1949


SUNRISE AND SUNSET
JANUARY 26 2015.......SUNRISE   734 AM MST   SUNSET   524 PM MST
JANUARY 27 2015.......SUNRISE   733 AM MST   SUNSET   526 PM MST


-  INDICATES NEGATIVE NUMBERS.
R  INDICATES RECORD WAS SET OR TIED.
MM INDICATES DATA IS MISSING.
T  INDICATES TRACE AMOUNT.




$$
