000
CDUS42 KFFC 260022
CLIRMG


CLIMATE REPORT
NATIONAL WEATHER SERVICE PEACHTREE CITY GA
822 PM EDT SAT OCT 25 2014


...................................

...THE ROME  CLIMATE SUMMARY FOR OCTOBER 25 2014...
VALID AS OF 0800 PM LOCAL TIME.

CLIMATE NORMAL PERIOD 1981 TO 2010
CLIMATE RECORD PERIOD 9999 TO 9999


WEATHER ITEM   OBSERVED TIME   RECORD YEAR NORMAL DEPARTURE LAST
                VALUE   (LST)  VALUE       VALUE  FROM      YEAR
                                                  NORMAL
..................................................................
TEMPERATURE (F)
 TODAY
  MAXIMUM         77    348 PM  MM      MM  71      6       55
  MINIMUM         39    706 AM  MM      MM  45     -6       30
  AVERAGE         58                        58      0       43

PRECIPITATION (IN)
  TODAY            0.00         MM      MM   0.11  -0.11      T
  MONTH TO DATE    3.37                      3.13   0.24     1.49
  SINCE SEP 1      5.19                      6.54  -1.35     3.80

SNOWFALL (IN)
  TODAY           MM            MM      MM  MM     MM       MM
  MONTH TO DATE    0.0                      MM     MM        0.0
  SINCE SEP 1      0.0                      MM     MM        0.0
  SINCE JUL 1      0.0                      MM     MM        0.0

DEGREE DAYS
 HEATING
  TODAY            7                         8     -1       22
  MONTH TO DATE   94                       110    -16       92
  SINCE SEP 1     94                       124    -30       93
  SINCE JUL 1     94                       124    -30       93

 COOLING
  TODAY            0                         1     -1        0
  MONTH TO DATE   78                        41     37       50
  SINCE SEP 1    383                       265    118      288
  SINCE JAN 1   1749                      1631    118     1571
..................................................................


WIND (MPH)
  RESULTANT WIND SPEED   1   RESULTANT WIND DIRECTION   N (340)
  HIGHEST WIND SPEED    12   HIGHEST WIND DIRECTION     N (340)
  HIGHEST GUST SPEED    14   HIGHEST GUST DIRECTION    NW (330)
  AVERAGE WIND SPEED     2.7


SKY COVER
  AVERAGE SKY COVER 0.1


WEATHER CONDITIONS
 THE FOLLOWING WEATHER WAS RECORDED TODAY.
  FOG


RELATIVE HUMIDITY (PERCENT)
 HIGHEST   100          1200 AM
 LOWEST     41           100 PM
 AVERAGE    71

..........................................................


THE ROME  CLIMATE NORMALS FOR TOMORROW
                         NORMAL    RECORD    YEAR
 MAXIMUM TEMPERATURE (F)   71        MM        MM
 MINIMUM TEMPERATURE (F)   45        MM        MM


SUNRISE AND SUNSET
OCTOBER 25 2014.......SUNRISE   754 AM EDT   SUNSET   655 PM EDT
OCTOBER 26 2014.......SUNRISE   755 AM EDT   SUNSET   653 PM EDT


-  INDICATES NEGATIVE NUMBERS.
R  INDICATES RECORD WAS SET OR TIED.
MM INDICATES DATA IS MISSING.
T  INDICATES TRACE AMOUNT.




$$
