000
CDUS42 KFFC 290817
CLIRMG


CLIMATE REPORT
NATIONAL WEATHER SERVICE PEACHTREE CITY GA
416 AM EDT MON AUG 29 2016


...................................

...THE ROME  CLIMATE SUMMARY FOR AUGUST 28 2016...

CLIMATE NORMAL PERIOD 1981 TO 2010
CLIMATE RECORD PERIOD 9999 TO 9999


WEATHER ITEM   OBSERVED TIME   RECORD YEAR NORMAL DEPARTURE LAST
                VALUE   (LST)  VALUE       VALUE  FROM      YEAR
                                                  NORMAL
..................................................................
TEMPERATURE (F)
 YESTERDAY
  MAXIMUM         92    140 PM  MM      MM  89      3       85
  MINIMUM         70    621 AM  MM      MM  66      4       64
  AVERAGE         81                        77      4       75

PRECIPITATION (IN)
  YESTERDAY        0.68         MM      MM   0.12   0.56     0.00
  MONTH TO DATE    6.42                      3.76   2.66     4.28
  SINCE JUN 1     10.15                     12.18  -2.03    10.20
  SINCE JAN 1     27.27                     35.05  -7.78    29.84

DEGREE DAYS
 COOLING
  YESTERDAY       16                        12      4       10
  MONTH TO DATE  485                       386     99      393
  SINCE JUN 1   1472                      1162    310     1300
  SINCE JAN 1   1697                      1330    367     1557
..................................................................


WIND (MPH)
  RESULTANT WIND SPEED   2   RESULTANT WIND DIRECTION  NE (60)
  HIGHEST WIND SPEED    31   HIGHEST WIND DIRECTION    SE (140)
  HIGHEST GUST SPEED    43   HIGHEST GUST DIRECTION    SE (140)
  AVERAGE WIND SPEED     3.6


SKY COVER
  AVERAGE SKY COVER 0.1


WEATHER CONDITIONS
 THE FOLLOWING WEATHER WAS RECORDED YESTERDAY.
  THUNDERSTORM
  HEAVY RAIN
  RAIN
  LIGHT RAIN
  FOG
  HAZE


RELATIVE HUMIDITY (PERCENT)
 HIGHEST    93           500 AM
 LOWEST     52           200 PM
 AVERAGE    73

..........................................................


THE ROME  CLIMATE NORMALS FOR TODAY
                         NORMAL    RECORD    YEAR
 MAXIMUM TEMPERATURE (F)   88        MM        MM
 MINIMUM TEMPERATURE (F)   66        MM        MM


SUNRISE AND SUNSET
AUGUST 29 2016........SUNRISE   712 AM EDT   SUNSET   810 PM EDT
AUGUST 30 2016........SUNRISE   713 AM EDT   SUNSET   809 PM EDT


-  INDICATES NEGATIVE NUMBERS.
R  INDICATES RECORD WAS SET OR TIED.
MM INDICATES DATA IS MISSING.
T  INDICATES TRACE AMOUNT.




$$
