000
CDUS42 KFFC 280024
CLIRMG


CLIMATE REPORT
NATIONAL WEATHER SERVICE PEACHTREE CITY GA
823 PM EDT TUE SEP 27 2016


...................................

...THE ROME  CLIMATE SUMMARY FOR SEPTEMBER 27 2016...
VALID AS OF 0800 PM LOCAL TIME.

CLIMATE NORMAL PERIOD 1981 TO 2010
CLIMATE RECORD PERIOD 9999 TO 9999


WEATHER ITEM   OBSERVED TIME   RECORD YEAR NORMAL DEPARTURE LAST
                VALUE   (LST)  VALUE       VALUE  FROM      YEAR
                                                  NORMAL
..................................................................
TEMPERATURE (F)
 TODAY
  MAXIMUM         86    350 PM  MM      MM  80      6       76
  MINIMUM         66    753 AM  MM      MM  56     10       67
  AVERAGE         76                        68      8       72

PRECIPITATION (IN)
  TODAY            0.00         MM      MM   0.13  -0.13     0.00
  MONTH TO DATE    0.24                      2.98  -2.74     3.00
  SINCE SEP 1      0.24                      2.98  -2.74     3.00

SNOWFALL (IN)
  TODAY           MM            MM      MM  MM     MM       MM
  MONTH TO DATE    0.0                      MM     MM        0.0
  SINCE SEP 1      0.0                      MM     MM        0.0
  SINCE JUL 1      0.0                      MM     MM        0.0

DEGREE DAYS
 HEATING
  TODAY            0                         1     -1        0
  MONTH TO DATE    0                         8     -8        6
  SINCE SEP 1      0                         8     -8        6
  SINCE JUL 1      0                         8     -8        6

 COOLING
  TODAY           11                         4      7        7
  MONTH TO DATE  382                       212    170      228
  SINCE SEP 1    382                       212    170      228
  SINCE JAN 1   2127                      1578    549     1816
..................................................................


WIND (MPH)
  RESULTANT WIND SPEED   2   RESULTANT WIND DIRECTION  NE (40)
  HIGHEST WIND SPEED    17   HIGHEST WIND DIRECTION    NW (310)
  HIGHEST GUST SPEED    25   HIGHEST GUST DIRECTION    NW (300)
  AVERAGE WIND SPEED     3.3


SKY COVER
  AVERAGE SKY COVER 0.7


WEATHER CONDITIONS
 THE FOLLOWING WEATHER WAS RECORDED TODAY.
  THUNDERSTORM
  FOG
  FOG W/VISIBILITY <= 1/4 MILE


RELATIVE HUMIDITY (PERCENT)
 HIGHEST   100           200 AM
 LOWEST     55           400 PM
 AVERAGE    78

..........................................................


THE ROME  CLIMATE NORMALS FOR TOMORROW
                         NORMAL    RECORD    YEAR
 MAXIMUM TEMPERATURE (F)   80        MM        MM
 MINIMUM TEMPERATURE (F)   56        MM        MM


SUNRISE AND SUNSET
SEPTEMBER 27 2016.....SUNRISE   733 AM EDT   SUNSET   730 PM EDT
SEPTEMBER 28 2016.....SUNRISE   733 AM EDT   SUNSET   728 PM EDT


-  INDICATES NEGATIVE NUMBERS.
R  INDICATES RECORD WAS SET OR TIED.
MM INDICATES DATA IS MISSING.
T  INDICATES TRACE AMOUNT.




$$
