000
CDUS42 KFFC 050817
CLIRMG


CLIMATE REPORT
NATIONAL WEATHER SERVICE PEACHTREE CITY GA
417 AM EDT THU MAY 5 2016


...................................

...THE ROME  CLIMATE SUMMARY FOR MAY 4 2016...

CLIMATE NORMAL PERIOD 1981 TO 2010
CLIMATE RECORD PERIOD 9999 TO 9999


WEATHER ITEM   OBSERVED TIME   RECORD YEAR NORMAL DEPARTURE LAST
                VALUE   (LST)  VALUE       VALUE  FROM      YEAR
                                                  NORMAL
..................................................................
TEMPERATURE (F)
 YESTERDAY
  MAXIMUM         72    500 PM  MM      MM  78     -6       82
  MINIMUM         51    450 AM  MM      MM  52     -1       54
  AVERAGE         62                        65     -3       68

PRECIPITATION (IN)
  YESTERDAY        0.09         MM      MM   0.15  -0.06     0.00
  MONTH TO DATE    0.43                      0.54  -0.11     0.00
  SINCE MAR 1      7.19                      9.54  -2.35     8.57
  SINCE JAN 1     16.20                     19.23  -3.03    16.65

DEGREE DAYS
 COOLING
  YESTERDAY        0                         2     -2        3
  MONTH TO DATE   17                         8      9        3
  SINCE MAR 1     77                        41     36       57
  SINCE JAN 1     77                        41     36       57
..................................................................


WIND (MPH)
  RESULTANT WIND SPEED   6   RESULTANT WIND DIRECTION  NW (300)
  HIGHEST WIND SPEED    31   HIGHEST WIND DIRECTION    NW (330)
  HIGHEST GUST SPEED    39   HIGHEST GUST DIRECTION     N (350)
  AVERAGE WIND SPEED     6.9


SKY COVER
  AVERAGE SKY COVER 0.4


WEATHER CONDITIONS
 THE FOLLOWING WEATHER WAS RECORDED YESTERDAY.
  LIGHT RAIN
  FOG


RELATIVE HUMIDITY (PERCENT)
 HIGHEST    93           900 PM
 LOWEST     35           400 PM
 AVERAGE    64

..........................................................


THE ROME  CLIMATE NORMALS FOR TODAY
                         NORMAL    RECORD    YEAR
 MAXIMUM TEMPERATURE (F)   78        MM        MM
 MINIMUM TEMPERATURE (F)   52        MM        MM


SUNRISE AND SUNSET
MAY  5 2016...........SUNRISE   647 AM EDT   SUNSET   829 PM EDT
MAY  6 2016...........SUNRISE   646 AM EDT   SUNSET   829 PM EDT


-  INDICATES NEGATIVE NUMBERS.
R  INDICATES RECORD WAS SET OR TIED.
MM INDICATES DATA IS MISSING.
T  INDICATES TRACE AMOUNT.




$$
