000
CDUS42 KFFC 310820
CLIRMG


CLIMATE REPORT
NATIONAL WEATHER SERVICE PEACHTREE CITY GA
420 AM EDT MON AUG 31 2015


...................................

...THE ROME  CLIMATE SUMMARY FOR AUGUST 30 2015...

CLIMATE NORMAL PERIOD 1981 TO 2010
CLIMATE RECORD PERIOD 9999 TO 9999


WEATHER ITEM   OBSERVED TIME   RECORD YEAR NORMAL DEPARTURE LAST
                VALUE   (LST)  VALUE       VALUE  FROM      YEAR
                                                  NORMAL
..................................................................
TEMPERATURE (F)
 YESTERDAY
  MAXIMUM         79    233 PM  MM      MM  88     -9       94
  MINIMUM         67    801 PM  MM      MM  66      1       67
  AVERAGE         73                        77     -4       81

PRECIPITATION (IN)
  YESTERDAY        0.08         MM      MM   0.12  -0.04     0.09
  MONTH TO DATE    4.38                      4.01   0.37     2.25
  SINCE JUN 1     10.30                     12.43  -2.13     8.67
  SINCE JAN 1     29.94                     35.30  -5.36    33.16

DEGREE DAYS
 COOLING
  YESTERDAY        8                        12     -4       16
  MONTH TO DATE  412                       410      2      411
  SINCE JUN 1   1319                      1186    133     1150
  SINCE JAN 1   1576                      1354    222     1351
..................................................................


WIND (MPH)
  RESULTANT WIND SPEED   2   RESULTANT WIND DIRECTION  NE (50)
  HIGHEST WIND SPEED    14   HIGHEST WIND DIRECTION     E (80)
  HIGHEST GUST SPEED    19   HIGHEST GUST DIRECTION     E (90)
  AVERAGE WIND SPEED     3.7


SKY COVER
  AVERAGE SKY COVER 0.8


WEATHER CONDITIONS
 THE FOLLOWING WEATHER WAS RECORDED YESTERDAY.
  LIGHT RAIN
  FOG


RELATIVE HUMIDITY (PERCENT)
 HIGHEST    97           400 AM
 LOWEST     60           300 PM
 AVERAGE    79

..........................................................


THE ROME  CLIMATE NORMALS FOR TODAY
                         NORMAL    RECORD    YEAR
 MAXIMUM TEMPERATURE (F)   88        MM        MM
 MINIMUM TEMPERATURE (F)   65        MM        MM


SUNRISE AND SUNSET
AUGUST 31 2015........SUNRISE   713 AM EDT   SUNSET   808 PM EDT
SEPTEMBER  1 2015.....SUNRISE   714 AM EDT   SUNSET   807 PM EDT


-  INDICATES NEGATIVE NUMBERS.
R  INDICATES RECORD WAS SET OR TIED.
MM INDICATES DATA IS MISSING.
T  INDICATES TRACE AMOUNT.




$$
