000
CDUS41 KRNK 202120
CLIRNK


CLIMATE REPORT
NATIONAL WEATHER SERVICE BLACKSBURG VA
517 PM EDT SUN AUG 20 2017


...................................

...THE BLACKSBURG VA CLIMATE SUMMARY FOR AUGUST 20 2017...
VALID TODAY AS OF 0500 PM LOCAL TIME.

CLIMATE NORMAL PERIOD 1981 TO 2010
CLIMATE RECORD PERIOD 1952 TO 2017


WEATHER ITEM   OBSERVED RECORD YEAR NORMAL DEPARTURE LAST
                VALUE   VALUE       VALUE  FROM      YEAR
                                           NORMAL
...........................................................
TEMPERATURE (F)
 TODAY
  MAXIMUM         86     92    2007  82      4       83
                               1988
  MINIMUM         59     47    1964  59      0       64
  AVERAGE         73                 70      3       74

PRECIPITATION (IN)
  TODAY            0.00   1.72 1969   0.11  -0.11     0.09
  MONTH TO DATE    1.76               2.37  -0.61     4.00
  SINCE JUN 1      7.98              10.63  -2.65    12.14
  SINCE JAN 1     29.22              27.97   1.25    28.16

SNOWFALL (IN)
  TODAY            0.0                                0.0
  MONTH TO DATE    0.0                                0.0
  SINCE JUN 1      0.0                                0.0
  SINCE JUL 1      0.0                                0.0
  SNOW DEPTH       0

DEGREE DAYS
 HEATING
  TODAY            0                  0      0        0
  MONTH TO DATE    2                  0      2        0
  SINCE JUN 1     36                 44     -8       12
  SINCE JUL 1      2                  6     -4        0

 COOLING
  TODAY            8                  5      3        9
  MONTH TO DATE  113                117     -4      188
  SINCE JUN 1    450                432     18      645
  SINCE JAN 1    504                461     43      691
...........................................................


WIND (MPH)
  HIGHEST WIND SPEED     7   HIGHEST WIND DIRECTION     E (100)
  HIGHEST GUST SPEED    MM   HIGHEST GUST DIRECTION    MM
  AVERAGE WIND SPEED     1.2


SKY COVER
  AVERAGE SKY COVER 0.1


WEATHER CONDITIONS
 THE FOLLOWING WEATHER WAS RECORDED TODAY.
  FOG


RELATIVE HUMIDITY (PERCENT)
 HIGHEST   100           300 AM
 LOWEST     43           100 PM
 AVERAGE    72

..........................................................


THE BLACKSBURG VA CLIMATE NORMALS FOR TOMORROW
                         NORMAL    RECORD    YEAR
 MAXIMUM TEMPERATURE (F)   81        98      1983
 MINIMUM TEMPERATURE (F)   58        48      1998


SUNRISE AND SUNSET
AUGUST 20 2017........SUNRISE   643 AM EDT   SUNSET   807 PM EDT
AUGUST 21 2017........SUNRISE   643 AM EDT   SUNSET   805 PM EDT


-  INDICATES NEGATIVE NUMBERS.
R  INDICATES RECORD WAS SET OR TIED.
MM INDICATES DATA IS MISSING.
T  INDICATES TRACE AMOUNT.




$$
