000
CDUS41 KRNK 200935
CLIRNK


CLIMATE REPORT
NATIONAL WEATHER SERVICE BLACKSBURG VA
533 AM EDT WED AUG 20 2014


...................................

...THE BLACKSBURG VA CLIMATE SUMMARY FOR AUGUST 19 2014...

CLIMATE NORMAL PERIOD 1981 TO 2010
CLIMATE RECORD PERIOD 1952 TO 2014


WEATHER ITEM   OBSERVED TIME   RECORD YEAR NORMAL DEPARTURE LAST
                VALUE   (LST)  VALUE       VALUE  FROM      YEAR
                                                  NORMAL
..................................................................
TEMPERATURE (F)
 YESTERDAY
  MAXIMUM         78    500 PM  93    2007  82     -4       75
                                      1988
  MINIMUM         64   1100 PM  48    1977  59      5       61
  AVERAGE         71                        70      1       68

PRECIPITATION (IN)
  YESTERDAY        T             1.70 1989   0.12  -0.12     0.17
  MONTH TO DATE    5.35                      2.26   3.09     1.58
  SINCE JUN 1     10.34                     10.52  -0.18    17.30
  SINCE JAN 1     25.17                     27.86  -2.69    39.17

SNOWFALL (IN)
  YESTERDAY        0.0
  MONTH TO DATE    0.0
  SINCE JUN 1      T
  SINCE JUL 1      0.0
  SNOW DEPTH       0

DEGREE DAYS
 HEATING
  YESTERDAY        0                         0      0        0
  MONTH TO DATE    2                         0      2       20
  SINCE JUN 1     13                        44    -31       29
  SINCE JUL 1     10                         6      4       22

 COOLING
  YESTERDAY        6                         5      1        3
  MONTH TO DATE   47                       112    -65       85
  SINCE JUN 1    393                       427    -34      413
  SINCE JAN 1    451                       456     -5      444
..................................................................


WIND (MPH)
  HIGHEST WIND SPEED     7   HIGHEST WIND DIRECTION    NW (310)
  HIGHEST GUST SPEED    MM   HIGHEST GUST DIRECTION    MM
  AVERAGE WIND SPEED     1.3


SKY COVER
  POSSIBLE SUNSHINE  MM
  AVERAGE SKY COVER 0.8


WEATHER CONDITIONS
 THE FOLLOWING WEATHER WAS RECORDED YESTERDAY.
  LIGHT RAIN
  FOG


RELATIVE HUMIDITY (PERCENT)
 HIGHEST   100          1200 AM
 LOWEST     87          1100 AM
 AVERAGE    94

..........................................................


THE BLACKSBURG VA CLIMATE NORMALS FOR TODAY
                         NORMAL    RECORD    YEAR
 MAXIMUM TEMPERATURE (F)   82        92      2007
                                             1988
 MINIMUM TEMPERATURE (F)   59        47      1964


SUNRISE AND SUNSET
AUGUST 20 2014........SUNRISE   642 AM EDT   SUNSET   807 PM EDT
AUGUST 21 2014........SUNRISE   643 AM EDT   SUNSET   806 PM EDT


-  INDICATES NEGATIVE NUMBERS.
R  INDICATES RECORD WAS SET OR TIED.
MM INDICATES DATA IS MISSING.
T  INDICATES TRACE AMOUNT.

REMARKS

TRACE OF SNOW IS FROM HAIL ON JUNE 17

$$

MBS
