000
CDUS41 KRNK 260528
CLIRNK


CLIMATE REPORT
NATIONAL WEATHER SERVICE BLACKSBURG VA
127 AM EDT THU MAR 26 2015


...................................

...THE BLACKSBURG VA CLIMATE SUMMARY FOR MARCH 25 2015...

CLIMATE NORMAL PERIOD 1981 TO 2010
CLIMATE RECORD PERIOD 1952 TO 2015


WEATHER ITEM   OBSERVED TIME   RECORD YEAR NORMAL DEPARTURE LAST
                VALUE   (LST)  VALUE       VALUE  FROM      YEAR
                                                  NORMAL
..................................................................
TEMPERATURE (F)
 YESTERDAY
  MAXIMUM         63        MM  79    2007  56      7       36
  MINIMUM         40        MM  14    1960  32      8       24
  AVERAGE         52                        44      8       30

PRECIPITATION (IN)
  YESTERDAY        0.00          0.82 1993   0.13  -0.13     0.30
  MONTH TO DATE    3.56                      2.86   0.70     1.94
  SINCE MAR 1      3.56                      2.86   0.70     1.94
  SINCE JAN 1      6.98                      8.75  -1.77     7.57

SNOWFALL (IN)
  YESTERDAY        0.0
  MONTH TO DATE    4.4
  SINCE MAR 1      4.4
  SINCE JUL 1     27.8
  SNOW DEPTH       0

DEGREE DAYS
 HEATING
  YESTERDAY       13                        21     -8       35
  MONTH TO DATE  525                       609    -84      644
  SINCE MAR 1    525                       609    -84      644
  SINCE JUL 1   4651                      4657     -6     4825

 COOLING
  YESTERDAY        0                         0      0        0
  MONTH TO DATE    0                         0      0        0
  SINCE MAR 1      0                         0      0        0
  SINCE JAN 1      0                         0      0        0
..................................................................


WIND (MPH)
  HIGHEST WIND SPEED    12   HIGHEST WIND DIRECTION     E (110)
  HIGHEST GUST SPEED    18   HIGHEST GUST DIRECTION     S (160)
  AVERAGE WIND SPEED     7.0


SKY COVER
  POSSIBLE SUNSHINE  MM
  AVERAGE SKY COVER 0.9


WEATHER CONDITIONS
 THE FOLLOWING WEATHER WAS RECORDED YESTERDAY.
  NO SIGNIFICANT WEATHER WAS OBSERVED.


RELATIVE HUMIDITY (PERCENT)
 HIGHEST    80           900 PM
 LOWEST     58           100 AM
 AVERAGE    69

..........................................................


THE BLACKSBURG VA CLIMATE NORMALS FOR TODAY
                         NORMAL    RECORD    YEAR
 MAXIMUM TEMPERATURE (F)   57        79      1954
 MINIMUM TEMPERATURE (F)   32        18      1983


SUNRISE AND SUNSET
MARCH 26 2015.........SUNRISE   717 AM EDT   SUNSET   739 PM EDT
MARCH 27 2015.........SUNRISE   715 AM EDT   SUNSET   740 PM EDT


-  INDICATES NEGATIVE NUMBERS.
R  INDICATES RECORD WAS SET OR TIED.
MM INDICATES DATA IS MISSING.
T  INDICATES TRACE AMOUNT.




$$
