000
CDUS41 KRNK 272109
CLIRNK


CLIMATE REPORT
NATIONAL WEATHER SERVICE BLACKSBURG VA
508 PM EDT MON MAR 27 2017


...................................

...THE BLACKSBURG VA CLIMATE SUMMARY FOR MARCH 27 2017...
VALID TODAY AS OF 0500 PM LOCAL TIME.

CLIMATE NORMAL PERIOD 1981 TO 2010
CLIMATE RECORD PERIOD 1952 TO 2017


WEATHER ITEM   OBSERVED RECORD YEAR NORMAL DEPARTURE LAST
                VALUE   VALUE       VALUE  FROM      YEAR
                                           NORMAL
...........................................................
TEMPERATURE (F)
 TODAY
  MAXIMUM         74     79    2007  57     17       57
  MINIMUM         51     12    1955  33     18       46
  AVERAGE         63                 45     18       52

PRECIPITATION (IN)
  TODAY            0.00   1.17 1959   0.13  -0.13     0.06
  MONTH TO DATE    1.84               3.12  -1.28     2.44
  SINCE MAR 1      1.84               3.12  -1.28     2.44
  SINCE JAN 1      7.62               9.01  -1.39     9.58

SNOWFALL (IN)
  TODAY            0.0                                0.0
  MONTH TO DATE    1.0                                1.0
  SINCE MAR 1      1.0                                1.0
  SINCE JUL 1      7.6                               25.0
  SNOW DEPTH      MM

DEGREE DAYS
 HEATING
  TODAY            2                 20    -18       13
  MONTH TO DATE  620                649    -29      426
  SINCE MAR 1    620                649    -29      426
  SINCE JUL 1   3712               4697   -985     3861

 COOLING
  TODAY            0                  0      0        0
  MONTH TO DATE    0                  0      0        0
  SINCE MAR 1      0                  0      0        0
  SINCE JAN 1      0                  0      0        0
...........................................................


WIND (MPH)
  HIGHEST WIND SPEED    14   HIGHEST WIND DIRECTION    SW (230)
  HIGHEST GUST SPEED    21   HIGHEST GUST DIRECTION    SW (230)
  AVERAGE WIND SPEED     9.5


SKY COVER
  AVERAGE SKY COVER 0.7


WEATHER CONDITIONS
 THE FOLLOWING WEATHER WAS RECORDED TODAY.
  NO SIGNIFICANT WEATHER WAS OBSERVED.


RELATIVE HUMIDITY (PERCENT)
 HIGHEST    49          1200 PM
 LOWEST     38           100 PM
 AVERAGE    44

..........................................................


THE BLACKSBURG VA CLIMATE NORMALS FOR TOMORROW
                         NORMAL    RECORD    YEAR
 MAXIMUM TEMPERATURE (F)   57        81      2007
 MINIMUM TEMPERATURE (F)   33        10      1982


SUNRISE AND SUNSET
MARCH 27 2017.........SUNRISE   714 AM EDT   SUNSET   740 PM EDT
MARCH 28 2017.........SUNRISE   713 AM EDT   SUNSET   741 PM EDT


-  INDICATES NEGATIVE NUMBERS.
R  INDICATES RECORD WAS SET OR TIED.
MM INDICATES DATA IS MISSING.
T  INDICATES TRACE AMOUNT.




$$
