000
CDUS41 KRNK 280751
CLIRNK


CLIMATE REPORT
NATIONAL WEATHER SERVICE BLACKSBURG VA
349 AM EDT THU JUL 28 2016


...................................

...THE BLACKSBURG VA CLIMATE SUMMARY FOR JULY 27 2016...

CLIMATE NORMAL PERIOD 1981 TO 2010
CLIMATE RECORD PERIOD 1952 TO 2016


WEATHER ITEM   OBSERVED RECORD YEAR NORMAL DEPARTURE LAST
                VALUE   VALUE       VALUE  FROM      YEAR
                                           NORMAL
...........................................................
TEMPERATURE (F)
 YESTERDAY
  MAXIMUM         89     94    1993  82      7       82
  MINIMUM         68     49    1962  60      8       66
  AVERAGE         79                 71      8       74

PRECIPITATION (IN)
  YESTERDAY        0.33   1.56 2001   0.13   0.20     0.02
  MONTH TO DATE    4.31               3.71   0.60     4.18
  SINCE JUN 1      7.59               7.71  -0.12     7.66
  SINCE JAN 1     23.61              25.05  -1.44    23.19

SNOWFALL (IN)
  YESTERDAY        0.0                                0.0
  MONTH TO DATE    0.0                                 T
  SINCE JUN 1      0.0                                 T
  SINCE JUL 1      0.0                                 T
  SNOW DEPTH       0

DEGREE DAYS
 HEATING
  YESTERDAY        0                  0      0        0
  MONTH TO DATE    0                  0      0        0
  SINCE JUN 1     12                 38    -26       11
  SINCE JUL 1      0                  0      0        0

 COOLING
  YESTERDAY       14                  6      8        9
  MONTH TO DATE  255                168     87      208
  SINCE JUN 1    413                287    126      420
  SINCE JAN 1    459                316    143      496
...........................................................


WIND (MPH)
  HIGHEST WIND SPEED     8   HIGHEST WIND DIRECTION    SE (130)
  HIGHEST GUST SPEED    21   HIGHEST GUST DIRECTION     W (270)
  AVERAGE WIND SPEED     2.2


SKY COVER
  AVERAGE SKY COVER 0.2


WEATHER CONDITIONS
 THE FOLLOWING WEATHER WAS RECORDED YESTERDAY.
  THUNDERSTORM
  HEAVY RAIN
  RAIN
  LIGHT RAIN
  FOG
  FOG W/VISIBILITY <= 1/4 MILE


RELATIVE HUMIDITY (PERCENT)
 HIGHEST   100           600 AM
 LOWEST     55           200 PM
 AVERAGE    78

..........................................................


THE BLACKSBURG VA CLIMATE NORMALS FOR TODAY
                         NORMAL    RECORD    YEAR
 MAXIMUM TEMPERATURE (F)   82        95      1966
 MINIMUM TEMPERATURE (F)   60        45      1962


SUNRISE AND SUNSET
JULY 28 2016..........SUNRISE   624 AM EDT   SUNSET   832 PM EDT
JULY 29 2016..........SUNRISE   624 AM EDT   SUNSET   831 PM EDT


-  INDICATES NEGATIVE NUMBERS.
R  INDICATES RECORD WAS SET OR TIED.
MM INDICATES DATA IS MISSING.
T  INDICATES TRACE AMOUNT.




$$
