678
CDUS41 KRNK 300645
CLIRNK


CLIMATE REPORT
NATIONAL WEATHER SERVICE BLACKSBURG VA
243 AM EDT MON MAY 30 2016


...................................

...THE BLACKSBURG VA CLIMATE SUMMARY FOR MAY 29 2016...

CLIMATE NORMAL PERIOD 1981 TO 2010
CLIMATE RECORD PERIOD 1952 TO 2016


WEATHER ITEM   OBSERVED RECORD YEAR NORMAL DEPARTURE LAST
                VALUE   VALUE       VALUE  FROM      YEAR
                                           NORMAL
...........................................................
TEMPERATURE (F)
 YESTERDAY
  MAXIMUM         72     87    2006  75     -3       81
  MINIMUM         57     41    1994  51      6       59
  AVERAGE         65                 63      2       70

PRECIPITATION (IN)
  YESTERDAY        0.08   1.20 1990   0.16  -0.08     0.24
  MONTH TO DATE    4.54               4.02   0.52     2.24
  SINCE MAR 1      8.86              11.14  -2.28    12.11
  SINCE JAN 1     16.00              17.03  -1.03    15.53

SNOWFALL (IN)
  YESTERDAY        0.0                                0.0
  MONTH TO DATE    0.0                                0.0
  SINCE MAR 1      1.6                                4.4
  SINCE JUL 1     25.6                               27.8
  SNOW DEPTH       0

DEGREE DAYS
 HEATING
  YESTERDAY        0                  4     -4        0
  MONTH TO DATE  172                196    -24       78
  SINCE MAR 1   1019               1353   -334     1083
  SINCE JUL 1   4454               5401   -947     5209

 COOLING
  YESTERDAY        0                  2     -2        5
  MONTH TO DATE   26                 20      6       67
  SINCE MAR 1     36                 23     13       67
  SINCE JAN 1     36                 23     13       67
...........................................................


WIND (MPH)
  HIGHEST WIND SPEED     7   HIGHEST WIND DIRECTION     E (90)
  HIGHEST GUST SPEED    MM   HIGHEST GUST DIRECTION    MM
  AVERAGE WIND SPEED     1.5


SKY COVER
  AVERAGE SKY COVER 0.9


WEATHER CONDITIONS
 THE FOLLOWING WEATHER WAS RECORDED YESTERDAY.
  RAIN
  LIGHT RAIN
  FOG


RELATIVE HUMIDITY (PERCENT)
 HIGHEST   100          1000 PM
 LOWEST     71           100 PM
 AVERAGE    86

..........................................................


THE BLACKSBURG VA CLIMATE NORMALS FOR TODAY
                         NORMAL    RECORD    YEAR
 MAXIMUM TEMPERATURE (F)   75        90      2011
 MINIMUM TEMPERATURE (F)   52        39      1964


SUNRISE AND SUNSET
MAY 30 2016...........SUNRISE   604 AM EDT   SUNSET   835 PM EDT
MAY 31 2016...........SUNRISE   603 AM EDT   SUNSET   836 PM EDT


-  INDICATES NEGATIVE NUMBERS.
R  INDICATES RECORD WAS SET OR TIED.
MM INDICATES DATA IS MISSING.
T  INDICATES TRACE AMOUNT.

$$
RCS
