000
CDUS41 KRNK 282226
CLIRNK


CLIMATE REPORT
NATIONAL WEATHER SERVICE BLACKSBURG VA
521 PM EST SUN DEC 28 2014


...................................

...THE BLACKSBURG VA CLIMATE SUMMARY FOR DECEMBER 28 2014...
VALID TODAY AS OF 0500 PM LOCAL TIME.

CLIMATE NORMAL PERIOD 1981 TO 2010
CLIMATE RECORD PERIOD 1952 TO 2014


WEATHER ITEM   OBSERVED TIME   RECORD YEAR NORMAL DEPARTURE LAST
                VALUE   (LST)  VALUE       VALUE  FROM      YEAR
                                                  NORMAL
..................................................................
TEMPERATURE (F)
 TODAY
  MAXIMUM         52   1055 AM  66    1984  41     11       52
  MINIMUM         37   1200 AM   6    1977  22     15       18
  AVERAGE         45                        32     13       35

PRECIPITATION (IN)
  TODAY            0.09          0.90 1990   0.10  -0.01     0.16
  MONTH TO DATE    2.23                      2.68  -0.45     4.21
  SINCE DEC 1      2.23                      2.68  -0.45     4.21
  SINCE JAN 1     38.88                     40.62  -1.74    50.55

SNOWFALL (IN)
  TODAY            0.0
  MONTH TO DATE    0.1
  SINCE DEC 1      0.1
  SINCE JUL 1      2.5
  SNOW DEPTH       0

DEGREE DAYS
 HEATING
  TODAY           20                        33    -13       30
  MONTH TO DATE  730                       866   -136      774
  SINCE DEC 1    730                       866   -136      774
  SINCE JUL 1   1923                      2046   -123     2009

 COOLING
  TODAY            0                         0      0        0
  MONTH TO DATE    0                         0      0        0
  SINCE DEC 1      0                         0      0        0
  SINCE JAN 1    609                       573     36      568
..................................................................


WIND (MPH)
  HIGHEST WIND SPEED     6   HIGHEST WIND DIRECTION     W (280)
  HIGHEST GUST SPEED    MM   HIGHEST GUST DIRECTION    MM
  AVERAGE WIND SPEED     2.1


SKY COVER
  POSSIBLE SUNSHINE  MM
  AVERAGE SKY COVER 0.7


WEATHER CONDITIONS
 THE FOLLOWING WEATHER WAS RECORDED TODAY.
  RAIN
  LIGHT RAIN


RELATIVE HUMIDITY (PERCENT)
 HIGHEST    96           200 PM
 LOWEST     52           800 AM
 AVERAGE    74

..........................................................


THE BLACKSBURG VA CLIMATE NORMALS FOR TOMORROW
                         NORMAL    RECORD    YEAR
 MAXIMUM TEMPERATURE (F)   41        73      1984
 MINIMUM TEMPERATURE (F)   22         8      1985


SUNRISE AND SUNSET
DECEMBER 28 2014......SUNRISE   735 AM EST   SUNSET   512 PM EST
DECEMBER 29 2014......SUNRISE   735 AM EST   SUNSET   513 PM EST


-  INDICATES NEGATIVE NUMBERS.
R  INDICATES RECORD WAS SET OR TIED.
MM INDICATES DATA IS MISSING.
T  INDICATES TRACE AMOUNT.




$$
