000
CDUS46 KSGX 241427
CLIRNM


CLIMATE REPORT
NATIONAL WEATHER SERVICE SAN DIEGO, CA
726 AM PDT FRI MAR 24 2017


...................................

...THE RAMONA AIRPORT CA CLIMATE SUMMARY FOR MARCH 23 2017...

CLIMATE NORMAL PERIOD 1981 TO 2010
CLIMATE RECORD PERIOD 1974 TO 2017


WEATHER ITEM   OBSERVED TIME   RECORD YEAR NORMAL DEPARTURE LAST
                VALUE   (LST)  VALUE       VALUE  FROM      YEAR
                                                  NORMAL
..................................................................
TEMPERATURE (F)
 YESTERDAY
  MAXIMUM         MM        MM  84    2008  67     MM       75
  MINIMUM         MM        MM  31    2011  40     MM       32
                                      2009
  AVERAGE         MM                        53     MM       54

PRECIPITATION (IN)
  YESTERDAY        0.01          0.74 1995   0.06  -0.05     0.00
  MONTH TO DATE    0.09                      2.64  -2.55     1.19
  SINCE OCT 1     21.58                     13.21   8.37    11.37
  SINCE JAN 1     14.56                      9.07   5.49     7.84

DEGREE DAYS
 HEATING
  YESTERDAY       MM                        12     MM       11
  MONTH TO DATE  131                       284   -153      219
  SINCE MAR 1    131                       284   -153      219
  SINCE JUL 1   1566                      2025   -459     1722

 COOLING
  YESTERDAY       MM                         0     MM        0
  MONTH TO DATE    3                         0      3        0
  SINCE MAR 1      3                         0      3        0
  SINCE JAN 1      3                         1      2        5
..................................................................


WIND (MPH)
  RESULTANT WIND SPEED   6   RESULTANT WIND DIRECTION   W (260)
  HIGHEST WIND SPEED    14   HIGHEST WIND DIRECTION     W (260)
  HIGHEST GUST SPEED    MM   HIGHEST GUST DIRECTION    MM
  AVERAGE WIND SPEED     7.0


SKY COVER
  POSSIBLE SUNSHINE  MM
  AVERAGE SKY COVER 0.5


WEATHER CONDITIONS
 THE FOLLOWING WEATHER WAS RECORDED YESTERDAY.
  NO SIGNIFICANT WEATHER WAS OBSERVED.


RELATIVE HUMIDITY (PERCENT)
 HIGHEST    96          1000 PM
 LOWEST     51           400 PM
 AVERAGE    74

..........................................................


THE RAMONA AIRPORT CA CLIMATE NORMALS FOR TODAY
                         NORMAL    RECORD    YEAR
 MAXIMUM TEMPERATURE (F)   67        88      1988
 MINIMUM TEMPERATURE (F)   40        29      2009


SUNRISE AND SUNSET
MARCH 24 2017.........SUNRISE   646 AM PDT   SUNSET   702 PM PDT
MARCH 25 2017.........SUNRISE   644 AM PDT   SUNSET   703 PM PDT


-  INDICATES NEGATIVE NUMBERS.
R  INDICATES RECORD WAS SET OR TIED.
MM INDICATES DATA IS MISSING.
T  INDICATES TRACE AMOUNT.




$$
