000
CDUS46 KSGX 230119
CLIRNM


CLIMATE REPORT
NATIONAL WEATHER SERVICE SAN DIEGO, CA
519 PM PST THU FEB 22 2018


...................................

...THE RAMONA AIRPORT CA CLIMATE SUMMARY FOR FEBRUARY 22 2018...
VALID TODAY AS OF 0500 PM LOCAL TIME.

CLIMATE NORMAL PERIOD 1981 TO 2010
CLIMATE RECORD PERIOD 1974 TO 2018


WEATHER ITEM   OBSERVED TIME   RECORD YEAR NORMAL DEPARTURE LAST
                VALUE   (LST)  VALUE       VALUE  FROM      YEAR
                                                  NORMAL
..................................................................
TEMPERATURE (F)
 TODAY
  MAXIMUM         56    132 PM  88    2002  65     -9       60
  MINIMUM         29   1259 AM  22    2006  38     -9       39
  AVERAGE         43                        51     -8       50

PRECIPITATION (IN)
  TODAY            0.01          0.93 2008   0.14  -0.13     0.00
  MONTH TO DATE    0.07                      2.35  -2.28     2.00
  SINCE OCT 1      3.40                      9.81  -6.41    16.36
  SINCE JAN 1      3.36                      5.67  -2.31     9.34

DEGREE DAYS
 HEATING
  TODAY           22                        14      8       15
  MONTH TO DATE  252                       316    -64      222
  SINCE DEC 1    809                      1252   -443     1078
  SINCE JUL 1    990                      1663   -673     1329

 COOLING
  TODAY            0                         0      0        0
  MONTH TO DATE    0                         0      0        0
  SINCE DEC 1     17                         1     16        1
  SINCE JAN 1     16                         1     15        0
..................................................................


WIND (MPH)
  RESULTANT WIND SPEED   4   RESULTANT WIND DIRECTION   W (250)
  HIGHEST WIND SPEED    16   HIGHEST WIND DIRECTION     W (260)
  HIGHEST GUST SPEED    22   HIGHEST GUST DIRECTION     W (260)
  AVERAGE WIND SPEED     6.3


SKY COVER
  POSSIBLE SUNSHINE  MM
  AVERAGE SKY COVER 0.7


WEATHER CONDITIONS
 THE FOLLOWING WEATHER WAS RECORDED TODAY.
  LIGHT RAIN
  FOG


RELATIVE HUMIDITY (PERCENT)
 HIGHEST   100          1200 AM
 LOWEST     54          1100 AM
 AVERAGE    77

..........................................................


THE RAMONA AIRPORT CA CLIMATE NORMALS FOR TOMORROW
                         NORMAL    RECORD    YEAR
 MAXIMUM TEMPERATURE (F)   65        83      1990
                                             1989
 MINIMUM TEMPERATURE (F)   38        23      2006


SUNRISE AND SUNSET
FEBRUARY 22 2018......SUNRISE   624 AM PST   SUNSET   539 PM PST
FEBRUARY 23 2018......SUNRISE   622 AM PST   SUNSET   540 PM PST


-  INDICATES NEGATIVE NUMBERS.
R  INDICATES RECORD WAS SET OR TIED.
MM INDICATES DATA IS MISSING.
T  INDICATES TRACE AMOUNT.




$$
