000
CDUS46 KSGX 251416
CLIRNM


CLIMATE REPORT
NATIONAL WEATHER SERVICE SAN DIEGO, CA
616 AM PST TUE NOV 25 2014


...................................

...THE RAMONA AIRPORT CA CLIMATE SUMMARY FOR NOVEMBER 24 2014...

CLIMATE NORMAL PERIOD 1981 TO 2010
CLIMATE RECORD PERIOD 1974 TO 2014


WEATHER ITEM   OBSERVED TIME   RECORD YEAR NORMAL DEPARTURE LAST
                VALUE   (LST)  VALUE       VALUE  FROM      YEAR
                                                  NORMAL
..................................................................
TEMPERATURE (F)
 YESTERDAY
  MAXIMUM         77    203 PM  91    1995  68      9       64
  MINIMUM         42    506 AM  29    2003  37      5       34
                                      1999
  AVERAGE         60                        53      7       49

PRECIPITATION (IN)
  YESTERDAY        0.00          1.02 1978   0.04  -0.04     0.00
  MONTH TO DATE    0.93                      0.98  -0.05     0.20
  SINCE JUL 1      1.34                      2.27  -0.93     1.91
  SINCE JAN 1      6.43                     13.60  -7.17     6.41

SNOWFALL (IN)
  YESTERDAY        0.0
  MONTH TO DATE    0.0
  SINCE JAN 1      0.0
  SINCE JUL 1      0.0
  SNOW DEPTH       0

DEGREE DAYS
 HEATING
  YESTERDAY        5                        12     -7       16
  MONTH TO DATE  150                       212    -62      213
  SINCE SEP 1    166                       328   -162      364
  SINCE JUL 1    166                       331   -165      365

 COOLING
  YESTERDAY        0                         0      0        0
  MONTH TO DATE    2                         4     -2        5
  SINCE SEP 1    380                       235    145      234
  SINCE JAN 1   1119                       848    271      898
..................................................................


WIND (MPH)
  RESULTANT WIND SPEED   8   RESULTANT WIND DIRECTION   E (80)
  HIGHEST WIND SPEED    22   HIGHEST WIND DIRECTION     E (80)
  HIGHEST GUST SPEED    27   HIGHEST GUST DIRECTION     E (80)
  AVERAGE WIND SPEED     8.5


SKY COVER
  POSSIBLE SUNSHINE  MM
  AVERAGE SKY COVER 0.0


WEATHER CONDITIONS
 THE FOLLOWING WEATHER WAS RECORDED YESTERDAY.
  NO SIGNIFICANT WEATHER WAS OBSERVED.


RELATIVE HUMIDITY (PERCENT)
 HIGHEST    34          1100 PM
 LOWEST      6          1000 AM
 AVERAGE    20

..........................................................


THE RAMONA AIRPORT CA CLIMATE NORMALS FOR TODAY
                         NORMAL    RECORD    YEAR
 MAXIMUM TEMPERATURE (F)   68        92      1977
 MINIMUM TEMPERATURE (F)   37        26      2010


SUNRISE AND SUNSET
NOVEMBER 25 2014......SUNRISE   627 AM PST   SUNSET   442 PM PST
NOVEMBER 26 2014......SUNRISE   628 AM PST   SUNSET   441 PM PST


-  INDICATES NEGATIVE NUMBERS.
R  INDICATES RECORD WAS SET OR TIED.
MM INDICATES DATA IS MISSING.
T  INDICATES TRACE AMOUNT.




$$
