000
CDUS46 KSGX 251150
CLIRNM


CLIMATE REPORT
NATIONAL WEATHER SERVICE SAN DIEGO, CA
450 AM PDT TUE JUL 25 2017


...................................

...THE RAMONA AIRPORT CA CLIMATE SUMMARY FOR JULY 24 2017...

CLIMATE NORMAL PERIOD 1981 TO 2010
CLIMATE RECORD PERIOD 1974 TO 2017


WEATHER ITEM   OBSERVED TIME   RECORD YEAR NORMAL DEPARTURE LAST
                VALUE   (LST)  VALUE       VALUE  FROM      YEAR
                                                  NORMAL
..................................................................
TEMPERATURE (F)
 YESTERDAY
  MAXIMUM         86    137 PM 103    2006  89     -3       95
  MINIMUM         66   1159 PM  46    2008  57      9       60
  AVERAGE         76                        73      3       78

PRECIPITATION (IN)
  YESTERDAY        0.01R         0.01 2008   0.01   0.00     0.00
                                      2006
  MONTH TO DATE    0.01                      0.09  -0.08     0.00
  SINCE OCT 1     22.74                     15.56   7.18    13.19
  SINCE JAN 1     15.72                     11.42   4.30     9.66

DEGREE DAYS
 HEATING
  YESTERDAY        0                         0      0        0
  MONTH TO DATE    0                         0      0        0
  SINCE JUN 1     13                        27    -14        4
  SINCE JUL 1      0                         0      0        0

 COOLING
  YESTERDAY       11                         8      3       13
  MONTH TO DATE  289                       165    124      197
  SINCE JUN 1    463                       251    212      391
  SINCE JAN 1    513                       278    235      403
..................................................................


WIND (MPH)
  RESULTANT WIND SPEED   4   RESULTANT WIND DIRECTION   W (280)
  HIGHEST WIND SPEED    16   HIGHEST WIND DIRECTION     W (270)
  HIGHEST GUST SPEED    19   HIGHEST GUST DIRECTION     W (270)
  AVERAGE WIND SPEED     5.3


SKY COVER
  POSSIBLE SUNSHINE  MM
  AVERAGE SKY COVER 0.1


WEATHER CONDITIONS
 THE FOLLOWING WEATHER WAS RECORDED YESTERDAY.
  THUNDERSTORM
  LIGHT RAIN
  FOG


RELATIVE HUMIDITY (PERCENT)
 HIGHEST    93           800 AM
 LOWEST     51           300 PM
 AVERAGE    72

..........................................................


THE RAMONA AIRPORT CA CLIMATE NORMALS FOR TODAY
                         NORMAL    RECORD    YEAR
 MAXIMUM TEMPERATURE (F)   89       101      1977
 MINIMUM TEMPERATURE (F)   57        43      1999


SUNRISE AND SUNSET
JULY 25 2017..........SUNRISE   556 AM PDT   SUNSET   752 PM PDT
JULY 26 2017..........SUNRISE   557 AM PDT   SUNSET   751 PM PDT


-  INDICATES NEGATIVE NUMBERS.
R  INDICATES RECORD WAS SET OR TIED.
MM INDICATES DATA IS MISSING.
T  INDICATES TRACE AMOUNT.




$$
