000
CDUS46 KSGX 011420
CLIRNM


CLIMATE REPORT
NATIONAL WEATHER SERVICE SAN DIEGO, CA
720 AM PDT SAT AUG 1 2015


...................................

...THE RAMONA AIRPORT CA CLIMATE SUMMARY FOR JULY 31 2015...

CLIMATE NORMAL PERIOD 1981 TO 2010
CLIMATE RECORD PERIOD 1974 TO 2015


WEATHER ITEM   OBSERVED TIME   RECORD YEAR NORMAL DEPARTURE LAST
                VALUE   (LST)  VALUE       VALUE  FROM      YEAR
                                                  NORMAL
..................................................................
TEMPERATURE (F)
 YESTERDAY
  MAXIMUM         93    135 PM 100    1996  89      4       95
  MINIMUM         63   1159 PM  48    1975  58      5       61
  AVERAGE         78                        73      5       78

PRECIPITATION (IN)
  YESTERDAY        0.00          0.57 1991   0.01  -0.01     0.00
  MONTH TO DATE    2.38                      0.13   2.25     0.16
  SINCE OCT 1     12.02                     15.60  -3.58     7.92
  SINCE JAN 1      7.42                     11.46  -4.04     5.25

DEGREE DAYS
 HEATING
  YESTERDAY        0                         0      0        0
  MONTH TO DATE    0                         0      0        0
  SINCE JUN 1      8                        29    -21        7
  SINCE JUL 1      0                         2     -2        0

 COOLING
  YESTERDAY       13                         8      5       13
  MONTH TO DATE  221                       222     -1      291
  SINCE JUN 1    413                       308    105      379
  SINCE JAN 1    448                       335    113      462
..................................................................


WIND (MPH)
  RESULTANT WIND SPEED   5   RESULTANT WIND DIRECTION   W (290)
  HIGHEST WIND SPEED    MM   HIGHEST WIND DIRECTION    MM
  HIGHEST GUST SPEED    MM   HIGHEST GUST DIRECTION    MM
  AVERAGE WIND SPEED     5.4


SKY COVER
  POSSIBLE SUNSHINE  MM
  AVERAGE SKY COVER 0.2


WEATHER CONDITIONS
 THE FOLLOWING WEATHER WAS RECORDED YESTERDAY.
  FOG
  FOG W/VISIBILITY <= 1/4 MILE


RELATIVE HUMIDITY (PERCENT)
 HIGHEST    93          1200 AM
 LOWEST     40          1100 AM
 AVERAGE    67

..........................................................


THE RAMONA AIRPORT CA CLIMATE NORMALS FOR TODAY
                         NORMAL    RECORD    YEAR
 MAXIMUM TEMPERATURE (F)   89       100      1980
 MINIMUM TEMPERATURE (F)   58        45      1975


SUNRISE AND SUNSET
AUGUST  1 2015........SUNRISE   601 AM PDT   SUNSET   747 PM PDT
AUGUST  2 2015........SUNRISE   602 AM PDT   SUNSET   746 PM PDT


-  INDICATES NEGATIVE NUMBERS.
R  INDICATES RECORD WAS SET OR TIED.
MM INDICATES DATA IS MISSING.
T  INDICATES TRACE AMOUNT.




$$
