000
CDUS46 KSGX 051530
CLIRNM


CLIMATE REPORT
NATIONAL WEATHER SERVICE SAN DIEGO, CA
730 AM PST MON DEC 5 2016


...................................

...THE RAMONA AIRPORT CA CLIMATE SUMMARY FOR DECEMBER 4 2016...

CLIMATE NORMAL PERIOD 1981 TO 2010
CLIMATE RECORD PERIOD 1974 TO 2016


WEATHER ITEM   OBSERVED TIME   RECORD YEAR NORMAL DEPARTURE LAST
                VALUE   (LST)  VALUE       VALUE  FROM      YEAR
                                                  NORMAL
..................................................................
TEMPERATURE (F)
 YESTERDAY
  MAXIMUM         74    224 PM  94    1979  66      8       66
  MINIMUM         28    323 AM  23    2011  35     -7       29
  AVERAGE         51                        50      1       48

PRECIPITATION (IN)
  YESTERDAY        0.00          1.77 1974   0.06  -0.06     0.00
  MONTH TO DATE    0.00                      0.21  -0.21     0.00
  SINCE OCT 1      1.63                      2.12  -0.49     1.76
  SINCE JAN 1     11.79                     14.02  -2.23    10.48

DEGREE DAYS
 HEATING
  YESTERDAY       14                        15     -1       17
  MONTH TO DATE   62                        57      5       50
  SINCE DEC 1     62                        57      5       50
  SINCE JUL 1    313                       468   -155      389

 COOLING
  YESTERDAY        0                         0      0        0
  MONTH TO DATE    0                         0      0        0
  SINCE DEC 1      0                         0      0        0
  SINCE JAN 1   1019                       850    169     1207
..................................................................


WIND (MPH)
  RESULTANT WIND SPEED   2   RESULTANT WIND DIRECTION   W (290)
  HIGHEST WIND SPEED    14   HIGHEST WIND DIRECTION    NW (310)
  HIGHEST GUST SPEED    16   HIGHEST GUST DIRECTION    NW (310)
  AVERAGE WIND SPEED     2.1


SKY COVER
  POSSIBLE SUNSHINE  MM
  AVERAGE SKY COVER 0.0


WEATHER CONDITIONS
 THE FOLLOWING WEATHER WAS RECORDED YESTERDAY.
  NO SIGNIFICANT WEATHER WAS OBSERVED.


RELATIVE HUMIDITY (PERCENT)
 HIGHEST    85           100 AM
 LOWEST     14          1100 AM
 AVERAGE    50

..........................................................


THE RAMONA AIRPORT CA CLIMATE NORMALS FOR TODAY
                         NORMAL    RECORD    YEAR
 MAXIMUM TEMPERATURE (F)   65        90      1979
 MINIMUM TEMPERATURE (F)   35        20      2011


SUNRISE AND SUNSET
DECEMBER  5 2016......SUNRISE   636 AM PST   SUNSET   441 PM PST
DECEMBER  6 2016......SUNRISE   637 AM PST   SUNSET   441 PM PST


-  INDICATES NEGATIVE NUMBERS.
R  INDICATES RECORD WAS SET OR TIED.
MM INDICATES DATA IS MISSING.
T  INDICATES TRACE AMOUNT.




$$
