000
CDUS46 KSGX 231250
CLIRNM


CLIMATE REPORT
NATIONAL WEATHER SERVICE SAN DIEGO, CA
450 AM PST THU NOV 23 2017


...................................

...THE RAMONA AIRPORT CA CLIMATE SUMMARY FOR NOVEMBER 22 2017...

CLIMATE NORMAL PERIOD 1981 TO 2010
CLIMATE RECORD PERIOD 1974 TO 2017


WEATHER ITEM   OBSERVED TIME   RECORD YEAR NORMAL DEPARTURE LAST
                VALUE   (LST)  VALUE       VALUE  FROM      YEAR
                                                  NORMAL
..................................................................
TEMPERATURE (F)
 YESTERDAY
  MAXIMUM         90R   300 PM  85    2015  69     21       67
  MINIMUM         79    800 AM  28    1999  38     41       37
  AVERAGE         85                        53     32       52

PRECIPITATION (IN)
  YESTERDAY       MM             2.29 1996   0.04  MM        0.00
  MONTH TO DATE    T                         0.90  -0.90     0.53
  SINCE OCT 1      T                         1.62  -1.62     0.71
  SINCE JAN 1     15.94                     13.52   2.42    10.87

DEGREE DAYS
 HEATING
  YESTERDAY        0                        12    -12       13
  MONTH TO DATE   95                       188    -93       90
  SINCE SEP 1    138                       304   -166      140
  SINCE JUL 1    138                       307   -169      140

 COOLING
  YESTERDAY       20                         0     20        0
  MONTH TO DATE   28                         4     24       17
  SINCE SEP 1    347                       235    112      223
  SINCE JAN 1   1282                       848    434     1019
..................................................................


WIND (MPH)
  RESULTANT WIND SPEED  14   RESULTANT WIND DIRECTION  NE (60)
  HIGHEST WIND SPEED    21   HIGHEST WIND DIRECTION    NE (60)
  HIGHEST GUST SPEED    MM   HIGHEST GUST DIRECTION    MM
  AVERAGE WIND SPEED    14.4


SKY COVER
  POSSIBLE SUNSHINE  MM
  AVERAGE SKY COVER 0.0


WEATHER CONDITIONS
 THE FOLLOWING WEATHER WAS RECORDED YESTERDAY.
  NO SIGNIFICANT WEATHER WAS OBSERVED.


RELATIVE HUMIDITY (PERCENT)
 HIGHEST    MM
 LOWEST     MM
 AVERAGE    MM

..........................................................


THE RAMONA AIRPORT CA CLIMATE NORMALS FOR TODAY
                         NORMAL    RECORD    YEAR
 MAXIMUM TEMPERATURE (F)   69        89      1995
 MINIMUM TEMPERATURE (F)   38        28      1999


SUNRISE AND SUNSET
NOVEMBER 23 2017......SUNRISE   626 AM PST   SUNSET   442 PM PST
NOVEMBER 24 2017......SUNRISE   627 AM PST   SUNSET   442 PM PST


-  INDICATES NEGATIVE NUMBERS.
R  INDICATES RECORD WAS SET OR TIED.
MM INDICATES DATA IS MISSING.
T  INDICATES TRACE AMOUNT.




$$
