000
CDUS46 KSGX 270017
CLIRNM


CLIMATE REPORT
NATIONAL WEATHER SERVICE SAN DIEGO, CA
517 PM PDT THU MAR 26 2015


...................................

...THE RAMONA AIRPORT CA CLIMATE SUMMARY FOR MARCH 26 2015...
VALID TODAY AS OF 0500 PM LOCAL TIME.

CLIMATE NORMAL PERIOD 1981 TO 2010
CLIMATE RECORD PERIOD 1974 TO 2015


WEATHER ITEM   OBSERVED TIME   RECORD YEAR NORMAL DEPARTURE LAST
                VALUE   (LST)  VALUE       VALUE  FROM      YEAR
                                                  NORMAL
..................................................................
TEMPERATURE (F)
 TODAY
  MAXIMUM         90    119 PM  94    1988  67     23       60
  MINIMUM         42    312 AM  30    1977  40      2       50
  AVERAGE         66                        53     13       55

PRECIPITATION (IN)
  TODAY            0.00          0.85 1998   0.05  -0.05     0.04
  MONTH TO DATE    1.23                      2.79  -1.56     0.93
  SINCE OCT 1      7.44                     13.36  -5.92     6.72
  SINCE JAN 1      2.84                      9.22  -6.38     4.05

SNOWFALL (IN)
  TODAY            0.0
  MONTH TO DATE    0.0
  SINCE MAR 1      0.0
  SINCE JUL 1      0.0
  SNOW DEPTH       0

DEGREE DAYS
 HEATING
  TODAY            0                        12    -12       10
  MONTH TO DATE  181                       320   -139      187
  SINCE MAR 1    181                       320   -139      187
  SINCE JUL 1   1365                      2061   -696     1608

 COOLING
  TODAY            1                         0      1        0
  MONTH TO DATE    5                         0      5        0
  SINCE MAR 1      5                         0      5        0
  SINCE JAN 1      7                         1      6        0
..................................................................


WIND (MPH)
  RESULTANT WIND SPEED   2   RESULTANT WIND DIRECTION   E (80)
  HIGHEST WIND SPEED    20   HIGHEST WIND DIRECTION     E (70)
  HIGHEST GUST SPEED    25   HIGHEST GUST DIRECTION     E (80)
  AVERAGE WIND SPEED     6.4


SKY COVER
  POSSIBLE SUNSHINE  MM
  AVERAGE SKY COVER 0.0


WEATHER CONDITIONS
 THE FOLLOWING WEATHER WAS RECORDED TODAY.
  NO SIGNIFICANT WEATHER WAS OBSERVED.


RELATIVE HUMIDITY (PERCENT)
 HIGHEST    77          1200 AM
 LOWEST      7           200 PM
 AVERAGE    42

..........................................................


THE RAMONA AIRPORT CA CLIMATE NORMALS FOR TOMORROW
                         NORMAL    RECORD    YEAR
 MAXIMUM TEMPERATURE (F)   67        87      1988
 MINIMUM TEMPERATURE (F)   40        30      1975


SUNRISE AND SUNSET
MARCH 26 2015.........SUNRISE   644 AM PDT   SUNSET   704 PM PDT
MARCH 27 2015.........SUNRISE   642 AM PDT   SUNSET   704 PM PDT


-  INDICATES NEGATIVE NUMBERS.
R  INDICATES RECORD WAS SET OR TIED.
MM INDICATES DATA IS MISSING.
T  INDICATES TRACE AMOUNT.




$$
