000
CDUS45 KREV 170836
CLIRNO


CLIMATE REPORT
NATIONAL WEATHER SERVICE RENO NV
135 AM PDT WED SEP 17 2014


...................................

...THE RENO TAHOE AIRPORT NV CLIMATE SUMMARY FOR SEPTEMBER 16 2014...

CLIMATE NORMAL PERIOD 1981 TO 2010
CLIMATE RECORD PERIOD 1888 TO 2014


WEATHER ITEM   OBSERVED TIME   RECORD YEAR NORMAL DEPARTURE LAST
                VALUE   (LST)  VALUE       VALUE  FROM      YEAR
                                                  NORMAL
..................................................................
TEMPERATURE (F)
 YESTERDAY
  MAXIMUM         93    159 PM  95    1983  82     11       90
                                      1937
  MINIMUM         59    602 AM  28    1970  49     10       56
  AVERAGE         76                        65     11       73

PRECIPITATION (IN)
  YESTERDAY        0.00          0.42 1989   0.01  -0.01     0.00
  MONTH TO DATE    T                         0.14  -0.14      T
  SINCE OCT 1      4.24                      7.19  -2.95     6.08
  SINCE JAN 1      3.28                      4.83  -1.55     3.04

SNOWFALL (IN)
  YESTERDAY        0.0           0.0    MM   0.0    0.0      0.0
  MONTH TO DATE    0.0                       0.0    0.0      0.0
  SINCE SEP 1      0.0                       0.0    0.0      0.0
  SINCE JUL 1      0.0                       0.0    0.0       T
  SNOW DEPTH       0

DEGREE DAYS
 HEATING
  YESTERDAY        0                         3     -3        0
  MONTH TO DATE    0                        24    -24        0
  SINCE SEP 1      0                        24    -24        0
  SINCE JUL 1      4                        34    -30        0

 COOLING
  YESTERDAY       11                         3      8        8
  MONTH TO DATE  119                        64     55      136
  SINCE SEP 1    119                        64     55      136
  SINCE JAN 1   1155                       810    345     1169
..................................................................


WIND (MPH)
  RESULTANT WIND SPEED   5   RESULTANT WIND DIRECTION  SW (220)
  HIGHEST WIND SPEED    29   HIGHEST WIND DIRECTION     S (190)
  HIGHEST GUST SPEED    37   HIGHEST GUST DIRECTION    SW (210)
  AVERAGE WIND SPEED     9.5



WEATHER CONDITIONS
 THE FOLLOWING WEATHER WAS RECORDED YESTERDAY.
  HAZE


RELATIVE HUMIDITY (PERCENT)
 HIGHEST    60           500 AM
 LOWEST     10           200 PM
 AVERAGE    35

..........................................................


THE RENO TAHOE AIRPORT NV CLIMATE NORMALS FOR TODAY
                         NORMAL    RECORD    YEAR
 MAXIMUM TEMPERATURE (F)   82        96      1929
 MINIMUM TEMPERATURE (F)   48        23      1965


SUNRISE AND SUNSET
SEPTEMBER 17 2014.....SUNRISE   642 AM PDT   SUNSET   704 PM PDT
SEPTEMBER 18 2014.....SUNRISE   643 AM PDT   SUNSET   703 PM PDT


-  INDICATES NEGATIVE NUMBERS.
R  INDICATES RECORD WAS SET OR TIED.
MM INDICATES DATA IS MISSING.
T  INDICATES TRACE AMOUNT.




$$
