000
CDUS45 KREV 290839
CLIRNO


CLIMATE REPORT
NATIONAL WEATHER SERVICE RENO NV
139 AM PDT WED JUL 29 2015


...................................

...THE RENO TAHOE AIRPORT NV CLIMATE SUMMARY FOR JULY 28 2015...

CLIMATE NORMAL PERIOD 1981 TO 2010
CLIMATE RECORD PERIOD 1888 TO 2015


WEATHER ITEM   OBSERVED TIME   RECORD YEAR NORMAL DEPARTURE LAST
                VALUE   (LST)  VALUE       VALUE  FROM      YEAR
                                                  NORMAL
..................................................................
TEMPERATURE (F)
 YESTERDAY
  MAXIMUM         88    426 PM 102    1971  94     -6       98
  MINIMUM         56    513 AM  38    1965  59     -3       65
  AVERAGE         72                        76     -4       82

PRECIPITATION (IN)
  YESTERDAY        0.00          0.54 1908   0.01  -0.01      T
  MONTH TO DATE    0.51                      0.16   0.35     0.20
  SINCE OCT 1      5.72                      6.80  -1.08     3.16
  SINCE JAN 1      4.30                      4.44  -0.14     2.20

SNOWFALL (IN)
  YESTERDAY        0.0           0.0    MM   0.0    0.0      0.0
  MONTH TO DATE    0.0                       0.0    0.0      0.0
  SINCE JUN 1      0.0                       T      0.0      0.0
  SINCE JUL 1      0.0                       0.0    0.0      0.0
  SNOW DEPTH       0

DEGREE DAYS
 HEATING
  YESTERDAY        0                         0      0        0
  MONTH TO DATE    1                         0      1        0
  SINCE JUN 1      8                        56    -48       10
  SINCE JUL 1      1                         0      1        0

 COOLING
  YESTERDAY        7                        11     -4       17
  MONTH TO DATE  280                       281     -1      446
  SINCE JUN 1    565                       417    148      658
  SINCE JAN 1    599                       454    145      705
..................................................................


WIND (MPH)
  RESULTANT WIND SPEED   4   RESULTANT WIND DIRECTION   E (80)
  HIGHEST WIND SPEED    17   HIGHEST WIND DIRECTION     E (80)
  HIGHEST GUST SPEED    24   HIGHEST GUST DIRECTION     E (70)
  AVERAGE WIND SPEED     5.6



WEATHER CONDITIONS
 THE FOLLOWING WEATHER WAS RECORDED YESTERDAY.
  NO SIGNIFICANT WEATHER WAS OBSERVED.


RELATIVE HUMIDITY (PERCENT)
 HIGHEST    41           500 AM
 LOWEST     10           300 PM
 AVERAGE    26

..........................................................


THE RENO TAHOE AIRPORT NV CLIMATE NORMALS FOR TODAY
                         NORMAL    RECORD    YEAR
 MAXIMUM TEMPERATURE (F)   94       103      1943
 MINIMUM TEMPERATURE (F)   59        39      1948
                                             1896


SUNRISE AND SUNSET
JULY 29 2015..........SUNRISE   556 AM PDT   SUNSET   815 PM PDT
JULY 30 2015..........SUNRISE   557 AM PDT   SUNSET   814 PM PDT


-  INDICATES NEGATIVE NUMBERS.
R  INDICATES RECORD WAS SET OR TIED.
MM INDICATES DATA IS MISSING.
T  INDICATES TRACE AMOUNT.




$$
