000
CDUS45 KREV 230040
CLIRNO


CLIMATE REPORT
NATIONAL WEATHER SERVICE RENO NV
540 PM PDT FRI MAY 22 2015


...................................

...THE RENO TAHOE AIRPORT NV CLIMATE SUMMARY FOR MAY 22 2015...
VALID TODAY AS OF 0500 PM LOCAL TIME.

CLIMATE NORMAL PERIOD 1981 TO 2010
CLIMATE RECORD PERIOD 1888 TO 2015


WEATHER ITEM   OBSERVED TIME   RECORD YEAR NORMAL DEPARTURE LAST
                VALUE   (LST)  VALUE       VALUE  FROM      YEAR
                                                  NORMAL
..................................................................
TEMPERATURE (F)
 TODAY
  MAXIMUM         68    200 PM  95    1967  75     -7       73
  MINIMUM         50    635 AM  19    1960  47      3       49
  AVERAGE         59                        61     -2       61

PRECIPITATION (IN)
  TODAY            T             0.88 1959   0.02  -0.02     0.02
  MONTH TO DATE    0.60                      0.34   0.26     0.54
  SINCE OCT 1      3.87                      5.98  -2.11     2.96
  SINCE JAN 1      2.45                      3.62  -1.17     2.00

SNOWFALL (IN)
  TODAY            0.0           T    1946   0.0    0.0      0.0
  MONTH TO DATE    T                         0.3   -0.3       T
  SINCE MAR 1      T                         2.8   -2.8       T
  SINCE JUL 1      2.7                      21.8  -19.1      6.2
  SNOW DEPTH       0

DEGREE DAYS
 HEATING
  TODAY            6                         5      1        4
  MONTH TO DATE  168                       166      2      131
  SINCE MAR 1    936                      1190   -254      955
  SINCE JUL 1   3801                      4828  -1027     4539

 COOLING
  TODAY            0                         2     -2        0
  MONTH TO DATE    3                        16    -13       21
  SINCE MAR 1      3                        17    -14       21
  SINCE JAN 1      3                        17    -14       21
..................................................................


WIND (MPH)
  RESULTANT WIND SPEED   1   RESULTANT WIND DIRECTION   N (340)
  HIGHEST WIND SPEED    18   HIGHEST WIND DIRECTION     W (280)
  HIGHEST GUST SPEED    25   HIGHEST GUST DIRECTION    NW (330)
  AVERAGE WIND SPEED     4.1



WEATHER CONDITIONS
 THE FOLLOWING WEATHER WAS RECORDED TODAY.
  LIGHT RAIN


RELATIVE HUMIDITY (PERCENT)
 HIGHEST    86           200 AM
 LOWEST     37           100 PM
 AVERAGE    62

..........................................................


THE RENO TAHOE AIRPORT NV CLIMATE NORMALS FOR TOMORROW
                         NORMAL    RECORD    YEAR
 MAXIMUM TEMPERATURE (F)   76        94      2001
 MINIMUM TEMPERATURE (F)   47        26      1968
                                             1960


SUNRISE AND SUNSET
MAY 22 2015...........SUNRISE   540 AM PDT   SUNSET   812 PM PDT
MAY 23 2015...........SUNRISE   539 AM PDT   SUNSET   813 PM PDT


-  INDICATES NEGATIVE NUMBERS.
R  INDICATES RECORD WAS SET OR TIED.
MM INDICATES DATA IS MISSING.
T  INDICATES TRACE AMOUNT.




$$
