000
CDUS45 KREV 200914
CLIRNO


CLIMATE REPORT
NATIONAL WEATHER SERVICE RENO NV
113 AM PST TUE FEB 20 2018


...................................

...THE RENO-TAHOE INTL AIRPORT NV CLIMATE SUMMARY FOR FEBRUARY 19 2018...

CLIMATE NORMAL PERIOD 1981 TO 2010
CLIMATE RECORD PERIOD 1888 TO 2018


WEATHER ITEM   OBSERVED TIME   RECORD YEAR NORMAL DEPARTURE LAST
                VALUE   (LST)  VALUE       VALUE  FROM      YEAR
                                                  NORMAL
..................................................................
TEMPERATURE (F)
 YESTERDAY
  MAXIMUM         32    332 PM  72    1965  52    -20       53
  MINIMUM         19   1159 PM  -7    1990  30    -11       34
  AVERAGE         26                        41    -15       44

PRECIPITATION (IN)
  YESTERDAY        0.01          1.06 1986   0.04  -0.03     0.00
  MONTH TO DATE    0.13                      0.66  -0.53     1.16
  SINCE OCT 1      2.37                      4.05  -1.68    10.52
  SINCE JAN 1      0.80                      1.69  -0.89     6.73

SNOWFALL (IN)
  YESTERDAY       MM             3.0  1971   0.2   MM        0.0
  MONTH TO DATE    1.5                       3.3   -1.8       T
  SINCE DEC 1      2.5                      13.8  -11.3     19.7
  SINCE JUL 1      2.5                      17.3  -14.8     20.3
  SNOW DEPTH       0

DEGREE DAYS
 HEATING
  YESTERDAY       39                        24     15       21
  MONTH TO DATE  440                       494    -54      386
  SINCE DEC 1   2012                      2328   -316     2226
  SINCE JUL 1   2952                      3431   -479     3104

 COOLING
  YESTERDAY        0                         0      0        0
  MONTH TO DATE    0                         0      0        0
  SINCE DEC 1      0                         0      0        0
  SINCE JAN 1      0                         0      0        0
..................................................................


WIND (MPH)
  RESULTANT WIND SPEED   7   RESULTANT WIND DIRECTION  NW (320)
  HIGHEST WIND SPEED    17   HIGHEST WIND DIRECTION     N (360)
  HIGHEST GUST SPEED    21   HIGHEST GUST DIRECTION     N (340)
  AVERAGE WIND SPEED     8.7



WEATHER CONDITIONS
 THE FOLLOWING WEATHER WAS RECORDED YESTERDAY.
  LIGHT SNOW


RELATIVE HUMIDITY (PERCENT)
 HIGHEST    62          1000 PM
 LOWEST     39           200 PM
 AVERAGE    51

..........................................................


THE RENO-TAHOE INTL AIRPORT NV CLIMATE NORMALS FOR TODAY
                         NORMAL    RECORD    YEAR
 MAXIMUM TEMPERATURE (F)   52        72      1982
 MINIMUM TEMPERATURE (F)   30        -6      1990


SUNRISE AND SUNSET
FEBRUARY 20 2018......SUNRISE   645 AM PST   SUNSET   542 PM PST
FEBRUARY 21 2018......SUNRISE   643 AM PST   SUNSET   543 PM PST


-  INDICATES NEGATIVE NUMBERS.
R  INDICATES RECORD WAS SET OR TIED.
MM INDICATES DATA IS MISSING.
T  INDICATES TRACE AMOUNT.




$$
