000
CDUS45 KREV 220126 CCA
CLIRNO

CLIMATE REPORT
NATIONAL WEATHER SERVICE RENO NV
454 PM PST TUE FEB 21 2017


...................................

...THE RENO TAHOE AIRPORT NV CLIMATE SUMMARY FOR FEBRUARY 21 2017...
VALID TODAY AS OF 0400 PM LOCAL TIME.

CLIMATE NORMAL PERIOD 1981 TO 2010
CLIMATE RECORD PERIOD 1888 TO 2017


WEATHER ITEM   OBSERVED TIME   RECORD YEAR NORMAL DEPARTURE LAST
                VALUE   (LST)  VALUE       VALUE  FROM      YEAR
                                                  NORMAL
..................................................................
TEMPERATURE (F)
 TODAY
  MAXIMUM         45    111 AM  74    1965  53     -8       65
  MINIMUM         33    930 AM   0    1897  30      3       29
  AVERAGE         39                        41     -2       47

PRECIPITATION (IN)
  TODAY            0.91R         0.75 1936   0.04   0.84     0.00
  MONTH TO DATE    3.12                      0.74   2.38     0.42
  SINCE OCT 1     12.48                      4.13   8.35     6.07
  SINCE JAN 1      8.69                      1.77   6.92     2.12

SNOWFALL (IN)
  TODAY            0.1          10.9  2010   0.2   -0.1      0.0
  MONTH TO DATE    0.1                       3.7   -3.6      1.2
  SINCE DEC 1     19.8                      14.2    5.6     19.0
  SINCE JUL 1     20.4                      17.7    2.7     24.1
  SNOW DEPTH       T

DEGREE DAYS
 HEATING
  TODAY           26                        24      2       18
  MONTH TO DATE  434                       542   -108      484
  SINCE DEC 1   2274                      2376   -102     2219
  SINCE JUL 1   3152                      3479   -327     3212

 COOLING
  TODAY            0                         0      0        0
  MONTH TO DATE    0                         0      0        0
  SINCE DEC 1      0                         0      0        0
  SINCE JAN 1      0                         0      0        0
..................................................................


WIND (MPH)
  RESULTANT WIND SPEED  10   RESULTANT WIND DIRECTION  SW (220)
  HIGHEST WIND SPEED    49   HIGHEST WIND DIRECTION     S (200)
  HIGHEST GUST SPEED    71   HIGHEST GUST DIRECTION     S (200)
  AVERAGE WIND SPEED    11.8



WEATHER CONDITIONS
 THE FOLLOWING WEATHER WAS RECORDED TODAY.
  HEAVY RAIN
  RAIN
  LIGHT RAIN
  SNOW
  LIGHT SNOW
  FOG


RELATIVE HUMIDITY (PERCENT)
 HIGHEST   100           500 AM
 LOWEST     73           300 AM
 AVERAGE    87

..........................................................


THE RENO TAHOE AIRPORT NV CLIMATE NORMALS FOR TOMORROW
                         NORMAL    RECORD    YEAR
 MAXIMUM TEMPERATURE (F)   53        73      2002
 MINIMUM TEMPERATURE (F)   30       -12      1897


SUNRISE AND SUNSET
FEBRUARY 21 2017......SUNRISE   643 AM PST   SUNSET   543 PM PST
FEBRUARY 22 2017......SUNRISE   642 AM PST   SUNSET   544 PM PST


-  INDICATES NEGATIVE NUMBERS.
R  INDICATES RECORD WAS SET OR TIED.
MM INDICATES DATA IS MISSING.
T  INDICATES TRACE AMOUNT.




$$
