405
CDUS45 KREV 260839
CLIRNO


CLIMATE REPORT
NATIONAL WEATHER SERVICE RENO NV
139 AM PDT TUE SEP 26 2017


...................................

...THE RENO-TAHOE INTL AIRPORT NV CLIMATE SUMMARY FOR SEPTEMBER 25 2017...

CLIMATE NORMAL PERIOD 1981 TO 2010
CLIMATE RECORD PERIOD 1888 TO 2017


WEATHER ITEM   OBSERVED TIME   RECORD YEAR NORMAL DEPARTURE LAST
                VALUE   (LST)  VALUE       VALUE  FROM      YEAR
                                                  NORMAL
..................................................................
TEMPERATURE (F)
 YESTERDAY
  MAXIMUM         69    413 PM  94    1964  79    -10       82
  MINIMUM         40    645 AM  25    1972  46     -6       46
  AVERAGE         55                        62     -7       64

PRECIPITATION (IN)
  YESTERDAY        0.00          0.33 1939   0.02  -0.02     0.00
  MONTH TO DATE    0.69                      0.27   0.42      T
  SINCE OCT 1     15.95                      7.32   8.63     9.20
  SINCE JAN 1     12.16                      4.96   7.20     5.25

SNOWFALL (IN)
  YESTERDAY        0.0           0.0    MM   0.0    0.0      0.0
  MONTH TO DATE    T                         0.0    0.0      0.0
  SINCE SEP 1      T                         0.0    0.0      0.0
  SINCE JUL 1      T                         0.0    0.0      0.0
  SNOW DEPTH       0

DEGREE DAYS
 HEATING
  YESTERDAY       10                         4      6        1
  MONTH TO DATE   91                        55     36       43
  SINCE SEP 1     91                        55     36       43
  SINCE JUL 1     91                        65     26       43

 COOLING
  YESTERDAY        0                         1     -1        0
  MONTH TO DATE  151                        82     69       76
  SINCE SEP 1    151                        82     69       76
  SINCE JAN 1   1401                       828    573     1069
..................................................................


WIND (MPH)
  RESULTANT WIND SPEED   1   RESULTANT WIND DIRECTION   N (360)
  HIGHEST WIND SPEED    16   HIGHEST WIND DIRECTION     N (10)
  HIGHEST GUST SPEED    18   HIGHEST GUST DIRECTION     N (10)
  AVERAGE WIND SPEED     2.7



WEATHER CONDITIONS
 THE FOLLOWING WEATHER WAS RECORDED YESTERDAY.
  NO SIGNIFICANT WEATHER WAS OBSERVED.


RELATIVE HUMIDITY (PERCENT)
 HIGHEST    65           700 AM
 LOWEST     20           100 PM
 AVERAGE    43

..........................................................


THE RENO-TAHOE INTL AIRPORT NV CLIMATE NORMALS FOR TODAY
                         NORMAL    RECORD    YEAR
 MAXIMUM TEMPERATURE (F)   78        93      2009
 MINIMUM TEMPERATURE (F)   45        23      1970


SUNRISE AND SUNSET
SEPTEMBER 26 2017.....SUNRISE   651 AM PDT   SUNSET   649 PM PDT
SEPTEMBER 27 2017.....SUNRISE   652 AM PDT   SUNSET   647 PM PDT


-  INDICATES NEGATIVE NUMBERS.
R  INDICATES RECORD WAS SET OR TIED.
MM INDICATES DATA IS MISSING.
T  INDICATES TRACE AMOUNT.




$$
