000
CDUS45 KREV 250040
CLIRNO


CLIMATE REPORT
NATIONAL WEATHER SERVICE RENO NV
440 PM PST FRI NOV 24 2017


...................................

...THE RENO-TAHOE INTL AIRPORT NV CLIMATE SUMMARY FOR NOVEMBER 24 2017...
VALID TODAY AS OF 0400 PM LOCAL TIME.

CLIMATE NORMAL PERIOD 1981 TO 2010
CLIMATE RECORD PERIOD 1888 TO 2017


WEATHER ITEM   OBSERVED TIME   RECORD YEAR NORMAL DEPARTURE LAST
                VALUE   (LST)  VALUE       VALUE  FROM      YEAR
                                                  NORMAL
..................................................................
TEMPERATURE (F)
 TODAY
  MAXIMUM         67    311 PM  75    1970  51     16       50
  MINIMUM         50    619 AM   7    1938  28     22       22
  AVERAGE         59                        40     19       36

PRECIPITATION (IN)
  TODAY            0.00          0.68 2001   0.03  -0.03     0.00
  MONTH TO DATE    0.97                      0.64   0.33     0.06
  SINCE OCT 1      1.25                      1.15   0.10     2.49
  SINCE JAN 1     13.41                      6.19   7.22     7.74

SNOWFALL (IN)
  TODAY            0.0           4.2  2001   0.1   -0.1      0.0
  MONTH TO DATE    T                         2.4   -2.4       T
  SINCE SEP 1      T                         2.8   -2.8       T
  SINCE JUL 1      T                         2.8   -2.8       T
  SNOW DEPTH       0

DEGREE DAYS
 HEATING
  TODAY            6                        25    -19       29
  MONTH TO DATE  375                       510   -135      385
  SINCE SEP 1    832                       936   -104      714
  SINCE JUL 1    832                       946   -114      714

 COOLING
  TODAY            0                         0      0        0
  MONTH TO DATE    0                         0      0        0
  SINCE SEP 1    151                        93     58       95
  SINCE JAN 1   1401                       839    562     1088
..................................................................


WIND (MPH)
  RESULTANT WIND SPEED   2   RESULTANT WIND DIRECTION  NW (330)
  HIGHEST WIND SPEED    17   HIGHEST WIND DIRECTION     N (350)
  HIGHEST GUST SPEED    22   HIGHEST GUST DIRECTION     W (250)
  AVERAGE WIND SPEED     5.2



WEATHER CONDITIONS
 THE FOLLOWING WEATHER WAS RECORDED TODAY.
  NO SIGNIFICANT WEATHER WAS OBSERVED.


RELATIVE HUMIDITY (PERCENT)
 HIGHEST    61           600 AM
 LOWEST     22           100 PM
 AVERAGE    42

..........................................................


THE RENO-TAHOE INTL AIRPORT NV CLIMATE NORMALS FOR TOMORROW
                         NORMAL    RECORD    YEAR
 MAXIMUM TEMPERATURE (F)   51        73      1949
 MINIMUM TEMPERATURE (F)   28         9      1952


SUNRISE AND SUNSET
NOVEMBER 24 2017......SUNRISE   653 AM PST   SUNSET   438 PM PST
NOVEMBER 25 2017......SUNRISE   655 AM PST   SUNSET   438 PM PST


-  INDICATES NEGATIVE NUMBERS.
R  INDICATES RECORD WAS SET OR TIED.
MM INDICATES DATA IS MISSING.
T  INDICATES TRACE AMOUNT.




$$
