000
CDUS45 KREV 210839
CLIRNO


CLIMATE REPORT
NATIONAL WEATHER SERVICE RENO NV
1238 AM PST SUN DEC 21 2014


...................................

...THE RENO TAHOE AIRPORT NV CLIMATE SUMMARY FOR DECEMBER 20 2014...

CLIMATE NORMAL PERIOD 1981 TO 2010
CLIMATE RECORD PERIOD 1888 TO 2014


WEATHER ITEM   OBSERVED TIME   RECORD YEAR NORMAL DEPARTURE LAST
                VALUE   (LST)  VALUE       VALUE  FROM      YEAR
                                                  NORMAL
..................................................................
TEMPERATURE (F)
 YESTERDAY
  MAXIMUM         52   1159 PM  63    2005  45      7       36
  MINIMUM         40    537 AM  -7    1978  24     16       13
  AVERAGE         46                        34     12       25

PRECIPITATION (IN)
  YESTERDAY        T             0.73 1921   0.04  -0.04      T
  MONTH TO DATE    0.84                      0.62   0.22     0.41
  SINCE OCT 1      1.33                      1.95  -0.62     0.96
  SINCE JAN 1      4.90                      6.99  -2.09     4.02

SNOWFALL (IN)
  YESTERDAY        0.0           5.0  1921   0.2   -0.2       T
  MONTH TO DATE    0.4                       2.5   -2.1      4.3
  SINCE DEC 1      0.4                       2.5   -2.1      4.3
  SINCE JUL 1      0.4                       6.0   -5.6      4.7
  SNOW DEPTH       0

DEGREE DAYS
 HEATING
  YESTERDAY       19                        30    -11       40
  MONTH TO DATE  448                       583   -135      795
  SINCE DEC 1    448                       583   -135      795
  SINCE JUL 1   1273                      1686   -413     1913

 COOLING
  YESTERDAY        0                         0      0        0
  MONTH TO DATE    0                         0      0        0
  SINCE DEC 1      0                         0      0        0
  SINCE JAN 1   1211                       839    372     1174
..................................................................


WIND (MPH)
  RESULTANT WIND SPEED   3   RESULTANT WIND DIRECTION   N (0)
  HIGHEST WIND SPEED    20   HIGHEST WIND DIRECTION    NW (320)
  HIGHEST GUST SPEED    25   HIGHEST GUST DIRECTION    NW (300)
  AVERAGE WIND SPEED     6.7



WEATHER CONDITIONS
 THE FOLLOWING WEATHER WAS RECORDED YESTERDAY.
  NO SIGNIFICANT WEATHER WAS OBSERVED.


RELATIVE HUMIDITY (PERCENT)
 HIGHEST    85          1200 AM
 LOWEST     52           300 PM
 AVERAGE    69

..........................................................


THE RENO TAHOE AIRPORT NV CLIMATE NORMALS FOR TODAY
                         NORMAL    RECORD    YEAR
 MAXIMUM TEMPERATURE (F)   45        63      2000
 MINIMUM TEMPERATURE (F)   24        -8      1990


SUNRISE AND SUNSET
DECEMBER 21 2014......SUNRISE   716 AM PST   SUNSET   439 PM PST
DECEMBER 22 2014......SUNRISE   716 AM PST   SUNSET   439 PM PST


-  INDICATES NEGATIVE NUMBERS.
R  INDICATES RECORD WAS SET OR TIED.
MM INDICATES DATA IS MISSING.
T  INDICATES TRACE AMOUNT.




$$
