000
CDUS41 KRNK 220922
CLIROA


CLIMATE REPORT
NATIONAL WEATHER SERVICE BLACKSBURG VA
517 AM EDT FRI AUG 22 2014


...................................

...THE ROANOKE VA CLIMATE SUMMARY FOR AUGUST 21 2014...

CLIMATE NORMAL PERIOD 1981 TO 2010
CLIMATE RECORD PERIOD 1912 TO 2014


WEATHER ITEM   OBSERVED TIME   RECORD YEAR NORMAL DEPARTURE LAST
                VALUE   (LST)  VALUE       VALUE  FROM      YEAR
                                                  NORMAL
..................................................................
TEMPERATURE (F)
 YESTERDAY
  MAXIMUM         88    328 PM 105    1983  86      2       83
  MINIMUM         67    258 AM  49    1918  65      2       68
  AVERAGE         78                        75      3       76

PRECIPITATION (IN)
  YESTERDAY        0.03          1.73 1960   0.11  -0.08     0.20
  MONTH TO DATE    4.68                      2.36   2.32     1.96
  SINCE JUN 1     11.13                     10.23   0.90    21.18
  SINCE JAN 1     26.73                     26.93  -0.20    41.72

SNOWFALL (IN)
  YESTERDAY        0.0
  MONTH TO DATE    0.0
  SINCE JUN 1      0.0
  SINCE JUL 1      0.0
  SNOW DEPTH       0

DEGREE DAYS
 HEATING
  YESTERDAY        0                         0      0        0
  MONTH TO DATE    0                         0      0        1
  SINCE JUN 1      0                        11    -11        2
  SINCE JUL 1      0                         0      0        1

 COOLING
  YESTERDAY       13                        10      3       11
  MONTH TO DATE  133                       229    -96      190
  SINCE JUN 1    734                       836   -102      838
  SINCE JAN 1    883                       952    -69      988
..................................................................


WIND (MPH)
  HIGHEST WIND SPEED    17   HIGHEST WIND DIRECTION     W (270)
  HIGHEST GUST SPEED    24   HIGHEST GUST DIRECTION    SW (240)
  AVERAGE WIND SPEED     5.2


SKY COVER
  POSSIBLE SUNSHINE  MM
  AVERAGE SKY COVER 0.6


WEATHER CONDITIONS
 THE FOLLOWING WEATHER WAS RECORDED YESTERDAY.
  THUNDERSTORM
  LIGHT RAIN


RELATIVE HUMIDITY (PERCENT)
 HIGHEST    93           300 AM
 LOWEST     46           100 PM
 AVERAGE    70

..........................................................


THE ROANOKE VA CLIMATE NORMALS FOR TODAY
                         NORMAL    RECORD    YEAR
 MAXIMUM TEMPERATURE (F)   85       104      1983
 MINIMUM TEMPERATURE (F)   65        47      1922


SUNRISE AND SUNSET
AUGUST 22 2014........SUNRISE   642 AM EDT   SUNSET   803 PM EDT
AUGUST 23 2014........SUNRISE   643 AM EDT   SUNSET   801 PM EDT


-  INDICATES NEGATIVE NUMBERS.
R  INDICATES RECORD WAS SET OR TIED.
MM INDICATES DATA IS MISSING.
T  INDICATES TRACE AMOUNT.



$$
