000
CDUS41 KRNK 230923
CLIROA


CLIMATE REPORT
NATIONAL WEATHER SERVICE BLACKSBURG VA
520 AM EDT THU OCT 23 2014


...................................

...THE ROANOKE VA CLIMATE SUMMARY FOR OCTOBER 22 2014...

CLIMATE NORMAL PERIOD 1981 TO 2010
CLIMATE RECORD PERIOD 1912 TO 2014


WEATHER ITEM   OBSERVED TIME   RECORD YEAR NORMAL DEPARTURE LAST
                VALUE   (LST)  VALUE       VALUE  FROM      YEAR
                                                  NORMAL
..................................................................
TEMPERATURE (F)
 YESTERDAY
  MAXIMUM         61    251 PM  85    1920  67     -6       65
  MINIMUM         48    624 AM  22    1930  45      3       48
  AVERAGE         55                        56     -1       57

PRECIPITATION (IN)
  YESTERDAY        T             2.51 1929   0.10  -0.10      T
  MONTH TO DATE    3.42                      2.01   1.41     2.46
  SINCE SEP 1      4.65                      5.90  -1.25     3.59
  SINCE JAN 1     33.23                     34.03  -0.80    45.90

SNOWFALL (IN)
  YESTERDAY        0.0
  MONTH TO DATE    0.0
  SINCE SEP 1      0.0
  SINCE JUL 1      0.0
  SNOW DEPTH       0

DEGREE DAYS
 HEATING
  YESTERDAY       10                         9      1        8
  MONTH TO DATE  123                       151    -28       96
  SINCE SEP 1    142                       199    -57      129
  SINCE JUL 1    142                       200    -58      130

 COOLING
  YESTERDAY        0                         0      0        0
  MONTH TO DATE   17                        18     -1       38
  SINCE SEP 1    157                       157      0      165
  SINCE JAN 1   1127                      1204    -77     1225
..................................................................


WIND (MPH)
  HIGHEST WIND SPEED    24   HIGHEST WIND DIRECTION    NW (320)
  HIGHEST GUST SPEED    32   HIGHEST GUST DIRECTION    NW (320)
  AVERAGE WIND SPEED    12.4


SKY COVER
  POSSIBLE SUNSHINE  MM
  AVERAGE SKY COVER 0.5


WEATHER CONDITIONS
 THE FOLLOWING WEATHER WAS RECORDED YESTERDAY.
  LIGHT RAIN


RELATIVE HUMIDITY (PERCENT)
 HIGHEST    66           700 AM
 LOWEST     46           300 PM
 AVERAGE    56

..........................................................


THE ROANOKE VA CLIMATE NORMALS FOR TODAY
                         NORMAL    RECORD    YEAR
 MAXIMUM TEMPERATURE (F)   67        84      1941
 MINIMUM TEMPERATURE (F)   44        26      1987
                                             1924


SUNRISE AND SUNSET
OCTOBER 23 2014.......SUNRISE   735 AM EDT   SUNSET   632 PM EDT
OCTOBER 24 2014.......SUNRISE   736 AM EDT   SUNSET   631 PM EDT


-  INDICATES NEGATIVE NUMBERS.
R  INDICATES RECORD WAS SET OR TIED.
MM INDICATES DATA IS MISSING.
T  INDICATES TRACE AMOUNT.



$$
