000
CDUS41 KRNK 010729
CLIROA


CLIMATE REPORT
NATIONAL WEATHER SERVICE BLACKSBURG VA
325 AM EDT TUE SEP 1 2015


...................................

...THE ROANOKE VA CLIMATE SUMMARY FOR AUGUST 31 2015...

CLIMATE NORMAL PERIOD 1981 TO 2010
CLIMATE RECORD PERIOD 1912 TO 2015


WEATHER ITEM   OBSERVED TIME   RECORD YEAR NORMAL DEPARTURE LAST
                VALUE   (LST)  VALUE       VALUE  FROM      YEAR
                                                  NORMAL
..................................................................
TEMPERATURE (F)
 YESTERDAY
  MAXIMUM         87    404 PM 104    1932  84      3       90
  MINIMUM         67    649 AM  45    1976  63      4       69
  AVERAGE         77                        73      4       80

PRECIPITATION (IN)
  YESTERDAY        T             2.58 1952   0.12  -0.12     0.00
  MONTH TO DATE    3.09                      3.56  -0.47     6.53
  SINCE JUN 1     16.45                     11.43   5.02    12.98
  SINCE JAN 1     31.43                     28.13   3.30    28.58

SNOWFALL (IN)
  YESTERDAY        0.0                                       0.0
  MONTH TO DATE    0.0                                       0.0
  SINCE JUN 1      T                                         0.0
  SINCE JUL 1      0.0                                       0.0
  SNOW DEPTH       0

DEGREE DAYS
 HEATING
  YESTERDAY        0                         0      0        0
  MONTH TO DATE    0                         0      0        0
  SINCE JUN 1      7                        12     -5        0
  SINCE JUL 1      0                         1     -1        0

 COOLING
  YESTERDAY       12                         8      4       15
  MONTH TO DATE  330                       324      6      220
  SINCE JUN 1   1048                       931    117      821
  SINCE JAN 1   1216                      1047    169      970
..................................................................


WIND (MPH)
  HIGHEST WIND SPEED    12   HIGHEST WIND DIRECTION     E (80)
  HIGHEST GUST SPEED    16   HIGHEST GUST DIRECTION     E (110)
  AVERAGE WIND SPEED     2.3


SKY COVER
  AVERAGE SKY COVER 0.6


WEATHER CONDITIONS
 THE FOLLOWING WEATHER WAS RECORDED YESTERDAY.
  LIGHT RAIN
  HAZE


RELATIVE HUMIDITY (PERCENT)
 HIGHEST   100           600 AM
 LOWEST     39           400 PM
 AVERAGE    70

..........................................................


THE ROANOKE VA CLIMATE NORMALS FOR TODAY
                         NORMAL    RECORD    YEAR
 MAXIMUM TEMPERATURE (F)   83       103      1932
 MINIMUM TEMPERATURE (F)   63        44      1946


SUNRISE AND SUNSET
SEPTEMBER  1 2015.....SUNRISE   650 AM EDT   SUNSET   749 PM EDT
SEPTEMBER  2 2015.....SUNRISE   651 AM EDT   SUNSET   748 PM EDT


-  INDICATES NEGATIVE NUMBERS.
R  INDICATES RECORD WAS SET OR TIED.
MM INDICATES DATA IS MISSING.
T  INDICATES TRACE AMOUNT.

$$

RAB
