000
CDUS41 KRNK 302223
CLIROA


CLIMATE REPORT
NATIONAL WEATHER SERVICE BLACKSBURG VA
522 PM EST FRI JAN 30 2015


...................................

...THE ROANOKE VA CLIMATE SUMMARY FOR JANUARY 30 2015...
VALID TODAY AS OF 0500 PM LOCAL TIME.

CLIMATE NORMAL PERIOD 1981 TO 2010
CLIMATE RECORD PERIOD 1912 TO 2015


WEATHER ITEM   OBSERVED TIME   RECORD YEAR NORMAL DEPARTURE LAST
                VALUE   (LST)  VALUE       VALUE  FROM      YEAR
                                                  NORMAL
..................................................................
TEMPERATURE (F)
 TODAY
  MAXIMUM         45        MM  79    2002  46     -1       32
  MINIMUM         30    500 PM   3    1966  28      2        6
  AVERAGE         38                        37      1       19

PRECIPITATION (IN)
  TODAY            T             2.65 2013   0.09  -0.09     0.00
  MONTH TO DATE    1.31                      2.82  -1.51     1.81
  SINCE DEC 1      3.85                      5.76  -1.91     6.19
  SINCE JAN 1      1.31                      2.82  -1.51     1.81

SNOWFALL (IN)
  TODAY            0.0
  MONTH TO DATE    0.2
  SINCE DEC 1      0.2
  SINCE JUL 1      0.7
  SNOW DEPTH       0

DEGREE DAYS
 HEATING
  TODAY           27                        28     -1       46
  MONTH TO DATE  861                       857      4     1044
  SINCE DEC 1   1558                      1663   -105     1739
  SINCE JUL 1   2436                      2467    -31     2611

 COOLING
  TODAY            0                         0      0        0
  MONTH TO DATE    0                         0      0        0
  SINCE DEC 1      0                         0      0        0
  SINCE JAN 1      0                         0      0        0
..................................................................


WIND (MPH)
  HIGHEST WIND SPEED    29   HIGHEST WIND DIRECTION     W (280)
  HIGHEST GUST SPEED    43   HIGHEST GUST DIRECTION    NW (320)
  AVERAGE WIND SPEED    19.1


SKY COVER
  POSSIBLE SUNSHINE  MM
  AVERAGE SKY COVER 0.8


WEATHER CONDITIONS
 THE FOLLOWING WEATHER WAS RECORDED TODAY.
  LIGHT RAIN


RELATIVE HUMIDITY (PERCENT)
 HIGHEST    62           200 AM
 LOWEST     32           300 PM
 AVERAGE    47

..........................................................


THE ROANOKE VA CLIMATE NORMALS FOR TOMORROW
                         NORMAL    RECORD    YEAR
 MAXIMUM TEMPERATURE (F)   47        68      2012
                                             1974
                                             1916
 MINIMUM TEMPERATURE (F)   28         4      1966


SUNRISE AND SUNSET
JANUARY 30 2015.......SUNRISE   725 AM EST   SUNSET   542 PM EST
JANUARY 31 2015.......SUNRISE   724 AM EST   SUNSET   543 PM EST


-  INDICATES NEGATIVE NUMBERS.
R  INDICATES RECORD WAS SET OR TIED.
MM INDICATES DATA IS MISSING.
T  INDICATES TRACE AMOUNT.




$$
