000
CDUS41 KRNK 210927
CLIROA


CLIMATE REPORT
NATIONAL WEATHER SERVICE BLACKSBURG VA
523 AM EDT TUE OCT 21 2014


...................................

...THE ROANOKE VA CLIMATE SUMMARY FOR OCTOBER 20 2014...

CLIMATE NORMAL PERIOD 1981 TO 2010
CLIMATE RECORD PERIOD 1912 TO 2014


WEATHER ITEM   OBSERVED TIME   RECORD YEAR NORMAL DEPARTURE LAST
                VALUE   (LST)  VALUE       VALUE  FROM      YEAR
                                                  NORMAL
..................................................................
TEMPERATURE (F)
 YESTERDAY
  MAXIMUM         68    336 PM  84    2005  68      0       63
                                      1969
                                      1953
  MINIMUM         39    710 AM  22    1972  45     -6       39
  AVERAGE         54                        56     -2       51

PRECIPITATION (IN)
  YESTERDAY        0.00          4.02 1944   0.09  -0.09     0.00
  MONTH TO DATE    3.42                      1.81   1.61     2.46
  SINCE SEP 1      4.65                      5.70  -1.05     3.59
  SINCE JAN 1     33.23                     33.83  -0.60    45.90

SNOWFALL (IN)
  YESTERDAY        0.0
  MONTH TO DATE    0.0
  SINCE SEP 1      0.0
  SINCE JUL 1      0.0
  SNOW DEPTH       0

DEGREE DAYS
 HEATING
  YESTERDAY       11                         9      2       14
  MONTH TO DATE  105                       133    -28       74
  SINCE SEP 1    124                       181    -57      107
  SINCE JUL 1    124                       182    -58      108

 COOLING
  YESTERDAY        0                         0      0        0
  MONTH TO DATE   17                        18     -1       38
  SINCE SEP 1    157                       157      0      165
  SINCE JAN 1   1127                      1204    -77     1225
..................................................................


WIND (MPH)
  HIGHEST WIND SPEED    15   HIGHEST WIND DIRECTION    SW (210)
  HIGHEST GUST SPEED    21   HIGHEST GUST DIRECTION     W (250)
  AVERAGE WIND SPEED     4.0


SKY COVER
  POSSIBLE SUNSHINE  MM
  AVERAGE SKY COVER 0.6


WEATHER CONDITIONS
 THE FOLLOWING WEATHER WAS RECORDED YESTERDAY.
  NO SIGNIFICANT WEATHER WAS OBSERVED.


RELATIVE HUMIDITY (PERCENT)
 HIGHEST    92           600 AM
 LOWEST     39           800 PM
 AVERAGE    66

..........................................................


THE ROANOKE VA CLIMATE NORMALS FOR TODAY
                         NORMAL    RECORD    YEAR
 MAXIMUM TEMPERATURE (F)   68        85      1941
 MINIMUM TEMPERATURE (F)   45        24      1972


SUNRISE AND SUNSET
OCTOBER 21 2014.......SUNRISE   733 AM EDT   SUNSET   635 PM EDT
OCTOBER 22 2014.......SUNRISE   734 AM EDT   SUNSET   634 PM EDT


-  INDICATES NEGATIVE NUMBERS.
R  INDICATES RECORD WAS SET OR TIED.
MM INDICATES DATA IS MISSING.
T  INDICATES TRACE AMOUNT.




$$
