000
CDUS41 KBUF 042041
CLIROC


CLIMATE REPORT
NATIONAL WEATHER SERVICE BUFFALO NY
441 PM EDT TUE AUG 4 2015


...................................

...THE ROCHESTER NY CLIMATE SUMMARY FOR AUGUST 4 2015...
VALID TODAY AS OF 0400 PM LOCAL TIME.

CLIMATE NORMAL PERIOD 1981 TO 2010
CLIMATE RECORD PERIOD 1871 TO 2015


WEATHER ITEM   OBSERVED TIME   RECORD YEAR NORMAL DEPARTURE LAST
                VALUE   (LST)  VALUE       VALUE  FROM      YEAR
                                                  NORMAL
..................................................................
TEMPERATURE (F)
 TODAY
  MAXIMUM         78    254 PM  98    1944  80     -2       82
  MINIMUM         60    538 AM  47    1886  61     -1       63
  AVERAGE         69                        70     -1       73

PRECIPITATION (IN)
  TODAY            T             2.32 1981   0.12  -0.12     0.25
  MONTH TO DATE    0.03                      0.49  -0.46     0.86
  SINCE JUN 1      9.79                      7.16   2.63    10.62
  SINCE JAN 1     21.49                     19.62   1.87    23.62

SNOWFALL (IN)
  TODAY            0.0           0.0    MM   0.0    0.0      0.0
  MONTH TO DATE    0.0                       0.0    0.0      0.0
  SINCE JUN 1      0.0                       0.0    0.0      0.0
  SINCE JUL 1      0.0                       0.0    0.0      0.0
  SNOW DEPTH       0

DEGREE DAYS
 HEATING
  TODAY            0                         0      0        0
  MONTH TO DATE    0                         0      0        0
  SINCE JUN 1     68                        80    -12       36
  SINCE JUL 1     11                        12     -1        7

 COOLING
  TODAY            4                         6     -2        8
  MONTH TO DATE   26                        24      2       28
  SINCE JUN 1    320                       323     -3      328
  SINCE JAN 1    423                       353     70      367
..................................................................


WIND (MPH)
  HIGHEST WIND SPEED    18   HIGHEST WIND DIRECTION     W (260)
  HIGHEST GUST SPEED    24   HIGHEST GUST DIRECTION     W (280)
  AVERAGE WIND SPEED     6.3


SKY COVER
  AVERAGE SKY COVER 0.6


WEATHER CONDITIONS
 THE FOLLOWING WEATHER WAS RECORDED TODAY.
  THUNDERSTORM
  LIGHT RAIN


RELATIVE HUMIDITY (PERCENT)
 HIGHEST   100           600 AM
 LOWEST     48           300 PM
 AVERAGE    74

..........................................................


THE ROCHESTER NY CLIMATE NORMALS FOR TOMORROW
                         NORMAL    RECORD    YEAR
 MAXIMUM TEMPERATURE (F)   80        96      1955
 MINIMUM TEMPERATURE (F)   61        45      1972
                                             1951


SUNRISE AND SUNSET
AUGUST  4 2015........SUNRISE   604 AM EDT   SUNSET   829 PM EDT
AUGUST  5 2015........SUNRISE   605 AM EDT   SUNSET   827 PM EDT


-  INDICATES NEGATIVE NUMBERS.
R  INDICATES RECORD WAS SET OR TIED.
MM INDICATES DATA IS MISSING.
T  INDICATES TRACE AMOUNT.




$$
