000
CDUS41 KBUF 021013
CLIROC


CLIMATE REPORT
NATIONAL WEATHER SERVICE BUFFALO NY
612 AM EDT TUE SEP 2 2014


...................................

...THE ROCHESTER NY CLIMATE SUMMARY FOR SEPTEMBER 1 2014...

CLIMATE NORMAL PERIOD 1981 TO 2010
CLIMATE RECORD PERIOD 1871 TO 2014


WEATHER ITEM   OBSERVED TIME   RECORD YEAR NORMAL DEPARTURE LAST
                VALUE   (LST)  VALUE       VALUE  FROM      YEAR
                                                  NORMAL
..................................................................
TEMPERATURE (F)
 YESTERDAY
  MAXIMUM         86    202 PM  95    1953  77      9       81
  MINIMUM         67    620 AM  43    1985  57     10       67
  AVERAGE         77                        67     10       74

PRECIPITATION (IN)
  YESTERDAY        0.07          1.53 1910   0.11  -0.04     0.38
  MONTH TO DATE    0.07                      0.11  -0.04     0.38
  SINCE SEP 1      0.07                      0.11  -0.04     0.38
  SINCE JAN 1     25.10                     22.71   2.39    25.59

SNOWFALL (IN)
  YESTERDAY        0.0           0.0    MM   0.0    0.0      0.0
  MONTH TO DATE    0.0                       0.0    0.0      0.0
  SINCE SEP 1      0.0                       0.0    0.0      0.0
  SINCE JUL 1      0.0                       0.0    0.0      0.0
  SNOW DEPTH       0

DEGREE DAYS
 HEATING
  YESTERDAY        0                         2     -2        0
  MONTH TO DATE    0                         2     -2        0
  SINCE SEP 1      0                         2     -2        0
  SINCE JUL 1     25                        36    -11       18

 COOLING
  YESTERDAY       12                         3      9        9
  MONTH TO DATE   12                         3      9        9
  SINCE SEP 1     12                         3      9        9
  SINCE JAN 1    476                       487    -11      600
..................................................................


WIND (MPH)
  HIGHEST WIND SPEED    13   HIGHEST WIND DIRECTION    SW (210)
  HIGHEST GUST SPEED    20   HIGHEST GUST DIRECTION    SW (210)
  AVERAGE WIND SPEED     5.2


SKY COVER
  AVERAGE SKY COVER 0.4


WEATHER CONDITIONS
 THE FOLLOWING WEATHER WAS RECORDED YESTERDAY.
  THUNDERSTORM
  HEAVY RAIN
  LIGHT RAIN
  FOG


RELATIVE HUMIDITY (PERCENT)
 HIGHEST   100           200 AM
 LOWEST     55           200 PM
 AVERAGE    78

..........................................................


THE ROCHESTER NY CLIMATE NORMALS FOR TODAY
                         NORMAL    RECORD    YEAR
 MAXIMUM TEMPERATURE (F)   76        97      1953
 MINIMUM TEMPERATURE (F)   57        40      1885


SUNRISE AND SUNSET
SEPTEMBER  2 2014.....SUNRISE   636 AM EDT   SUNSET   744 PM EDT
SEPTEMBER  3 2014.....SUNRISE   637 AM EDT   SUNSET   742 PM EDT


-  INDICATES NEGATIVE NUMBERS.
R  INDICATES RECORD WAS SET OR TIED.
MM INDICATES DATA IS MISSING.
T  INDICATES TRACE AMOUNT.

$$
