000
CDUS41 KBUF 251007
CLIROC


CLIMATE REPORT
NATIONAL WEATHER SERVICE BUFFALO NY
607 AM EDT SUN JUN 25 2017


...................................

...THE ROCHESTER NY CLIMATE SUMMARY FOR JUNE 24 2017...

CLIMATE NORMAL PERIOD 1981 TO 2010
CLIMATE RECORD PERIOD 1871 TO 2017


WEATHER ITEM   OBSERVED TIME   RECORD YEAR NORMAL DEPARTURE LAST
                VALUE   (LST)  VALUE       VALUE  FROM      YEAR
                                                  NORMAL
..................................................................
TEMPERATURE (F)
 YESTERDAY
  MAXIMUM         78   1221 PM  96    1949  79     -1       82
  MINIMUM         58   1159 PM  45    1932  58      0       49
  AVERAGE         68                        69     -1       66

PRECIPITATION (IN)
  YESTERDAY        0.26          1.66 1888   0.12   0.14     0.00
  MONTH TO DATE    2.91                      2.64   0.27     0.80
  SINCE JUN 1      2.91                      2.64   0.27     0.80
  SINCE JAN 1     22.89                     15.10   7.79    12.41

SNOWFALL (IN)
  YESTERDAY        0.0           0.0    MM   0.0    0.0      0.0
  MONTH TO DATE    0.0                       0.0    0.0      0.0
  SINCE JUN 1      0.0                       0.0    0.0      0.0
  SINCE JUL 1    107.1                      99.5    7.6     63.7
  SNOW DEPTH       0

DEGREE DAYS
 HEATING
  YESTERDAY        0                         1     -1        0
  MONTH TO DATE   41                        63    -22       47
  SINCE JUN 1     41                        63    -22       47
  SINCE JUL 1   5573                      6641  -1068     5655

 COOLING
  YESTERDAY        3                         5     -2        1
  MONTH TO DATE  116                        74     42       79
  SINCE JUN 1    116                        74     42       79
  SINCE JAN 1    158                       104     54      141
..................................................................


WIND (MPH)
  HIGHEST WIND SPEED    18   HIGHEST WIND DIRECTION     W (270)
  HIGHEST GUST SPEED    25   HIGHEST GUST DIRECTION     W (270)
  AVERAGE WIND SPEED     9.2


SKY COVER
  AVERAGE SKY COVER 0.6


WEATHER CONDITIONS
 THE FOLLOWING WEATHER WAS RECORDED YESTERDAY.
  THUNDERSTORM
  HEAVY RAIN
  LIGHT RAIN
  FOG


RELATIVE HUMIDITY (PERCENT)
 HIGHEST    93          1200 AM
 LOWEST     46          1000 AM
 AVERAGE    70

..........................................................


THE ROCHESTER NY CLIMATE NORMALS FOR TODAY
                         NORMAL    RECORD    YEAR
 MAXIMUM TEMPERATURE (F)   79        97      1952
 MINIMUM TEMPERATURE (F)   59        41      1979


SUNRISE AND SUNSET
JUNE 25 2017..........SUNRISE   532 AM EDT   SUNSET   854 PM EDT
JUNE 26 2017..........SUNRISE   533 AM EDT   SUNSET   854 PM EDT


-  INDICATES NEGATIVE NUMBERS.
R  INDICATES RECORD WAS SET OR TIED.
MM INDICATES DATA IS MISSING.
T  INDICATES TRACE AMOUNT.




$$
