895
CDUS41 KBUF 292058
CLIROC


CLIMATE REPORT
NATIONAL WEATHER SERVICE BUFFALO NY
458 PM EDT SUN MAY 29 2016


...................................

...THE ROCHESTER NY CLIMATE SUMMARY FOR MAY 29 2016...
VALID TODAY AS OF 0400 PM LOCAL TIME.

CLIMATE NORMAL PERIOD 1981 TO 2010
CLIMATE RECORD PERIOD 1871 TO 2016


WEATHER ITEM   OBSERVED TIME   RECORD YEAR NORMAL DEPARTURE LAST
                VALUE   (LST)  VALUE       VALUE  FROM      YEAR
                                                  NORMAL
..................................................................
TEMPERATURE (F)
 TODAY
  MAXIMUM         88    142 PM  92    2006  72     16       85
  MINIMUM         69    510 AM  31    1889  51     18       54
  AVERAGE         79                        61     18       70

PRECIPITATION (IN)
  TODAY            0.02          2.12 2002   0.09  -0.07     0.00
  MONTH TO DATE    1.47                      2.68  -1.21     1.52
  SINCE MAR 1      4.85                      7.91  -3.06     5.56
  SINCE JAN 1     10.15                     12.27  -2.12     9.81

SNOWFALL (IN)
  TODAY            0.0           T    1907   0.0    0.0      0.0
  MONTH TO DATE    T                         0.4   -0.4      0.0
  SINCE MAR 1     12.0                      20.6   -8.6     13.3
  SINCE JUL 1     63.7                      99.5  -35.8    101.9
  SNOW DEPTH       0

DEGREE DAYS
 HEATING
  TODAY            0                         5     -5        0
  MONTH TO DATE  255                       265    -10      119
  SINCE MAR 1   1691                      1782    -91     1711
  SINCE JUL 1   5608                      6568   -960     6805

 COOLING
  TODAY           14                         1     13        5
  MONTH TO DATE   53                        20     33       92
  SINCE MAR 1     53                        24     29       92
  SINCE JAN 1     53                        24     29       92
..................................................................


WIND (MPH)
  HIGHEST WIND SPEED    15   HIGHEST WIND DIRECTION     S (160)
  HIGHEST GUST SPEED    19   HIGHEST GUST DIRECTION    SE (140)
  AVERAGE WIND SPEED     4.3


SKY COVER
  AVERAGE SKY COVER 0.7


WEATHER CONDITIONS
 THE FOLLOWING WEATHER WAS RECORDED TODAY.
  NO SIGNIFICANT WEATHER WAS OBSERVED.


RELATIVE HUMIDITY (PERCENT)
 HIGHEST    84           500 AM
 LOWEST     46           100 PM
 AVERAGE    65

..........................................................


THE ROCHESTER NY CLIMATE NORMALS FOR TOMORROW
                         NORMAL    RECORD    YEAR
 MAXIMUM TEMPERATURE (F)   72        94      1987
 MINIMUM TEMPERATURE (F)   51        33      1884


SUNRISE AND SUNSET
MAY 29 2016...........SUNRISE   535 AM EDT   SUNSET   841 PM EDT
MAY 30 2016...........SUNRISE   535 AM EDT   SUNSET   842 PM EDT


-  INDICATES NEGATIVE NUMBERS.
R  INDICATES RECORD WAS SET OR TIED.
MM INDICATES DATA IS MISSING.
T  INDICATES TRACE AMOUNT.




$$
