000
CDUS41 KBUF 261006
CLIROC


CLIMATE REPORT
NATIONAL WEATHER SERVICE BUFFALO NY
606 AM EDT TUE JUL 26 2016


...................................

...THE ROCHESTER NY CLIMATE SUMMARY FOR JULY 25 2016...

CLIMATE NORMAL PERIOD 1981 TO 2010
CLIMATE RECORD PERIOD 1871 TO 2016


WEATHER ITEM   OBSERVED TIME   RECORD YEAR NORMAL DEPARTURE LAST
                VALUE   (LST)  VALUE       VALUE  FROM      YEAR
                                                  NORMAL
..................................................................
TEMPERATURE (F)
 YESTERDAY
  MAXIMUM         85    440 PM  98    1941  81      4       85
  MINIMUM         70   1159 PM  48    1953  61      9       61
  AVERAGE         78                        71      7       73

PRECIPITATION (IN)
  YESTERDAY        0.29          2.21 1929   0.11   0.18     0.81
  MONTH TO DATE    1.21                      2.65  -1.44     3.21
  SINCE JUN 1      2.12                      5.99  -3.87     9.41
  SINCE JAN 1     13.73                     18.45  -4.72    21.11

SNOWFALL (IN)
  YESTERDAY        0.0           0.0    MM   0.0    0.0      0.0
  MONTH TO DATE    0.0                       0.0    0.0      0.0
  SINCE JUN 1      0.0                       0.0    0.0      0.0
  SINCE JUL 1      0.0                       0.0    0.0      0.0
  SNOW DEPTH       0

DEGREE DAYS
 HEATING
  YESTERDAY        0                         0      0        0
  MONTH TO DATE    0                         6     -6       11
  SINCE JUN 1     47                        74    -27       68
  SINCE JUL 1      0                         6     -6       11

 COOLING
  YESTERDAY       13                         6      7        8
  MONTH TO DATE  247                       150     97      131
  SINCE JUN 1    376                       256    120      225
  SINCE JAN 1    438                       286    152      328
..................................................................


WIND (MPH)
  HIGHEST WIND SPEED    23   HIGHEST WIND DIRECTION    NW (320)
  HIGHEST GUST SPEED    30   HIGHEST GUST DIRECTION    NW (330)
  AVERAGE WIND SPEED     8.5


SKY COVER
  AVERAGE SKY COVER 0.7


WEATHER CONDITIONS
 THE FOLLOWING WEATHER WAS RECORDED YESTERDAY.
  THUNDERSTORM
  RAIN
  LIGHT RAIN
  FOG


RELATIVE HUMIDITY (PERCENT)
 HIGHEST   100           800 AM
 LOWEST     68           400 AM
 AVERAGE    84

..........................................................


THE ROCHESTER NY CLIMATE NORMALS FOR TODAY
                         NORMAL    RECORD    YEAR
 MAXIMUM TEMPERATURE (F)   81        95      1930
 MINIMUM TEMPERATURE (F)   61        47      1975


SUNRISE AND SUNSET
JULY 26 2016..........SUNRISE   556 AM EDT   SUNSET   838 PM EDT
JULY 27 2016..........SUNRISE   557 AM EDT   SUNSET   837 PM EDT


-  INDICATES NEGATIVE NUMBERS.
R  INDICATES RECORD WAS SET OR TIED.
MM INDICATES DATA IS MISSING.
T  INDICATES TRACE AMOUNT.




$$
