000
CDUS41 KBUF 200705
CLIROC


CLIMATE REPORT
NATIONAL WEATHER SERVICE BUFFALO NY
205 AM EST FRI JAN 20 2017


...................................

...THE ROCHESTER NY CLIMATE SUMMARY FOR JANUARY 19 2017...

CLIMATE NORMAL PERIOD 1981 TO 2010
CLIMATE RECORD PERIOD 1871 TO 2017


WEATHER ITEM   OBSERVED TIME   RECORD YEAR NORMAL DEPARTURE LAST
                VALUE   (LST)  VALUE       VALUE  FROM      YEAR
                                                  NORMAL
..................................................................
TEMPERATURE (F)
 YESTERDAY
  MAXIMUM         39    351 AM  61    1996  31      8       24
                                      1933
  MINIMUM         35   1159 PM -11    1994  17     18       13
  AVERAGE         37                        24     13       19

PRECIPITATION (IN)
  YESTERDAY        T             0.76 1996   0.08  -0.08     0.04
  MONTH TO DATE    1.88                      1.53   0.35     1.19
  SINCE DEC 1      4.79                      4.16   0.63     3.92
  SINCE JAN 1      1.88                      1.53   0.35     1.19

SNOWFALL (IN)
  YESTERDAY       MM             6.3  1884   1.0   MM        1.1
  MONTH TO DATE    4.4                      17.4  -13.0     12.2
  SINCE DEC 1     33.7                      39.2   -5.5     14.5
  SINCE JUL 1     49.6                      46.6    3.0     15.7
  SNOW DEPTH       0

DEGREE DAYS
 HEATING
  YESTERDAY       28                        41    -13       46
  MONTH TO DATE  671                       762    -91      724
  SINCE DEC 1   1706                      1847   -141     1423
  SINCE JUL 1   2684                      3215   -531     2463

 COOLING
  YESTERDAY        0                         0      0        0
  MONTH TO DATE    0                         0      0        0
  SINCE DEC 1      0                         0      0        0
  SINCE JAN 1      0                         0      0        0
..................................................................


WIND (MPH)
  HIGHEST WIND SPEED    23   HIGHEST WIND DIRECTION     W (260)
  HIGHEST GUST SPEED    28   HIGHEST GUST DIRECTION     W (290)
  AVERAGE WIND SPEED     8.9


SKY COVER
  AVERAGE SKY COVER 1.0


WEATHER CONDITIONS
 THE FOLLOWING WEATHER WAS RECORDED YESTERDAY.
  LIGHT RAIN
  SNOW
  FOG


RELATIVE HUMIDITY (PERCENT)
 HIGHEST    92           900 AM
 LOWEST     76           300 PM
 AVERAGE    84

..........................................................


THE ROCHESTER NY CLIMATE NORMALS FOR TODAY
                         NORMAL    RECORD    YEAR
 MAXIMUM TEMPERATURE (F)   31        58      1951
 MINIMUM TEMPERATURE (F)   17        -9      1994


SUNRISE AND SUNSET
JANUARY 20 2017.......SUNRISE   736 AM EST   SUNSET   508 PM EST
JANUARY 21 2017.......SUNRISE   736 AM EST   SUNSET   509 PM EST


-  INDICATES NEGATIVE NUMBERS.
R  INDICATES RECORD WAS SET OR TIED.
MM INDICATES DATA IS MISSING.
T  INDICATES TRACE AMOUNT.




$$
