000
CDUS45 KABQ 220835
CLIROW


CLIMATE REPORT
NATIONAL WEATHER SERVICE ALBUQUERQUE NM
130 AM MST THU FEB 22 2018


...................................

...THE ROSWELL NM CLIMATE SUMMARY FOR FEBRUARY 21 2018...

CLIMATE NORMAL PERIOD 1981 TO 2010
CLIMATE RECORD PERIOD 1893 TO 2018


WEATHER ITEM   OBSERVED TIME   RECORD YEAR NORMAL DEPARTURE
                VALUE   (LST)  VALUE       VALUE  FROM
                                                  NORMAL
...............................................................
TEMPERATURE (F)
 YESTERDAY
  MAXIMUM         45    502 PM  85    2017  62    -17
                                      1920
  MINIMUM         26    709 AM   2    1964  32     -6
  AVERAGE         36                        47    -11

PRECIPITATION (IN)
  YESTERDAY        0.00          0.29 1997   0.02  -0.02
  MONTH TO DATE    0.54                      0.31   0.23
  SINCE DEC 1      0.61                      1.33  -0.72
  SINCE JAN 1      0.61                      0.69  -0.08

SNOWFALL (IN)
  YESTERDAY        0.0
  MONTH TO DATE    0.0
  SINCE DEC 1      0.0
  SINCE JUL 1      0.0

DEGREE DAYS
 HEATING
  YESTERDAY       29                        18     11
  MONTH TO DATE  350                       422    -72
  SINCE DEC 1   1787                      1942   -155
  SINCE JUL 1   2237                      2588   -351

 COOLING
  YESTERDAY        0                         0      0
  MONTH TO DATE    0                         0      0
  SINCE DEC 1      0                         0      0
  SINCE JAN 1      0                         0      0
...............................................................


WIND (MPH)
  HIGHEST WIND SPEED    18   HIGHEST WIND DIRECTION     E (70)
  HIGHEST GUST SPEED    22   HIGHEST GUST DIRECTION     E (70)
  AVERAGE WIND SPEED     7.4


SKY COVER
  AVERAGE SKY COVER 0.1


WEATHER CONDITIONS
 THE FOLLOWING WEATHER WAS RECORDED YESTERDAY.
  NO SIGNIFICANT WEATHER WAS OBSERVED.


RELATIVE HUMIDITY (PERCENT)
 HIGHEST    58          1100 PM
 LOWEST     27           200 PM
 AVERAGE    43

..........................................................


THE ROSWELL NM CLIMATE NORMALS FOR TODAY
                         NORMAL    RECORD    YEAR
 MAXIMUM TEMPERATURE (F)   62        85      2017
                                             1996
 MINIMUM TEMPERATURE (F)   32         6      1964


SUNRISE AND SUNSET
FEBRUARY 22 2018......SUNRISE   634 AM MST   SUNSET   549 PM MST
FEBRUARY 23 2018......SUNRISE   633 AM MST   SUNSET   550 PM MST


-  INDICATES NEGATIVE NUMBERS.
R  INDICATES RECORD WAS SET OR TIED.
MM INDICATES DATA IS MISSING.
T  INDICATES TRACE AMOUNT.




$$
