943
CDUS45 KABQ 270827
CLIROW


CLIMATE REPORT
NATIONAL WEATHER SERVICE ALBUQUERQUE NM
225 AM MDT TUE SEP 27 2016


...................................

...THE ROSWELL NM CLIMATE SUMMARY FOR SEPTEMBER 26 2016...

CLIMATE NORMAL PERIOD 1981 TO 2010
CLIMATE RECORD PERIOD 1893 TO 2016


WEATHER ITEM   OBSERVED TIME   RECORD YEAR NORMAL DEPARTURE
                VALUE   (LST)  VALUE       VALUE  FROM
                                                  NORMAL
...............................................................
TEMPERATURE (F)
 YESTERDAY
  MAXIMUM         74    125 PM 101    1953  82     -8
  MINIMUM         53   1159 PM  38    1912  54     -1
  AVERAGE         64                        68     -4

PRECIPITATION (IN)
  YESTERDAY        0.00          1.57 1980   0.05  -0.05
  MONTH TO DATE    1.21                      1.35  -0.14
  SINCE SEP 1      1.21                      1.35  -0.14
  SINCE JAN 1      9.17                     10.28  -1.11

SNOWFALL (IN)
  YESTERDAY        0.0
  MONTH TO DATE    0.0
  SINCE SEP 1      0.0
  SINCE JUL 1      0.0

DEGREE DAYS
 HEATING
  YESTERDAY        1                         1      0
  MONTH TO DATE    1                         9     -8
  SINCE SEP 1      1                         9     -8
  SINCE JUL 1      1                         9     -8

 COOLING
  YESTERDAY        0                         5     -5
  MONTH TO DATE  223                       212     11
  SINCE SEP 1    223                       212     11
  SINCE JAN 1   1978                      1736    242
...............................................................


WIND (MPH)
  HIGHEST WIND SPEED    16   HIGHEST WIND DIRECTION     S (160)
  HIGHEST GUST SPEED    21   HIGHEST GUST DIRECTION     E (110)
  AVERAGE WIND SPEED     6.9


SKY COVER
  AVERAGE SKY COVER 0.4


WEATHER CONDITIONS
 THE FOLLOWING WEATHER WAS RECORDED YESTERDAY.
  NO SIGNIFICANT WEATHER WAS OBSERVED.


RELATIVE HUMIDITY (PERCENT)
 HIGHEST    77          1100 PM
 LOWEST     27           100 PM
 AVERAGE    52

..........................................................


THE ROSWELL NM CLIMATE NORMALS FOR TODAY
                         NORMAL    RECORD    YEAR
 MAXIMUM TEMPERATURE (F)   82        99      1953
 MINIMUM TEMPERATURE (F)   54        30      1901


SUNRISE AND SUNSET
SEPTEMBER 27 2016.....SUNRISE   650 AM MDT   SUNSET   647 PM MDT
SEPTEMBER 28 2016.....SUNRISE   651 AM MDT   SUNSET   646 PM MDT


-  INDICATES NEGATIVE NUMBERS.
R  INDICATES RECORD WAS SET OR TIED.
MM INDICATES DATA IS MISSING.
T  INDICATES TRACE AMOUNT.

$$
