000
CDUS45 KABQ 240838
CLIROW


CLIMATE REPORT
NATIONAL WEATHER SERVICE ALBUQUERQUE NM
133 AM MST FRI NOV 24 2017


...................................

...THE ROSWELL NM CLIMATE SUMMARY FOR NOVEMBER 23 2017...

CLIMATE NORMAL PERIOD 1981 TO 2010
CLIMATE RECORD PERIOD 1893 TO 2017


WEATHER ITEM   OBSERVED TIME   RECORD YEAR NORMAL DEPARTURE
                VALUE   (LST)  VALUE       VALUE  FROM
                                                  NORMAL
...............................................................
TEMPERATURE (F)
 YESTERDAY
  MAXIMUM         74    327 PM  89    1905  61     13
  MINIMUM         35    649 AM   7    1957  31      4
  AVERAGE         55                        46      9

PRECIPITATION (IN)
  YESTERDAY        0.00          0.60 1940   0.01  -0.01
  MONTH TO DATE    0.00                      0.46  -0.46
  SINCE SEP 1      3.82                      3.22   0.60
  SINCE JAN 1     11.16                     12.15  -0.99

SNOWFALL (IN)
  YESTERDAY        0.0
  MONTH TO DATE    0.0
  SINCE SEP 1      0.0
  SINCE JUL 1      0.0

DEGREE DAYS
 HEATING
  YESTERDAY       10                        19     -9
  MONTH TO DATE  213                       331   -118
  SINCE SEP 1    377                       505   -128
  SINCE JUL 1    377                       505   -128

 COOLING
  YESTERDAY        0                         0      0
  MONTH TO DATE    6                         0      6
  SINCE SEP 1    381                       264    117
  SINCE JAN 1   2172                      1788    384
...............................................................


WIND (MPH)
  HIGHEST WIND SPEED    12   HIGHEST WIND DIRECTION     W (260)
  HIGHEST GUST SPEED    15   HIGHEST GUST DIRECTION     S (170)
  AVERAGE WIND SPEED     5.0


SKY COVER
  AVERAGE SKY COVER 0.0


WEATHER CONDITIONS
 THE FOLLOWING WEATHER WAS RECORDED YESTERDAY.
  NO SIGNIFICANT WEATHER WAS OBSERVED.


RELATIVE HUMIDITY (PERCENT)
 HIGHEST    70           200 AM
 LOWEST     20           200 PM
 AVERAGE    45

..........................................................


THE ROSWELL NM CLIMATE NORMALS FOR TODAY
                         NORMAL    RECORD    YEAR
 MAXIMUM TEMPERATURE (F)   61        84      1990
 MINIMUM TEMPERATURE (F)   31         0      1938


SUNRISE AND SUNSET
NOVEMBER 24 2017......SUNRISE   638 AM MST   SUNSET   452 PM MST
NOVEMBER 25 2017......SUNRISE   639 AM MST   SUNSET   452 PM MST


-  INDICATES NEGATIVE NUMBERS.
R  INDICATES RECORD WAS SET OR TIED.
MM INDICATES DATA IS MISSING.
T  INDICATES TRACE AMOUNT.




$$
