016
CDUS45 KABQ 260826
CLIROW


CLIMATE REPORT
NATIONAL WEATHER SERVICE ALBUQUERQUE NM
226 AM MDT WED JUL 26 2017


...................................

...THE ROSWELL NM CLIMATE SUMMARY FOR JULY 25 2017...

CLIMATE NORMAL PERIOD 1981 TO 2010
CLIMATE RECORD PERIOD 1893 TO 2017


WEATHER ITEM   OBSERVED TIME   RECORD YEAR NORMAL DEPARTURE
                VALUE   (LST)  VALUE       VALUE  FROM
                                                  NORMAL
...............................................................
TEMPERATURE (F)
 YESTERDAY
  MAXIMUM        100    325 PM 105    1995  93      7
  MINIMUM         73    459 AM  57    1894  67      6
  AVERAGE         87                        80      7

PRECIPITATION (IN)
  YESTERDAY        0.00          2.20 1905   0.06  -0.06
  MONTH TO DATE    0.65                      1.71  -1.06
  SINCE JUN 1      1.21                      3.44  -2.23
  SINCE JAN 1      4.77                      6.61  -1.84

SNOWFALL (IN)
  YESTERDAY        0.0
  MONTH TO DATE    0.0
  SINCE JUN 1      0.0
  SINCE JUL 1      0.0

DEGREE DAYS
 HEATING
  YESTERDAY        0                         0      0
  MONTH TO DATE    0                         0      0
  SINCE JUN 1      0                         1     -1
  SINCE JUL 1      0                         0      0

 COOLING
  YESTERDAY       22                        15      7
  MONTH TO DATE  440                       387     53
  SINCE JUN 1    945                       784    161
  SINCE JAN 1   1226                      1009    217
...............................................................


WIND (MPH)
  HIGHEST WIND SPEED    26   HIGHEST WIND DIRECTION     S (170)
  HIGHEST GUST SPEED    35   HIGHEST GUST DIRECTION     S (170)
  AVERAGE WIND SPEED    13.2


SKY COVER
  AVERAGE SKY COVER 0.1


WEATHER CONDITIONS
 THE FOLLOWING WEATHER WAS RECORDED YESTERDAY.
  NO SIGNIFICANT WEATHER WAS OBSERVED.


RELATIVE HUMIDITY (PERCENT)
 HIGHEST    58           600 AM
 LOWEST     21           500 PM
 AVERAGE    40

..........................................................


THE ROSWELL NM CLIMATE NORMALS FOR TODAY
                         NORMAL    RECORD    YEAR
 MAXIMUM TEMPERATURE (F)   93       109      1995
 MINIMUM TEMPERATURE (F)   67        54      1894


SUNRISE AND SUNSET
JULY 26 2017..........SUNRISE   607 AM MDT   SUNSET   802 PM MDT
JULY 27 2017..........SUNRISE   608 AM MDT   SUNSET   801 PM MDT


-  INDICATES NEGATIVE NUMBERS.
R  INDICATES RECORD WAS SET OR TIED.
MM INDICATES DATA IS MISSING.
T  INDICATES TRACE AMOUNT.




$$
