000
CDUS45 KABQ 280839
CLIROW


CLIMATE REPORT
NATIONAL WEATHER SERVICE ALBUQUERQUE NM
137 AM MST SUN DEC 28 2014


...................................

...THE ROSWELL NM CLIMATE SUMMARY FOR DECEMBER 27 2014...

CLIMATE NORMAL PERIOD 1981 TO 2010
CLIMATE RECORD PERIOD 1893 TO 2014


WEATHER ITEM   OBSERVED TIME   RECORD YEAR NORMAL DEPARTURE
                VALUE   (LST)  VALUE       VALUE  FROM
                                                  NORMAL
...............................................................
TEMPERATURE (F)
 YESTERDAY
  MAXIMUM         41    405 PM  74    2006  53    -12
  MINIMUM         22   1159 PM  -3    1987  25     -3
  AVERAGE         32                        39     -7

PRECIPITATION (IN)
  YESTERDAY        0.00          0.27 1943   0.02  -0.02
  MONTH TO DATE    0.08                      0.57  -0.49
  SINCE DEC 1      0.08                      0.57  -0.49
  SINCE JAN 1     17.98                     12.84   5.14

SNOWFALL (IN)
  YESTERDAY        0.0
  MONTH TO DATE    0.0
  SINCE DEC 1      0.0
  SINCE JUL 1      1.8

DEGREE DAYS
 HEATING
  YESTERDAY       33                        26      7
  MONTH TO DATE  534                       662   -128
  SINCE DEC 1    534                       662   -128
  SINCE JUL 1   1191                      1308   -117

 COOLING
  YESTERDAY        0                         0      0
  MONTH TO DATE    0                         0      0
  SINCE DEC 1      0                         0      0
  SINCE JAN 1   1928                      1789    139
...............................................................


WIND (MPH)
  HIGHEST WIND SPEED    16   HIGHEST WIND DIRECTION     N (360)
  HIGHEST GUST SPEED    20   HIGHEST GUST DIRECTION     N (360)
  AVERAGE WIND SPEED     7.8


SKY COVER
  AVERAGE SKY COVER 0.4


WEATHER CONDITIONS
 THE FOLLOWING WEATHER WAS RECORDED YESTERDAY.
  NO SIGNIFICANT WEATHER WAS OBSERVED.


RELATIVE HUMIDITY (PERCENT)
 HIGHEST    81           500 AM
 LOWEST     41           300 PM
 AVERAGE    61

..........................................................


THE ROSWELL NM CLIMATE NORMALS FOR TODAY
                         NORMAL    RECORD    YEAR
 MAXIMUM TEMPERATURE (F)   53        76      1980
 MINIMUM TEMPERATURE (F)   25        -1      1983


SUNRISE AND SUNSET
DECEMBER 28 2014......SUNRISE   701 AM MST   SUNSET   459 PM MST
DECEMBER 29 2014......SUNRISE   701 AM MST   SUNSET   500 PM MST


-  INDICATES NEGATIVE NUMBERS.
R  INDICATES RECORD WAS SET OR TIED.
MM INDICATES DATA IS MISSING.
T  INDICATES TRACE AMOUNT.




$$
