216
CDUS45 KABQ 090834
CLIROW


CLIMATE REPORT
NATIONAL WEATHER SERVICE ALBUQUERQUE NM
134 AM MST TUE FEB 9 2016


...................................

...THE ROSWELL NM CLIMATE SUMMARY FOR FEBRUARY 8 2016...

CLIMATE NORMAL PERIOD 1981 TO 2010
CLIMATE RECORD PERIOD 1893 TO 2016


WEATHER ITEM   OBSERVED TIME   RECORD YEAR NORMAL DEPARTURE
                VALUE   (LST)  VALUE       VALUE  FROM
                                                  NORMAL
...............................................................
TEMPERATURE (F)
 YESTERDAY
  MAXIMUM         52    423 PM  84    1957  59     -7
  MINIMUM         24    616 AM -24    1933  29     -5
  AVERAGE         38                        44     -6

PRECIPITATION (IN)
  YESTERDAY        0.00          0.51 1940   0.01  -0.01
  MONTH TO DATE    0.00                      0.11  -0.11
  SINCE DEC 1      0.78                      1.13  -0.35
  SINCE JAN 1      0.16                      0.49  -0.33

SNOWFALL (IN)
  YESTERDAY        0.0
  MONTH TO DATE    0.0
  SINCE DEC 1     17.8
  SINCE JUL 1     17.8

DEGREE DAYS
 HEATING
  YESTERDAY       27                        21      6
  MONTH TO DATE  208                       172     36
  SINCE DEC 1   1722                      1692     30
  SINCE JUL 1   2290                      2338    -48

 COOLING
  YESTERDAY        0                         0      0
  MONTH TO DATE    0                         0      0
  SINCE DEC 1      0                         0      0
  SINCE JAN 1      0                         0      0
...............................................................


WIND (MPH)
  HIGHEST WIND SPEED    16   HIGHEST WIND DIRECTION     S (170)
  HIGHEST GUST SPEED    22   HIGHEST GUST DIRECTION     S (190)
  AVERAGE WIND SPEED     7.3


SKY COVER
  AVERAGE SKY COVER 0.0


WEATHER CONDITIONS
 THE FOLLOWING WEATHER WAS RECORDED YESTERDAY.
  NO SIGNIFICANT WEATHER WAS OBSERVED.


RELATIVE HUMIDITY (PERCENT)
 HIGHEST    68           700 AM
 LOWEST     24           100 PM
 AVERAGE    46

..........................................................


THE ROSWELL NM CLIMATE NORMALS FOR TODAY
                         NORMAL    RECORD    YEAR
 MAXIMUM TEMPERATURE (F)   60        83      1957
 MINIMUM TEMPERATURE (F)   29        -5      1933


SUNRISE AND SUNSET
FEBRUARY  9 2016......SUNRISE   648 AM MST   SUNSET   537 PM MST
FEBRUARY 10 2016......SUNRISE   647 AM MST   SUNSET   538 PM MST


-  INDICATES NEGATIVE NUMBERS.
R  INDICATES RECORD WAS SET OR TIED.
MM INDICATES DATA IS MISSING.
T  INDICATES TRACE AMOUNT.




$$
