000
CDUS45 KABQ 290840
CLIROW


CLIMATE REPORT
NATIONAL WEATHER SERVICE ALBUQUERQUE NM
238 AM MDT MON MAY 29 2017


...................................

...THE ROSWELL NM CLIMATE SUMMARY FOR MAY 28 2017...

CLIMATE NORMAL PERIOD 1981 TO 2010
CLIMATE RECORD PERIOD 1893 TO 2017


WEATHER ITEM   OBSERVED TIME   RECORD YEAR NORMAL DEPARTURE
                VALUE   (LST)  VALUE       VALUE  FROM
                                                  NORMAL
...............................................................
TEMPERATURE (F)
 YESTERDAY
  MAXIMUM         85    416 PM 105    2011  89     -4
  MINIMUM         56    504 AM  39    1913  58     -2
  AVERAGE         71                        74     -3

PRECIPITATION (IN)
  YESTERDAY        0.00          1.41 1988   0.05  -0.05
  MONTH TO DATE    0.54                      1.12  -0.58
  SINCE MAR 1      2.31                      2.24   0.07
  SINCE JAN 1      3.56                      3.04   0.52

SNOWFALL (IN)
  YESTERDAY        0.0
  MONTH TO DATE    0.0
  SINCE MAR 1      0.0
  SINCE JUL 1      2.5

DEGREE DAYS
 HEATING
  YESTERDAY        0                         0      0
  MONTH TO DATE   10                        27    -17
  SINCE MAR 1    297                       578   -281
  SINCE JUL 1   2442                      3285   -843

 COOLING
  YESTERDAY        6                         9     -3
  MONTH TO DATE  152                       157     -5
  SINCE MAR 1    260                       197     63
  SINCE JAN 1    260                       197     63
...............................................................


WIND (MPH)
  HIGHEST WIND SPEED    32   HIGHEST WIND DIRECTION     N (20)
  HIGHEST GUST SPEED    39   HIGHEST GUST DIRECTION     N (20)
  AVERAGE WIND SPEED     9.1


SKY COVER
  AVERAGE SKY COVER 0.0


WEATHER CONDITIONS
 THE FOLLOWING WEATHER WAS RECORDED YESTERDAY.
  HAZE


RELATIVE HUMIDITY (PERCENT)
 HIGHEST    55           400 AM
 LOWEST     19           300 PM
 AVERAGE    37

..........................................................


THE ROSWELL NM CLIMATE NORMALS FOR TODAY
                         NORMAL    RECORD    YEAR
 MAXIMUM TEMPERATURE (F)   90       103      1951
 MINIMUM TEMPERATURE (F)   59        40      1947


SUNRISE AND SUNSET
MAY 29 2017...........SUNRISE   551 AM MDT   SUNSET   801 PM MDT
MAY 30 2017...........SUNRISE   550 AM MDT   SUNSET   802 PM MDT


-  INDICATES NEGATIVE NUMBERS.
R  INDICATES RECORD WAS SET OR TIED.
MM INDICATES DATA IS MISSING.
T  INDICATES TRACE AMOUNT.




$$
