000
CDUS45 KABQ 230832
CLIROW


CLIMATE REPORT
NATIONAL WEATHER SERVICE ALBUQUERQUE NM
231 AM MDT SAT SEP 23 2017


...................................

...THE ROSWELL NM CLIMATE SUMMARY FOR SEPTEMBER 22 2017...

CLIMATE NORMAL PERIOD 1981 TO 2010
CLIMATE RECORD PERIOD 1893 TO 2017


WEATHER ITEM   OBSERVED TIME   RECORD YEAR NORMAL DEPARTURE
                VALUE   (LST)  VALUE       VALUE  FROM
                                                  NORMAL
...............................................................
TEMPERATURE (F)
 YESTERDAY
  MAXIMUM         97R   215 PM  96    2005  84     13
                                      2000
                                      1930
  MINIMUM         62    556 AM  40    1912  56      6
  AVERAGE         80                        70     10

PRECIPITATION (IN)
  YESTERDAY        0.00          2.26 1941   0.04  -0.04
  MONTH TO DATE    0.05                      1.16  -1.11
  SINCE SEP 1      0.05                      1.16  -1.11
  SINCE JAN 1      7.39                     10.09  -2.70

SNOWFALL (IN)
  YESTERDAY        0.0
  MONTH TO DATE    0.0
  SINCE SEP 1      0.0
  SINCE JUL 1      0.0

DEGREE DAYS
 HEATING
  YESTERDAY        0                         1     -1
  MONTH TO DATE    0                         5     -5
  SINCE SEP 1      0                         5     -5
  SINCE JUL 1      0                         5     -5

 COOLING
  YESTERDAY       15                         6      9
  MONTH TO DATE  269                       192     77
  SINCE SEP 1    269                       192     77
  SINCE JAN 1   2060                      1716    344
...............................................................


WIND (MPH)
  HIGHEST WIND SPEED    28   HIGHEST WIND DIRECTION     S (170)
  HIGHEST GUST SPEED    35   HIGHEST GUST DIRECTION     S (170)
  AVERAGE WIND SPEED    12.7


SKY COVER
  AVERAGE SKY COVER 0.0


WEATHER CONDITIONS
 THE FOLLOWING WEATHER WAS RECORDED YESTERDAY.
  NO SIGNIFICANT WEATHER WAS OBSERVED.


RELATIVE HUMIDITY (PERCENT)
 HIGHEST    93           600 AM
 LOWEST     20           100 PM
 AVERAGE    57

..........................................................


THE ROSWELL NM CLIMATE NORMALS FOR TODAY
                         NORMAL    RECORD    YEAR
 MAXIMUM TEMPERATURE (F)   83        97      1961
 MINIMUM TEMPERATURE (F)   56        39      1895


SUNRISE AND SUNSET
SEPTEMBER 23 2017.....SUNRISE   647 AM MDT   SUNSET   653 PM MDT
SEPTEMBER 24 2017.....SUNRISE   648 AM MDT   SUNSET   652 PM MDT


-  INDICATES NEGATIVE NUMBERS.
R  INDICATES RECORD WAS SET OR TIED.
MM INDICATES DATA IS MISSING.
T  INDICATES TRACE AMOUNT.




$$
