000
CDUS45 KABQ 260834
CLIROW


CLIMATE REPORT
NATIONAL WEATHER SERVICE ALBUQUERQUE NM
133 AM MST THU FEB 26 2015


...................................

...THE ROSWELL NM CLIMATE SUMMARY FOR FEBRUARY 25 2015...

CLIMATE NORMAL PERIOD 1981 TO 2010
CLIMATE RECORD PERIOD 1893 TO 2015


WEATHER ITEM   OBSERVED TIME   RECORD YEAR NORMAL DEPARTURE
                VALUE   (LST)  VALUE       VALUE  FROM
                                                  NORMAL
...............................................................
TEMPERATURE (F)
 YESTERDAY
  MAXIMUM         68    410 PM  85    1989  63      5
                                      1986
                                      1904
  MINIMUM         24    629 AM  -1    1960  33     -9
  AVERAGE         46                        48     -2

PRECIPITATION (IN)
  YESTERDAY        0.00          0.89 1912   0.01  -0.01
  MONTH TO DATE    0.51                      0.37   0.14
  SINCE DEC 1      1.60                      1.39   0.21
  SINCE JAN 1      1.49                      0.75   0.74

SNOWFALL (IN)
  YESTERDAY        0.0
  MONTH TO DATE    0.5
  SINCE DEC 1     10.6
  SINCE JUL 1     12.4

DEGREE DAYS
 HEATING
  YESTERDAY       19                        17      2
  MONTH TO DATE  419                       491    -72
  SINCE DEC 1   1947                      2011    -64
  SINCE JUL 1   2604                      2657    -53

 COOLING
  YESTERDAY        0                         0      0
  MONTH TO DATE    0                         0      0
  SINCE DEC 1      0                         0      0
  SINCE JAN 1      0                         0      0
...............................................................


WIND (MPH)
  HIGHEST WIND SPEED    26   HIGHEST WIND DIRECTION    NW (320)
  HIGHEST GUST SPEED    34   HIGHEST GUST DIRECTION    NW (300)
  AVERAGE WIND SPEED    10.0


SKY COVER
  AVERAGE SKY COVER 0.2


WEATHER CONDITIONS
 THE FOLLOWING WEATHER WAS RECORDED YESTERDAY.
  NO SIGNIFICANT WEATHER WAS OBSERVED.


RELATIVE HUMIDITY (PERCENT)
 HIGHEST    88           500 AM
 LOWEST     17           300 PM
 AVERAGE    53

..........................................................


THE ROSWELL NM CLIMATE NORMALS FOR TODAY
                         NORMAL    RECORD    YEAR
 MAXIMUM TEMPERATURE (F)   63        85      2009
                                             1986
 MINIMUM TEMPERATURE (F)   33        13      1952


SUNRISE AND SUNSET
FEBRUARY 26 2015......SUNRISE   630 AM MST   SUNSET   552 PM MST
FEBRUARY 27 2015......SUNRISE   629 AM MST   SUNSET   553 PM MST


-  INDICATES NEGATIVE NUMBERS.
R  INDICATES RECORD WAS SET OR TIED.
MM INDICATES DATA IS MISSING.
T  INDICATES TRACE AMOUNT.




$$
