000
CDUS45 KABQ 310846
CLIROW


CLIMATE REPORT
NATIONAL WEATHER SERVICE ALBUQUERQUE NM
244 AM MDT MON AUG 31 2015


...................................

...THE ROSWELL NM CLIMATE SUMMARY FOR AUGUST 30 2015...

CLIMATE NORMAL PERIOD 1981 TO 2010
CLIMATE RECORD PERIOD 1893 TO 2015


WEATHER ITEM   OBSERVED TIME   RECORD YEAR NORMAL DEPARTURE
                VALUE   (LST)  VALUE       VALUE  FROM
                                                  NORMAL
...............................................................
TEMPERATURE (F)
 YESTERDAY
  MAXIMUM         92    347 PM 104    2011  90      2
  MINIMUM         60    557 AM  52    1915  64     -4
  AVERAGE         76                        77     -1

PRECIPITATION (IN)
  YESTERDAY        0.00          1.70 1912   0.06  -0.06
  MONTH TO DATE    0.84                      1.92  -1.08
  SINCE JUN 1      4.52                      5.71  -1.19
  SINCE JAN 1     12.21                      8.88   3.33

SNOWFALL (IN)
  YESTERDAY        0.0
  MONTH TO DATE    0.0
  SINCE JUN 1      0.0
  SINCE JUL 1      0.0

DEGREE DAYS
 HEATING
  YESTERDAY        0                         0      0
  MONTH TO DATE    0                         0      0
  SINCE JUN 1      0                         1     -1
  SINCE JUL 1      0                         0      0

 COOLING
  YESTERDAY       11                        12     -1
  MONTH TO DATE  536                       415    121
  SINCE JUN 1   1491                      1288    203
  SINCE JAN 1   1598                      1513     85
...............................................................


WIND (MPH)
  HIGHEST WIND SPEED    16   HIGHEST WIND DIRECTION    SE (140)
  HIGHEST GUST SPEED    23   HIGHEST GUST DIRECTION     S (170)
  AVERAGE WIND SPEED     5.8


SKY COVER
  AVERAGE SKY COVER 0.0


WEATHER CONDITIONS
 THE FOLLOWING WEATHER WAS RECORDED YESTERDAY.
  NO SIGNIFICANT WEATHER WAS OBSERVED.


RELATIVE HUMIDITY (PERCENT)
 HIGHEST    87           100 AM
 LOWEST     15           300 PM
 AVERAGE    51

..........................................................


THE ROSWELL NM CLIMATE NORMALS FOR TODAY
                         NORMAL    RECORD    YEAR
 MAXIMUM TEMPERATURE (F)   90       104      2011
 MINIMUM TEMPERATURE (F)   64        48      1915


SUNRISE AND SUNSET
AUGUST 31 2015........SUNRISE   632 AM MDT   SUNSET   725 PM MDT
SEPTEMBER  1 2015.....SUNRISE   632 AM MDT   SUNSET   724 PM MDT


-  INDICATES NEGATIVE NUMBERS.
R  INDICATES RECORD WAS SET OR TIED.
MM INDICATES DATA IS MISSING.
T  INDICATES TRACE AMOUNT.




$$
