000
CDUS45 KABQ 170835
CLIROW


CLIMATE REPORT
NATIONAL WEATHER SERVICE ALBUQUERQUE NM
135 AM MST TUE JAN 17 2017


...................................

...THE ROSWELL NM CLIMATE SUMMARY FOR JANUARY 16 2017...

CLIMATE NORMAL PERIOD 1981 TO 2010
CLIMATE RECORD PERIOD 1893 TO 2017


WEATHER ITEM   OBSERVED TIME   RECORD YEAR NORMAL DEPARTURE
                VALUE   (LST)  VALUE       VALUE  FROM
                                                  NORMAL
...............................................................
TEMPERATURE (F)
 YESTERDAY
  MAXIMUM         60    307 PM  78    1967  55      5
  MINIMUM         30    120 AM   5    1964  26      4
  AVERAGE         45                        40      5

PRECIPITATION (IN)
  YESTERDAY        0.00          0.42 1949   0.01  -0.01
  MONTH TO DATE    0.79                      0.19   0.60
  SINCE DEC 1      1.09                      0.83   0.26
  SINCE JAN 1      0.79                      0.19   0.60

SNOWFALL (IN)
  YESTERDAY        0.0
  MONTH TO DATE    2.5
  SINCE DEC 1      2.5
  SINCE JUL 1      2.5

DEGREE DAYS
 HEATING
  YESTERDAY       20                        25     -5
  MONTH TO DATE  348                       406    -58
  SINCE DEC 1   1080                      1170    -90
  SINCE JUL 1   1466                      1816   -350

 COOLING
  YESTERDAY        0                         0      0
  MONTH TO DATE    0                         0      0
  SINCE DEC 1      0                         0      0
  SINCE JAN 1      0                         0      0
...............................................................


WIND (MPH)
  HIGHEST WIND SPEED    14   HIGHEST WIND DIRECTION    NE (40)
  HIGHEST GUST SPEED    17   HIGHEST GUST DIRECTION    NE (40)
  AVERAGE WIND SPEED     5.4


SKY COVER
  AVERAGE SKY COVER 0.6


WEATHER CONDITIONS
 THE FOLLOWING WEATHER WAS RECORDED YESTERDAY.
  FOG
  FOG W/VISIBILITY <= 1/4 MILE


RELATIVE HUMIDITY (PERCENT)
 HIGHEST   100           100 AM
 LOWEST     40           300 PM
 AVERAGE    70

..........................................................


THE ROSWELL NM CLIMATE NORMALS FOR TODAY
                         NORMAL    RECORD    YEAR
 MAXIMUM TEMPERATURE (F)   55        82      1974
 MINIMUM TEMPERATURE (F)   26        -1      1930


SUNRISE AND SUNSET
JANUARY 17 2017.......SUNRISE   701 AM MST   SUNSET   516 PM MST
JANUARY 18 2017.......SUNRISE   701 AM MST   SUNSET   517 PM MST


-  INDICATES NEGATIVE NUMBERS.
R  INDICATES RECORD WAS SET OR TIED.
MM INDICATES DATA IS MISSING.
T  INDICATES TRACE AMOUNT.




$$
