000
CDUS45 KABQ 300902
CLIROW


CLIMATE REPORT
NATIONAL WEATHER SERVICE ALBUQUERQUE NM
302 AM MDT SAT JUL 30 2016


...................................

...THE ROSWELL NM CLIMATE SUMMARY FOR JULY 29 2016...

CLIMATE NORMAL PERIOD 1981 TO 2010
CLIMATE RECORD PERIOD 1893 TO 2016


WEATHER ITEM   OBSERVED TIME   RECORD YEAR NORMAL DEPARTURE
                VALUE   (LST)  VALUE       VALUE  FROM
                                                  NORMAL
...............................................................
TEMPERATURE (F)
 YESTERDAY
  MAXIMUM         98    337 PM 106    1995  93      5
  MINIMUM         66    528 AM  52    1947  67     -1
  AVERAGE         82                        80      2

PRECIPITATION (IN)
  YESTERDAY        0.00          0.72 1965   0.05  -0.05
  MONTH TO DATE    0.45                      1.95  -1.50
  SINCE JUN 1      0.98                      3.68  -2.70
  SINCE JAN 1      2.91                      6.85  -3.94

SNOWFALL (IN)
  YESTERDAY        0.0
  MONTH TO DATE    0.0
  SINCE JUN 1      0.0
  SINCE JUL 1      0.0

DEGREE DAYS
 HEATING
  YESTERDAY        0                         0      0
  MONTH TO DATE    0                         0      0
  SINCE JUN 1      0                         1     -1
  SINCE JUL 1      0                         0      0

 COOLING
  YESTERDAY       17                        15      2
  MONTH TO DATE  635                       447    188
  SINCE JUN 1   1113                       844    269
  SINCE JAN 1   1291                      1069    222
...............................................................


WIND (MPH)
  HIGHEST WIND SPEED    21   HIGHEST WIND DIRECTION     S (170)
  HIGHEST GUST SPEED    27   HIGHEST GUST DIRECTION     S (160)
  AVERAGE WIND SPEED     9.2


SKY COVER
  AVERAGE SKY COVER 0.0


WEATHER CONDITIONS
 THE FOLLOWING WEATHER WAS RECORDED YESTERDAY.
  NO SIGNIFICANT WEATHER WAS OBSERVED.


RELATIVE HUMIDITY (PERCENT)
 HIGHEST    68           500 AM
 LOWEST     21           100 PM
 AVERAGE    45

..........................................................


THE ROSWELL NM CLIMATE NORMALS FOR TODAY
                         NORMAL    RECORD    YEAR
 MAXIMUM TEMPERATURE (F)   93       104      1957
 MINIMUM TEMPERATURE (F)   67        56      1947


SUNRISE AND SUNSET
JULY 30 2016..........SUNRISE   610 AM MDT   SUNSET   759 PM MDT
JULY 31 2016..........SUNRISE   611 AM MDT   SUNSET   758 PM MDT


-  INDICATES NEGATIVE NUMBERS.
R  INDICATES RECORD WAS SET OR TIED.
MM INDICATES DATA IS MISSING.
T  INDICATES TRACE AMOUNT.




$$
