000
CDUS43 KARX 040636
CLIRST


CLIMATE REPORT
NATIONAL WEATHER SERVICE LA CROSSE WI
135 AM CDT FRI SEP 4 2015


...................................

...THE ROCHESTER MN CLIMATE SUMMARY FOR SEPTEMBER 3 2015...

CLIMATE NORMAL PERIOD 1981 TO 2010
CLIMATE RECORD PERIOD 1886 TO 2015


WEATHER ITEM   OBSERVED TIME   RECORD YEAR NORMAL DEPARTURE LAST
                VALUE   (LST)  VALUE       VALUE  FROM      YEAR
                                                  NORMAL
..................................................................
TEMPERATURE (F)
 YESTERDAY
  MAXIMUM         88    344 PM  94    1937  76     12       81
  MINIMUM         64    402 AM  33    1974  56      8       56
  AVERAGE         76                        66     10       69

PRECIPITATION (IN)
  YESTERDAY        0.00          1.17 1968   0.12  -0.12     0.00
  MONTH TO DATE    0.04                      0.37  -0.33     1.28
  SINCE SEP 1      0.04                      0.37  -0.33     1.28
  SINCE JAN 1     25.21                     24.56   0.65    27.47

SNOWFALL (IN)
  YESTERDAY        0.0           0.0  2012   0.0    0.0      0.0
  MONTH TO DATE    0.0                       0.0    0.0      0.0
  SINCE JUL 1      0.0                       0.0    0.0      0.0
  SNOW DEPTH       0

DEGREE DAYS
 HEATING
  YESTERDAY        0                         2     -2        0
  MONTH TO DATE    0                         6     -6        0
  SINCE JUL 1     59                        44     15       25

 COOLING
  YESTERDAY       11                         3      8        4
  MONTH TO DATE   32                         9     23        8
  SINCE JAN 1    407                       534   -127      468
..................................................................


WIND (MPH)
  HIGHEST WIND SPEED    12   HIGHEST WIND DIRECTION    SE (120)
  HIGHEST GUST SPEED    16   HIGHEST GUST DIRECTION    SE (120)
  AVERAGE WIND SPEED     6.7


SKY COVER
  POSSIBLE SUNSHINE  MM
  AVERAGE SKY COVER 0.1


WEATHER CONDITIONS
 THE FOLLOWING WEATHER WAS RECORDED YESTERDAY.
  FOG
  HAZE


RELATIVE HUMIDITY (PERCENT)
 HIGHEST   100           300 AM
 LOWEST     63           200 PM
 AVERAGE    82

..........................................................


THE ROCHESTER MN CLIMATE NORMALS FOR TODAY
                         NORMAL    RECORD    YEAR
 MAXIMUM TEMPERATURE (F)   76        95      1893
 MINIMUM TEMPERATURE (F)   55        36      1974


SUNRISE AND SUNSET
SEPTEMBER  4 2015.....SUNRISE   636 AM CDT   SUNSET   741 PM CDT
SEPTEMBER  5 2015.....SUNRISE   638 AM CDT   SUNSET   739 PM CDT


-  INDICATES NEGATIVE NUMBERS.
R  INDICATES RECORD WAS SET OR TIED.
MM INDICATES DATA IS MISSING.
T  INDICATES TRACE AMOUNT.




$$
