000
CDUS43 KARX 040657
CLIRST


CLIMATE REPORT
NATIONAL WEATHER SERVICE LA CROSSE WI
157 AM CDT TUE AUG 4 2015


...................................

...THE ROCHESTER MN CLIMATE SUMMARY FOR AUGUST 3 2015...

CLIMATE NORMAL PERIOD 1981 TO 2010
CLIMATE RECORD PERIOD 1886 TO 2015


WEATHER ITEM   OBSERVED TIME   RECORD YEAR NORMAL DEPARTURE LAST
                VALUE   (LST)  VALUE       VALUE  FROM      YEAR
                                                  NORMAL
..................................................................
TEMPERATURE (F)
 YESTERDAY
  MAXIMUM         75    419 PM 100    1930  80     -5       84
  MINIMUM         53    526 AM  45    1978  61     -8       62
  AVERAGE         64                        70     -6       73

PRECIPITATION (IN)
  YESTERDAY        0.00          1.73 2002   0.14  -0.14     0.00
  MONTH TO DATE    0.00                      0.43  -0.43     0.00
  SINCE JUN 1      9.40                      9.66  -0.26     9.50
  SINCE JAN 1     22.01                     20.10   1.91    20.83

SNOWFALL (IN)
  YESTERDAY        0.0           0.0  2012   0.0    0.0      0.0
  MONTH TO DATE    0.0                       0.0    0.0      0.0
  SINCE JUL 1      0.0                       0.0    0.0      0.0
  SNOW DEPTH       0

DEGREE DAYS
 HEATING
  YESTERDAY        1                         0      1        0
  MONTH TO DATE    1                         0      1        0
  SINCE JUL 1     18                        11      7       22

 COOLING
  YESTERDAY        0                         6     -6        8
  MONTH TO DATE   12                        18     -6       18
  SINCE JAN 1    289                       389   -100      298
..................................................................


WIND (MPH)
  HIGHEST WIND SPEED    20   HIGHEST WIND DIRECTION     W (280)
  HIGHEST GUST SPEED    26   HIGHEST GUST DIRECTION     W (280)
  AVERAGE WIND SPEED     9.7


SKY COVER
  POSSIBLE SUNSHINE  MM
  AVERAGE SKY COVER 0.0


WEATHER CONDITIONS
 THE FOLLOWING WEATHER WAS RECORDED YESTERDAY.
  NO SIGNIFICANT WEATHER WAS OBSERVED.


RELATIVE HUMIDITY (PERCENT)
 HIGHEST    89           400 AM
 LOWEST     46           300 PM
 AVERAGE    68

..........................................................


THE ROCHESTER MN CLIMATE NORMALS FOR TODAY
                         NORMAL    RECORD    YEAR
 MAXIMUM TEMPERATURE (F)   80       100      1947
 MINIMUM TEMPERATURE (F)   61        42      1912


SUNRISE AND SUNSET
AUGUST  4 2015........SUNRISE   601 AM CDT   SUNSET   830 PM CDT
AUGUST  5 2015........SUNRISE   603 AM CDT   SUNSET   829 PM CDT


-  INDICATES NEGATIVE NUMBERS.
R  INDICATES RECORD WAS SET OR TIED.
MM INDICATES DATA IS MISSING.
T  INDICATES TRACE AMOUNT.




$$
