000
CDUS45 KCYS 290730
CLIRWL


CLIMATE REPORT
NATIONAL WEATHER SERVICE CHEYENNE WY
128 AM MDT FRI JUL 29 2016


...................................

...THE RAWLINS WY AIRPORT CLIMATE SUMMARY FOR JULY 28 2016...

CLIMATE NORMAL PERIOD 1981 TO 2010
CLIMATE RECORD PERIOD 1951 TO 2016


WEATHER ITEM   OBSERVED TIME   RECORD YEAR NORMAL DEPARTURE LAST
                VALUE   (LST)  VALUE       VALUE  FROM      YEAR
                                                  NORMAL
..................................................................
TEMPERATURE (F)
 YESTERDAY
  MAXIMUM         89    231 PM  95    2006  84      5       73
  MINIMUM         47    505 AM  40    1993  52     -5       44
  AVERAGE         68                        68      0       59

PRECIPITATION (IN)
  YESTERDAY        0.00          0.48 1982   0.03  -0.03     0.00
  MONTH TO DATE    0.06                      0.75  -0.69     0.95
  SINCE JAN 1      6.06                      5.70   0.36     7.82

DEGREE DAYS
 HEATING
  YESTERDAY        0                         1     -1        6
  MONTH TO DATE   16                        35    -19       28
  SINCE JUN 1     70                       225   -155       94
  SINCE JUL 1     16                        35    -19       28

 COOLING
  YESTERDAY        3                         4     -1        0
  MONTH TO DATE  104                        90     14       60
  SINCE JUN 1    145                       109     36      121
  SINCE JAN 1    145                       109     36      121
..................................................................


WIND (MPH)
  HIGHEST WIND SPEED    28   HIGHEST WIND DIRECTION    NW (320)
  HIGHEST GUST SPEED    40   HIGHEST GUST DIRECTION    NW (330)
  AVERAGE WIND SPEED     9.0


SKY COVER
  AVERAGE SKY COVER 0.0


WEATHER CONDITIONS
 THE FOLLOWING WEATHER WAS RECORDED YESTERDAY.
  NO SIGNIFICANT WEATHER WAS OBSERVED.


RELATIVE HUMIDITY (PERCENT)
 HIGHEST    72           600 AM
 LOWEST     19           200 PM
 AVERAGE    46

..........................................................


THE RAWLINS WY AIRPORT CLIMATE NORMALS FOR TODAY
                         NORMAL    RECORD    YEAR
 MAXIMUM TEMPERATURE (F)   84        97      2006
 MINIMUM TEMPERATURE (F)   51        37      2015


SUNRISE AND SUNSET
JULY 29 2016..........SUNRISE   600 AM MDT   SUNSET   829 PM MDT
JULY 30 2016..........SUNRISE   601 AM MDT   SUNSET   828 PM MDT


-  INDICATES NEGATIVE NUMBERS.
R  INDICATES RECORD WAS SET OR TIED.
MM INDICATES DATA IS MISSING.
T  INDICATES TRACE AMOUNT.




$$
