000
CDUS45 KCYS 300735
CLIRWL


CLIMATE REPORT
NATIONAL WEATHER SERVICE CHEYENNE WY
134 AM MDT WED JUL 30 2014


...................................

...THE RAWLINS WY AIRPORT CLIMATE SUMMARY FOR JULY 29 2014...

CLIMATE NORMAL PERIOD 1981 TO 2010
CLIMATE RECORD PERIOD 1951 TO 2014


WEATHER ITEM   OBSERVED TIME   RECORD YEAR NORMAL DEPARTURE LAST
                VALUE   (LST)  VALUE       VALUE  FROM      YEAR
                                                  NORMAL
..................................................................
TEMPERATURE (F)
 YESTERDAY
  MAXIMUM         73   1039 AM  97    2006  84    -11       80
  MINIMUM         53   1159 PM  42    1971  51      2       54
  AVERAGE         63                        68     -5       67

PRECIPITATION (IN)
  YESTERDAY        0.34          0.60 1956   0.03   0.31     0.00
  MONTH TO DATE    0.46                      0.78  -0.32     1.09
  SINCE JAN 1      3.27                      5.73  -2.46     3.19

DEGREE DAYS
 HEATING
  YESTERDAY        2                         1      1        0
  MONTH TO DATE   17                        36    -19        0
  SINCE JUN 1    189                       226    -37      101
  SINCE JUL 1     17                        36    -19        0

 COOLING
  YESTERDAY        0                         4     -4        2
  MONTH TO DATE  164                        94     70      149
  SINCE JUN 1    175                       113     62      196
  SINCE JAN 1    177                       113     64      197
..................................................................


WIND (MPH)
  HIGHEST WIND SPEED    20   HIGHEST WIND DIRECTION    NE (50)
  HIGHEST GUST SPEED    24   HIGHEST GUST DIRECTION    NE (40)
  AVERAGE WIND SPEED     9.6


SKY COVER
  AVERAGE SKY COVER 0.7


WEATHER CONDITIONS
 THE FOLLOWING WEATHER WAS RECORDED YESTERDAY.
  THUNDERSTORM
  RAIN
  LIGHT RAIN
  FOG


RELATIVE HUMIDITY (PERCENT)
 HIGHEST    93           400 PM
 LOWEST     44           900 AM
 AVERAGE    69

..........................................................


THE RAWLINS WY AIRPORT CLIMATE NORMALS FOR TODAY
                         NORMAL    RECORD    YEAR
 MAXIMUM TEMPERATURE (F)   84        94      2006
 MINIMUM TEMPERATURE (F)   51        38      1971


SUNRISE AND SUNSET
JULY 30 2014..........SUNRISE   601 AM MDT   SUNSET   829 PM MDT
JULY 31 2014..........SUNRISE   602 AM MDT   SUNSET   828 PM MDT


-  INDICATES NEGATIVE NUMBERS.
R  INDICATES RECORD WAS SET OR TIED.
MM INDICATES DATA IS MISSING.
T  INDICATES TRACE AMOUNT.




$$
