000
CDUS45 KCYS 020328
CLIRWL


CLIMATE REPORT
NATIONAL WEATHER SERVICE CHEYENNE WY
928 PM MDT TUE SEP 1 2015


...................................

...THE RAWLINS WY AIRPORT CLIMATE SUMMARY FOR SEPTEMBER 1 2015...
VALID TODAY AS OF 0900 PM LOCAL TIME.

CLIMATE NORMAL PERIOD 1981 TO 2010
CLIMATE RECORD PERIOD 1951 TO 2015


WEATHER ITEM   OBSERVED TIME   RECORD YEAR NORMAL DEPARTURE LAST
                VALUE   (LST)  VALUE       VALUE  FROM      YEAR
                                                  NORMAL
..................................................................
TEMPERATURE (F)
 TODAY
  MAXIMUM         83    153 PM  91    1995  77      6       71
  MINIMUM         48    544 AM  30    2005  45      3       43
  AVERAGE         66                        61      5       57

PRECIPITATION (IN)
  TODAY            0.00          0.53 2008   0.03  -0.03     0.00
  MONTH TO DATE    0.00                      0.03  -0.03     0.00
  SINCE JAN 1      8.30                      6.58   1.72     4.52

DEGREE DAYS
 HEATING
  TODAY            0                         4     -4        8
  MONTH TO DATE    0                         4     -4        8
  SINCE SEP 1      0                         4     -4        8
  SINCE JUL 1     83                        97    -14      108

 COOLING
  TODAY            1                         1      0        0
  MONTH TO DATE    1                         1      0        0
  SINCE SEP 1      1                         1      0        0
  SINCE JAN 1    204                       182     22      209
..................................................................


WIND (MPH)
  HIGHEST WIND SPEED    29   HIGHEST WIND DIRECTION     S (190)
  HIGHEST GUST SPEED    39   HIGHEST GUST DIRECTION     S (200)
  AVERAGE WIND SPEED    12.5


SKY COVER
  AVERAGE SKY COVER 0.1


WEATHER CONDITIONS
 THE FOLLOWING WEATHER WAS RECORDED TODAY.
  NO SIGNIFICANT WEATHER WAS OBSERVED.


RELATIVE HUMIDITY (PERCENT)
 HIGHEST    66           600 AM
 LOWEST     17           200 PM
 AVERAGE    42

..........................................................


THE RAWLINS WY AIRPORT CLIMATE NORMALS FOR TOMORROW
                         NORMAL    RECORD    YEAR
 MAXIMUM TEMPERATURE (F)   77        89      1995
 MINIMUM TEMPERATURE (F)   45        33      1961


SUNRISE AND SUNSET
SEPTEMBER  1 2015.....SUNRISE   634 AM MDT   SUNSET   742 PM MDT
SEPTEMBER  2 2015.....SUNRISE   635 AM MDT   SUNSET   741 PM MDT


-  INDICATES NEGATIVE NUMBERS.
R  INDICATES RECORD WAS SET OR TIED.
MM INDICATES DATA IS MISSING.
T  INDICATES TRACE AMOUNT.




$$
