000
CDUS45 KPIH 080800
CLIRXE


CLIMATE REPORT
NATIONAL WEATHER SERVICE POCATELLO ID
1258 AM MST THU DEC 8 2016


...................................

...THE REXBURG ID CLIMATE SUMMARY FOR DECEMBER 7 2016...

CLIMATE NORMAL PERIOD 1981 TO 2010
CLIMATE RECORD PERIOD 1998 TO 2016


WEATHER ITEM   OBSERVED TIME   RECORD YEAR NORMAL DEPARTURE LAST
                VALUE   (LST)  VALUE       VALUE  FROM      YEAR
                                                  NORMAL
..................................................................
TEMPERATURE (F)
 YESTERDAY
  MAXIMUM         14        MM  44    2003  30    -16       42
  MINIMUM         -2        MM -14    2005  14    -16       27
  AVERAGE          6                        22    -16       35

PRECIPITATION (IN)
  YESTERDAY        0.00         MM      MM   0.02  -0.02     0.23
  MONTH TO DATE    0.12                      0.18  -0.06     0.24
  SINCE OCT 1      3.93                      2.33   1.60     2.30
  SINCE JAN 1     11.66                     12.21  -0.55     9.87

SNOWFALL (IN)
  YESTERDAY       MM
  MONTH TO DATE   MM
  SINCE DEC 1     MM
  SINCE JUL 1     MM
  SNOW DEPTH      MM

DEGREE DAYS
 HEATING
  YESTERDAY       59                        43     16       30
  MONTH TO DATE  316                       296     20      273
  SINCE DEC 1    316                       296     20      273
  SINCE JUL 1   1963                      2308   -345     2007

 COOLING
  YESTERDAY        0                         0      0        0
  MONTH TO DATE    0                         0      0        0
  SINCE DEC 1      0                         0      0        0
  SINCE JAN 1    261                       208     53      310
..................................................................


WIND (MPH)
  HIGHEST WIND SPEED     6   HIGHEST WIND DIRECTION    NE (40)
  HIGHEST GUST SPEED    MM   HIGHEST GUST DIRECTION    MM
  AVERAGE WIND SPEED     4.2


SKY COVER
  POSSIBLE SUNSHINE  MM
  AVERAGE SKY COVER 0.1


WEATHER CONDITIONS
 THE FOLLOWING WEATHER WAS RECORDED YESTERDAY.
  NO SIGNIFICANT WEATHER WAS OBSERVED.


RELATIVE HUMIDITY (PERCENT)
 HIGHEST    87           500 AM
 LOWEST     55           200 PM
 AVERAGE    71

..........................................................


THE REXBURG ID CLIMATE NORMALS FOR TODAY
                         NORMAL    RECORD    YEAR
 MAXIMUM TEMPERATURE (F)   30        46      2014
                                             2006
 MINIMUM TEMPERATURE (F)   13       -16      2013


SUNRISE AND SUNSET
DECEMBER  8 2016......SUNRISE   749 AM MST   SUNSET   450 PM MST
DECEMBER  9 2016......SUNRISE   750 AM MST   SUNSET   450 PM MST


-  INDICATES NEGATIVE NUMBERS.
R  INDICATES RECORD WAS SET OR TIED.
MM INDICATES DATA IS MISSING.
T  INDICATES TRACE AMOUNT.




$$
