000
CDUS45 KPIH 220733
CLIRXE


CLIMATE REPORT
NATIONAL WEATHER SERVICE POCATELLO ID
1232 AM MST SAT NOV 22 2014


...................................

...THE REXBURG ID CLIMATE SUMMARY FOR NOVEMBER 21 2014...

CLIMATE NORMAL PERIOD 1981 TO 2010
CLIMATE RECORD PERIOD 1998 TO 2014


WEATHER ITEM   OBSERVED TIME   RECORD YEAR NORMAL DEPARTURE LAST
                VALUE   (LST)  VALUE       VALUE  FROM      YEAR
                                                  NORMAL
..................................................................
TEMPERATURE (F)
 YESTERDAY
  MAXIMUM         40    326 PM  54    2006  37      3       32
  MINIMUM         20    743 AM   6    2000  19      1       13
  AVERAGE         30                        28      2       23

PRECIPITATION (IN)
  YESTERDAY        T            MM      MM   0.03  -0.03     0.00
  MONTH TO DATE    0.55                      0.78  -0.23     0.31
  SINCE OCT 1      0.61                      1.89  -1.28     1.22
  SINCE JAN 1     14.71                     11.77   2.94     7.66

SNOWFALL (IN)
  YESTERDAY       MM
  MONTH TO DATE   MM
  SINCE SEP 1     MM
  SINCE JUL 1     MM
  SNOW DEPTH      MM

DEGREE DAYS
 HEATING
  YESTERDAY       35                        37     -2       42
  MONTH TO DATE  804                       670    134      606
  SINCE SEP 1   1487                      1584    -97     1447
  SINCE JUL 1   1561                      1657    -96     1447

 COOLING
  YESTERDAY        0                         0      0        0
  MONTH TO DATE    0                         0      0        0
  SINCE SEP 1     12                         6      6       39
  SINCE JAN 1    234                       208     26      452
..................................................................


WIND (MPH)
  HIGHEST WIND SPEED    13   HIGHEST WIND DIRECTION     S (190)
  HIGHEST GUST SPEED    17   HIGHEST GUST DIRECTION     S (190)
  AVERAGE WIND SPEED     3.8


SKY COVER
  POSSIBLE SUNSHINE  MM
  AVERAGE SKY COVER 0.5


WEATHER CONDITIONS
 THE FOLLOWING WEATHER WAS RECORDED YESTERDAY.
  FOG
  FOG W/VISIBILITY <= 1/4 MILE


RELATIVE HUMIDITY (PERCENT)
 HIGHEST   100           100 AM
 LOWEST     54           300 PM
 AVERAGE    77

..........................................................


THE REXBURG ID CLIMATE NORMALS FOR TODAY
                         NORMAL    RECORD    YEAR
 MAXIMUM TEMPERATURE (F)   36        51      2002
 MINIMUM TEMPERATURE (F)   18         2      2003


SUNRISE AND SUNSET
NOVEMBER 22 2014......SUNRISE   731 AM MST   SUNSET   456 PM MST
NOVEMBER 23 2014......SUNRISE   732 AM MST   SUNSET   455 PM MST


-  INDICATES NEGATIVE NUMBERS.
R  INDICATES RECORD WAS SET OR TIED.
MM INDICATES DATA IS MISSING.
T  INDICATES TRACE AMOUNT.




$$
