000
CDUS45 KPIH 230733
CLIRXE


CLIMATE REPORT
NATIONAL WEATHER SERVICE POCATELLO ID
132 AM MDT SUN JUL 23 2017


...................................

...THE REXBURG ID CLIMATE SUMMARY FOR JULY 22 2017...

CLIMATE NORMAL PERIOD 1981 TO 2010
CLIMATE RECORD PERIOD 1998 TO 2017


WEATHER ITEM   OBSERVED TIME   RECORD YEAR NORMAL DEPARTURE LAST
                VALUE   (LST)  VALUE       VALUE  FROM      YEAR
                                                  NORMAL
..................................................................
TEMPERATURE (F)
 YESTERDAY
  MAXIMUM         87    452 PM  96    2007  86      1       92
                                      2006
                                      2003
  MINIMUM         50    541 AM  45    1999  51     -1       58
  AVERAGE         69                        68      1       75

PRECIPITATION (IN)
  YESTERDAY        0.00         MM      MM   0.02  -0.02     0.00
  MONTH TO DATE    0.03                      0.54  -0.51     0.15
  SINCE OCT 1     13.95                     10.99   2.96     9.07
  SINCE JAN 1      8.19                      7.78   0.41     5.91

SNOWFALL (IN)
  YESTERDAY       MM
  MONTH TO DATE   MM
  SINCE JUN 1     MM
  SINCE JUL 1     MM
  SNOW DEPTH      MM

DEGREE DAYS
 HEATING
  YESTERDAY        0                         0      0        0
  MONTH TO DATE    1                        27    -26       34
  SINCE JUN 1    120                       199    -79      104
  SINCE JUL 1      1                        27    -26       34

 COOLING
  YESTERDAY        4                         4      0       10
  MONTH TO DATE  153                        53    100       68
  SINCE JUN 1    184                        71    113      120
  SINCE JAN 1    185                        75    110      120
..................................................................


WIND (MPH)
  HIGHEST WIND SPEED    13   HIGHEST WIND DIRECTION    SW (210)
  HIGHEST GUST SPEED    18   HIGHEST GUST DIRECTION    SW (230)
  AVERAGE WIND SPEED     4.0


SKY COVER
  POSSIBLE SUNSHINE  MM
  AVERAGE SKY COVER 0.0


WEATHER CONDITIONS
 THE FOLLOWING WEATHER WAS RECORDED YESTERDAY.
  NO SIGNIFICANT WEATHER WAS OBSERVED.


RELATIVE HUMIDITY (PERCENT)
 HIGHEST    72          1200 AM
 LOWEST     13           300 PM
 AVERAGE    43

..........................................................


THE REXBURG ID CLIMATE NORMALS FOR TODAY
                         NORMAL    RECORD    YEAR
 MAXIMUM TEMPERATURE (F)   86        99      2007
 MINIMUM TEMPERATURE (F)   51        46      2011
                                             1999


SUNRISE AND SUNSET
JULY 23 2017..........SUNRISE   607 AM MDT   SUNSET   900 PM MDT
JULY 24 2017..........SUNRISE   608 AM MDT   SUNSET   859 PM MDT


-  INDICATES NEGATIVE NUMBERS.
R  INDICATES RECORD WAS SET OR TIED.
MM INDICATES DATA IS MISSING.
T  INDICATES TRACE AMOUNT.




$$
