000
CDUS45 KPIH 232330
CLIRXE


CLIMATE REPORT
NATIONAL WEATHER SERVICE POCATELLO ID
526 PM MDT WED APR 23 2014


...................................

...THE REXBURG ID CLIMATE SUMMARY FOR APRIL 23 2014...
VALID TODAY AS OF 0500 PM LOCAL TIME.

CLIMATE NORMAL PERIOD 1981 TO 2010
CLIMATE RECORD PERIOD 1998 TO 2014


WEATHER ITEM   OBSERVED TIME   RECORD YEAR NORMAL DEPARTURE LAST
                VALUE   (LST)  VALUE       VALUE  FROM      YEAR
                                                  NORMAL
..................................................................
TEMPERATURE (F)
 TODAY
  MAXIMUM         50    250 PM  85    2012  59     -9       47
  MINIMUM         31    753 AM  18    2013  33     -2       18
  AVERAGE         41                        46     -5       33

PRECIPITATION (IN)
  TODAY            0.08         MM      MM   0.05   0.03     0.00
  MONTH TO DATE    0.55                      1.10  -0.55     0.57
  SINCE OCT 1      5.45                      6.94  -1.49     6.40
  SINCE JAN 1      3.59                      3.73  -0.14     3.01

SNOWFALL (IN)
  TODAY           MM
  MONTH TO DATE   MM
  SINCE MAR 1     MM
  SINCE JUL 1     MM
  SNOW DEPTH      MM

DEGREE DAYS
 HEATING
  TODAY           24                        19      5       32
  MONTH TO DATE  468                       509    -41      558
  SINCE MAR 1   1329                      1465   -136     1551
  SINCE JUL 1   7144                      7438   -294     7218

 COOLING
  TODAY            0                         0      0        0
  MONTH TO DATE    0                         0      0        0
  SINCE MAR 1      0                         0      0        0
  SINCE JAN 1      0                         0      0        0
..................................................................


WIND (MPH)
  HIGHEST WIND SPEED    29   HIGHEST WIND DIRECTION    SW (230)
  HIGHEST GUST SPEED    38   HIGHEST GUST DIRECTION    SW (220)
  AVERAGE WIND SPEED    15.8


SKY COVER
  POSSIBLE SUNSHINE  MM
  AVERAGE SKY COVER 0.9


WEATHER CONDITIONS
 THE FOLLOWING WEATHER WAS RECORDED TODAY.
  LIGHT SNOW
  FOG


RELATIVE HUMIDITY (PERCENT)
 HIGHEST   100           800 AM
 LOWEST     23           300 PM
 AVERAGE    62

..........................................................


THE REXBURG ID CLIMATE NORMALS FOR TOMORROW
                         NORMAL    RECORD    YEAR
 MAXIMUM TEMPERATURE (F)   59        79      2012
 MINIMUM TEMPERATURE (F)   33        20      2002


SUNRISE AND SUNSET
APRIL 23 2014.........SUNRISE   631 AM MDT   SUNSET   821 PM MDT
APRIL 24 2014.........SUNRISE   630 AM MDT   SUNSET   822 PM MDT


-  INDICATES NEGATIVE NUMBERS.
R  INDICATES RECORD WAS SET OR TIED.
MM INDICATES DATA IS MISSING.
T  INDICATES TRACE AMOUNT.




$$
