000
CDUS45 KPIH 210735
CLIRXE


CLIMATE REPORT
NATIONAL WEATHER SERVICE POCATELLO ID
133 AM MDT THU SEP 21 2017


...................................

...THE REXBURG ID CLIMATE SUMMARY FOR SEPTEMBER 20 2017...

CLIMATE NORMAL PERIOD 1981 TO 2010
CLIMATE RECORD PERIOD 1998 TO 2017


WEATHER ITEM   OBSERVED TIME   RECORD YEAR NORMAL DEPARTURE LAST
                VALUE   (LST)  VALUE       VALUE  FROM      YEAR
                                                  NORMAL
..................................................................
TEMPERATURE (F)
 YESTERDAY
  MAXIMUM         61    416 PM  81    2016  70     -9       81
                                      2005
  MINIMUM         38    546 AM  32    2003  38      0       48
  AVERAGE         50                        54     -4       65

PRECIPITATION (IN)
  YESTERDAY        0.14         MM      MM   0.03   0.11     0.00
  MONTH TO DATE    1.11                      0.59   0.52     0.26
  SINCE OCT 1     15.24                     12.72   2.52     9.37
  SINCE JAN 1      9.48                      9.51  -0.03     6.21

SNOWFALL (IN)
  YESTERDAY       MM
  MONTH TO DATE   MM
  SINCE SEP 1     MM
  SINCE JUL 1     MM
  SNOW DEPTH      MM

DEGREE DAYS
 HEATING
  YESTERDAY       15                        11      4        0
  MONTH TO DATE  106                       153    -47      161
  SINCE SEP 1    106                       153    -47      161
  SINCE JUL 1    119                       226   -107      225

 COOLING
  YESTERDAY        0                         0      0        0
  MONTH TO DATE   38                         5     33       14
  SINCE SEP 1     38                         5     33       14
  SINCE JAN 1    347                       207    140      261
..................................................................


WIND (MPH)
  HIGHEST WIND SPEED    30   HIGHEST WIND DIRECTION    SW (240)
  HIGHEST GUST SPEED    41   HIGHEST GUST DIRECTION    SW (210)
  AVERAGE WIND SPEED    14.1


SKY COVER
  POSSIBLE SUNSHINE  MM
  AVERAGE SKY COVER 0.6


WEATHER CONDITIONS
 THE FOLLOWING WEATHER WAS RECORDED YESTERDAY.
  LIGHT RAIN
  FOG


RELATIVE HUMIDITY (PERCENT)
 HIGHEST   100          1100 PM
 LOWEST     32           100 PM
 AVERAGE    66

..........................................................


THE REXBURG ID CLIMATE NORMALS FOR TODAY
                         NORMAL    RECORD    YEAR
 MAXIMUM TEMPERATURE (F)   69        82      2001
 MINIMUM TEMPERATURE (F)   38        30      2004


SUNRISE AND SUNSET
SEPTEMBER 21 2017.....SUNRISE   714 AM MDT   SUNSET   726 PM MDT
SEPTEMBER 22 2017.....SUNRISE   715 AM MDT   SUNSET   724 PM MDT


-  INDICATES NEGATIVE NUMBERS.
R  INDICATES RECORD WAS SET OR TIED.
MM INDICATES DATA IS MISSING.
T  INDICATES TRACE AMOUNT.




$$
