576
CDUS45 KPIH 240730
CLIRXE


CLIMATE REPORT
NATIONAL WEATHER SERVICE POCATELLO ID
129 AM MDT TUE MAY 24 2016


...................................

...THE REXBURG ID CLIMATE SUMMARY FOR MAY 23 2016...

CLIMATE NORMAL PERIOD 1981 TO 2010
CLIMATE RECORD PERIOD 1998 TO 2016


WEATHER ITEM   OBSERVED TIME   RECORD YEAR NORMAL DEPARTURE LAST
                VALUE   (LST)  VALUE       VALUE  FROM      YEAR
                                                  NORMAL
..................................................................
TEMPERATURE (F)
 YESTERDAY
  MAXIMUM         62    259 PM  84    2003  68     -6       67
  MINIMUM         37    431 AM  32    2010  41     -4       46
                                      2007
  AVERAGE         50                        54     -4       57

PRECIPITATION (IN)
  YESTERDAY        0.00         MM      MM   0.05  -0.05     0.26
  MONTH TO DATE    1.76                      1.25   0.51     2.40
  SINCE OCT 1      8.58                      8.57   0.01     6.98
  SINCE JAN 1      5.42                      5.36   0.06     4.21

SNOWFALL (IN)
  YESTERDAY       MM
  MONTH TO DATE   MM
  SINCE MAR 1     MM
  SINCE JUL 1     MM
  SNOW DEPTH      MM

DEGREE DAYS
 HEATING
  YESTERDAY       15                        11      4        8
  MONTH TO DATE  278                       316    -38      271
  SINCE MAR 1   1638                      1908   -270     1607
  SINCE JUL 1   7215                      7881   -666     6691

 COOLING
  YESTERDAY        0                         0      0        0
  MONTH TO DATE    0                         0      0        0
  SINCE MAR 1      0                         0      0        0
  SINCE JAN 1      0                         0      0        0
..................................................................


WIND (MPH)
  HIGHEST WIND SPEED    20   HIGHEST WIND DIRECTION    SW (230)
  HIGHEST GUST SPEED    27   HIGHEST GUST DIRECTION    SW (240)
  AVERAGE WIND SPEED    12.0


SKY COVER
  POSSIBLE SUNSHINE  MM
  AVERAGE SKY COVER 0.2


WEATHER CONDITIONS
 THE FOLLOWING WEATHER WAS RECORDED YESTERDAY.
  NO SIGNIFICANT WEATHER WAS OBSERVED.


RELATIVE HUMIDITY (PERCENT)
 HIGHEST    76           400 AM
 LOWEST     27           400 PM
 AVERAGE    52

..........................................................


THE REXBURG ID CLIMATE NORMALS FOR TODAY
                         NORMAL    RECORD    YEAR
 MAXIMUM TEMPERATURE (F)   68        87      2003
 MINIMUM TEMPERATURE (F)   41        31      2012


SUNRISE AND SUNSET
MAY 24 2016...........SUNRISE   553 AM MDT   SUNSET   856 PM MDT
MAY 25 2016...........SUNRISE   552 AM MDT   SUNSET   857 PM MDT


-  INDICATES NEGATIVE NUMBERS.
R  INDICATES RECORD WAS SET OR TIED.
MM INDICATES DATA IS MISSING.
T  INDICATES TRACE AMOUNT.




$$
