000
CDUS45 KPIH 230730
CLIRXE


CLIMATE REPORT
NATIONAL WEATHER SERVICE POCATELLO ID
130 AM MDT SAT AUG 23 2014


...................................

...THE REXBURG ID CLIMATE SUMMARY FOR AUGUST 22 2014...

CLIMATE NORMAL PERIOD 1981 TO 2010
CLIMATE RECORD PERIOD 1998 TO 2014


WEATHER ITEM   OBSERVED TIME   RECORD YEAR NORMAL DEPARTURE LAST
                VALUE   (LST)  VALUE       VALUE  FROM      YEAR
                                                  NORMAL
..................................................................
TEMPERATURE (F)
 YESTERDAY
  MAXIMUM         61    226 PM  92    2011  83    -22       82
                                      2006
  MINIMUM         49    407 AM  41    2008  48      1       54
  AVERAGE         55                        65    -10       68

PRECIPITATION (IN)
  YESTERDAY        0.00         MM      MM   0.03  -0.03      T
  MONTH TO DATE    3.22                      0.62   2.60      T
  SINCE OCT 1     12.17                     11.79   0.38     8.51
  SINCE JAN 1     10.31                      8.58   1.73     5.12

SNOWFALL (IN)
  YESTERDAY       MM
  MONTH TO DATE   MM
  SINCE JUN 1     MM
  SINCE JUL 1     MM
  SNOW DEPTH      MM

DEGREE DAYS
 HEATING
  YESTERDAY       10                         2      8        0
  MONTH TO DATE   14                        17     -3        0
  SINCE JUN 1    177                       219    -42      117
  SINCE JUL 1     22                        47    -25        0

 COOLING
  YESTERDAY        0                         2     -2        3
  MONTH TO DATE   55                        74    -19      116
  SINCE JUN 1    221                       184     37      368
  SINCE JAN 1    221                       188     33      370
..................................................................


WIND (MPH)
  HIGHEST WIND SPEED    16   HIGHEST WIND DIRECTION     S (190)
  HIGHEST GUST SPEED    21   HIGHEST GUST DIRECTION     S (200)
  AVERAGE WIND SPEED     5.3


SKY COVER
  POSSIBLE SUNSHINE  MM
  AVERAGE SKY COVER 0.5


WEATHER CONDITIONS
 THE FOLLOWING WEATHER WAS RECORDED YESTERDAY.
  NO SIGNIFICANT WEATHER WAS OBSERVED.


RELATIVE HUMIDITY (PERCENT)
 HIGHEST    93           300 AM
 LOWEST     62          1200 PM
 AVERAGE    78

..........................................................


THE REXBURG ID CLIMATE NORMALS FOR TODAY
                         NORMAL    RECORD    YEAR
 MAXIMUM TEMPERATURE (F)   82        91      2006
                                             2000
 MINIMUM TEMPERATURE (F)   48        38      2008


SUNRISE AND SUNSET
AUGUST 23 2014........SUNRISE   641 AM MDT   SUNSET   818 PM MDT
AUGUST 24 2014........SUNRISE   642 AM MDT   SUNSET   817 PM MDT


-  INDICATES NEGATIVE NUMBERS.
R  INDICATES RECORD WAS SET OR TIED.
MM INDICATES DATA IS MISSING.
T  INDICATES TRACE AMOUNT.




$$
