000
CDUS45 KPIH 200749
CLIRXE


CLIMATE REPORT
NATIONAL WEATHER SERVICE POCATELLO ID
1248 AM MST MON FEB 20 2017


...................................

...THE REXBURG ID CLIMATE SUMMARY FOR FEBRUARY 19 2017...

CLIMATE NORMAL PERIOD 1981 TO 2010
CLIMATE RECORD PERIOD 1998 TO 2017


WEATHER ITEM   OBSERVED TIME   RECORD YEAR NORMAL DEPARTURE LAST
                VALUE   (LST)  VALUE       VALUE  FROM      YEAR
                                                  NORMAL
..................................................................
TEMPERATURE (F)
 YESTERDAY
  MAXIMUM         41    356 PM  51    2015  33      8       44
  MINIMUM         32   1157 PM  -2    2010  13     19       32
                                      2006
  AVERAGE         37                        23     14       38

PRECIPITATION (IN)
  YESTERDAY        0.22         MM      MM   0.03   0.19     0.00
  MONTH TO DATE    0.81                      0.56   0.25     0.12
  SINCE OCT 1      7.71                      4.51   3.20     4.91
  SINCE JAN 1      1.95                      1.30   0.65     1.75

SNOWFALL (IN)
  YESTERDAY       MM
  MONTH TO DATE   MM
  SINCE DEC 1     MM
  SINCE JUL 1     MM
  SNOW DEPTH      MM

DEGREE DAYS
 HEATING
  YESTERDAY       28                        42    -14       27
  MONTH TO DATE  657                       836   -179      774
  SINCE DEC 1   3794                      3601    193     3476
  SINCE JUL 1   5441                      5613   -172     5210

 COOLING
  YESTERDAY        0                         0      0        0
  MONTH TO DATE    0                         0      0        0
  SINCE DEC 1      0                         0      0        0
  SINCE JAN 1      0                         0      0        0
..................................................................


WIND (MPH)
  HIGHEST WIND SPEED    29   HIGHEST WIND DIRECTION    SW (230)
  HIGHEST GUST SPEED    35   HIGHEST GUST DIRECTION    SW (230)
  AVERAGE WIND SPEED    12.7


SKY COVER
  POSSIBLE SUNSHINE  MM
  AVERAGE SKY COVER 0.8


WEATHER CONDITIONS
 THE FOLLOWING WEATHER WAS RECORDED YESTERDAY.
  LIGHT RAIN
  LIGHT SNOW
  FOG


RELATIVE HUMIDITY (PERCENT)
 HIGHEST   100           200 AM
 LOWEST     73           300 PM
 AVERAGE    87

..........................................................


THE REXBURG ID CLIMATE NORMALS FOR TODAY
                         NORMAL    RECORD    YEAR
 MAXIMUM TEMPERATURE (F)   34        46      2015
 MINIMUM TEMPERATURE (F)   13        -4      2010


SUNRISE AND SUNSET
FEBRUARY 20 2017......SUNRISE   718 AM MST   SUNSET   604 PM MST
FEBRUARY 21 2017......SUNRISE   716 AM MST   SUNSET   606 PM MST


-  INDICATES NEGATIVE NUMBERS.
R  INDICATES RECORD WAS SET OR TIED.
MM INDICATES DATA IS MISSING.
T  INDICATES TRACE AMOUNT.




$$
