000
CDUS46 KSTO 290837
CLISAC

CLIMATE REPORT
NATIONAL WEATHER SERVICE SACRAMENTO, CA
135 AM PDT THU SEP 29 2016


...................................

...THE SACRAMENTO EXEC. AIRPORT CA CLIMATE SUMMARY FOR SEPTEMBER 28 2016...

CLIMATE NORMAL PERIOD 1981 TO 2010
CLIMATE RECORD PERIOD 1930 TO 2016


WEATHER ITEM   OBSERVED TIME   RECORD YEAR NORMAL DEPARTURE LAST
                VALUE   (LST)  VALUE       VALUE  FROM      YEAR
                                                  NORMAL
..................................................................
TEMPERATURE (F)
 YESTERDAY
  MAXIMUM         92    330 PM 102    2010  84      8       89
  MINIMUM         60   1159 PM  45    1986  54      6       59
  AVERAGE         76

PRECIPITATION (IN)
  YESTERDAY        0.00          0.42 1989   0.01  -0.01     0.00
  MONTH TO DATE    T                         0.25  -0.25     0.02
  SINCE OCT 1     16.19                     18.48  -2.29    15.43
  SINCE JAN 1     12.75                     12.20   0.55     5.05

SNOWFALL (IN)
  YESTERDAY        0.0           0.0  2002   0.0             0.0
                                      2001
  MONTH TO DATE    0.0                       0.0             0.0
  SINCE SEP 1      0.0                       0.0             0.0
  SINCE JUL 1      0.0                       0.0             0.0

DEGREE DAYS
 HEATING
  YESTERDAY        0

 COOLING
  YESTERDAY       11
..................................................................


WIND (MPH)
  RESULTANT WIND SPEED   5   RESULTANT WIND DIRECTION   S (190)
  HIGHEST WIND SPEED    14   HIGHEST WIND DIRECTION    SW (210)
  HIGHEST GUST SPEED    18   HIGHEST GUST DIRECTION    SW (220)


SKY COVER
  POSSIBLE SUNSHINE  MM
  AVERAGE SKY COVER 0.0


WEATHER CONDITIONS
 THE FOLLOWING WEATHER WAS RECORDED YESTERDAY.
  NO SIGNIFICANT WEATHER WAS OBSERVED.


RELATIVE HUMIDITY (PERCENT)
 HIGHEST    72
 LOWEST     23
 AVERAGE    48

..........................................................


THE SACRAMENTO EXEC. AIRPORT CA CLIMATE NORMALS FOR TODAY
                         NORMAL    RECORD    YEAR
 MAXIMUM TEMPERATURE (F)   84       102      2010
                                             1966
 MINIMUM TEMPERATURE (F)   54        46      1986
                                             1947


SUNRISE AND SUNSET
SEPTEMBER 29 2016.....SUNRISE   701 AM PDT   SUNSET   651 PM PDT
SEPTEMBER 30 2016.....SUNRISE   701 AM PDT   SUNSET   649 PM PDT


-  INDICATES NEGATIVE NUMBERS.
R  INDICATES RECORD WAS SET OR TIED.
MM INDICATES DATA IS MISSING.
T  INDICATES TRACE AMOUNT.




&&
....................................................................

SACRAMENTO CITY CLIMATE DATA FOR WEDNESDAY SEPTEMBER 28 2016

HIGH...   96  RECORD HIGH   101 IN 2010    NORMAL    HIGH   85
LOW....   62  RECORD LOW     46 IN 1986    NORMAL    LOW    57

RAIN SINCE MIDNIGHT....  0.00   RECORD THIS DATE....... 0.37 IN 1989
TOTAL THIS MONTH.......  0.00   NORMAL SINCE OCT 1ST.........  20.23
TOTAL SINCE OCT 1ST... 16.97   PERCENT OF NORMAL.............  84%


$$
NNNN
