000
CDUS46 KSTO 230848 RRA
CLISAC

CLIMATE REPORT
NATIONAL WEATHER SERVICE SACRAMENTO, CA
1244 AM PST TUE JAN 23 2018

...................................

...THE SACRAMENTO EXEC. AIRPORT CA CLIMATE SUMMARY FOR JANUARY 22 2018...

CLIMATE NORMAL PERIOD 1981 TO 2010
CLIMATE RECORD PERIOD 1930 TO 2018

WEATHER ITEM   OBSERVED TIME   RECORD YEAR NORMAL DEPARTURE LAST
                VALUE   (LST)  VALUE       VALUE  FROM      YEAR
                                                  NORMAL
..................................................................
TEMPERATURE (F)
 YESTERDAY
  MAXIMUM         52    223 PM  71    2011  55     -3       57
  MINIMUM         46    752 AM  25    1962  39      7       44
  AVERAGE         49

PRECIPITATION (IN)
  YESTERDAY        0.16          2.47 1997   0.11   0.05     0.47
  MONTH TO DATE    4.93                      2.57   2.36     9.89
  SINCE OCT 1      7.35                      8.85  -1.50    19.34
  SINCE JAN 1      4.93                      2.57   2.36     9.89

SNOWFALL (IN)
  YESTERDAY       MM             0.0  2002   0.0             0.0
  MONTH TO DATE    0.0                       0.0             0.0
  SINCE DEC 1      0.0                       0.0             0.0
  SINCE JUL 1      0.0                       0.0             0.0

DEGREE DAYS
 HEATING
  YESTERDAY       16

 COOLING
  YESTERDAY        0
..................................................................

WIND (MPH)
  RESULTANT WIND SPEED   2   RESULTANT WIND DIRECTION  SE (140)
  HIGHEST WIND SPEED    16   HIGHEST WIND DIRECTION    SE (140)
  HIGHEST GUST SPEED    22   HIGHEST GUST DIRECTION    SE (150)

SKY COVER
  POSSIBLE SUNSHINE  MM
  AVERAGE SKY COVER 1.0

WEATHER CONDITIONS
 THE FOLLOWING WEATHER WAS RECORDED YESTERDAY.
  LIGHT RAIN
  FOG

RELATIVE HUMIDITY (PERCENT)
 HIGHEST   100
 LOWEST     71
 AVERAGE    86

..........................................................

THE SACRAMENTO EXEC. AIRPORT CA CLIMATE NORMALS FOR TODAY
                         NORMAL    RECORD    YEAR
 MAXIMUM TEMPERATURE (F)   55        69      2014
 MINIMUM TEMPERATURE (F)   39        29      2007
                                             1962
                                             1949

SUNRISE AND SUNSET
JANUARY 23 2018.......SUNRISE   718 AM PST   SUNSET   518 PM PST
JANUARY 24 2018.......SUNRISE   717 AM PST   SUNSET   519 PM PST

-  INDICATES NEGATIVE NUMBERS.
R  INDICATES RECORD WAS SET OR TIED.
MM INDICATES DATA IS MISSING.
T  INDICATES TRACE AMOUNT.

&&
....................................................................

SACRAMENTO CITY CLIMATE DATA FOR MONDAY JANUARY 22 2018

HIGH...   53  RECORD HIGH    69 IN 2011    NORMAL    HIGH   55
LOW....   46  RECORD LOW     24 IN 1937    NORMAL    LOW    41

RAIN SINCE MIDNIGHT....  0.23   RECORD THIS DATE....... 2.13 IN 1997
TOTAL THIS MONTH.......  4.82   NORMAL SINCE OCT 1ST.........  9.81
TOTAL SINCE OCT 1ST...  7.54   PERCENT OF NORMAL.............  77%

$$
