000
CDUS46 KSTO 180842
CLISAC

CLIMATE REPORT
NATIONAL WEATHER SERVICE SACRAMENTO, CA
1238 AM PST THU DEC 18 2014


.................................................................

...THE SACRAMENTO EXEC. AIRPORT CA CLIMATE SUMMARY FOR DECEMBER 17 2014...

CLIMATE NORMAL PERIOD 1981 TO 2010
CLIMATE RECORD PERIOD 1930 TO 2014


WEATHER ITEM   OBSERVED TIME   RECORD YEAR NORMAL DEPARTURE LAST
                VALUE   (LST)  VALUE       VALUE  FROM      YEAR
                                                  NORMAL
..................................................................
TEMPERATURE (F)
 YESTERDAY
  MAXIMUM         57    423 PM  65    1996  53      4       64
                                      1958
  MINIMUM         49    345 AM  26    1965  38     11       37
  AVERAGE         53

PRECIPITATION (IN)
  YESTERDAY        0.06          1.14 1977   0.11  -0.05     0.00
  MONTH TO DATE    7.63                      1.66   5.97     0.43
  SINCE JUL 1      9.88                      5.03   4.85     1.90
  SINCE JAN 1     17.77                     16.93   0.84     5.81

SNOWFALL (IN)
  YESTERDAY       MM            MM      MM   0.0             0.0
  MONTH TO DATE    0.0                       0.0             0.0
  SINCE DEC 1      0.0                       0.0             0.0
  SINCE JUL 1      0.0                       0.0             0.0

DEGREE DAYS
 HEATING
  YESTERDAY       12

 COOLING
  YESTERDAY        0
..................................................................


WIND (MPH)
  RESULTANT WIND SPEED   6   RESULTANT WIND DIRECTION  SE (150)
  HIGHEST WIND SPEED    12   HIGHEST WIND DIRECTION     S (190)
  HIGHEST GUST SPEED    15   HIGHEST GUST DIRECTION    SE (150)


SKY COVER
  POSSIBLE SUNSHINE  MM
  AVERAGE SKY COVER 0.9


WEATHER CONDITIONS
 THE FOLLOWING WEATHER WAS RECORDED YESTERDAY.
  LIGHT RAIN
  FOG


RELATIVE HUMIDITY (PERCENT)
 HIGHEST    93
 LOWEST     67
 AVERAGE    80

..........................................................


THE SACRAMENTO EXEC. AIRPORT CA CLIMATE NORMALS FOR TODAY
                         NORMAL    RECORD    YEAR
 MAXIMUM TEMPERATURE (F)   53        64      1976
                                             1958
 MINIMUM TEMPERATURE (F)   38        26      2006


SUNRISE AND SUNSET
DECEMBER 18 2014......SUNRISE   718 AM PST   SUNSET   447 PM PST
DECEMBER 19 2014......SUNRISE   719 AM PST   SUNSET   448 PM PST


-  INDICATES NEGATIVE NUMBERS.
R  INDICATES RECORD WAS SET OR TIED.
MM INDICATES DATA IS MISSING.
T  INDICATES TRACE AMOUNT.






&&
....................................................................

SACRAMENTO CITY CLIMATE DATA FOR WEDNESDAY DECEMBER 17 2014

HIGH...   57  RECORD HIGH    69 IN 1958    NORMAL    HIGH   54
LOW....   48  RECORD LOW     28 IN 1928    NORMAL    LOW    40

RAIN SINCE MIDNIGHT....  0.07   RECORD THIS DATE....... 1.33 IN 1884
TOTAL THIS MONTH.......  6.70   NORMAL SEASON TO DATE.........  5.64
TOTAL SINCE JULY 1ST...  8.91   PERCENT OF NORMAL.............  157%


$$
