000
CDUS46 KSTO 290836
CLISAC

CLIMATE REPORT
NATIONAL WEATHER SERVICE SACRAMENTO, CA
135 AM PDT SUN MAR 29 2015


...................................

...THE SACRAMENTO EXEC. AIRPORT CA CLIMATE SUMMARY FOR MARCH 28 2015...

CLIMATE NORMAL PERIOD 1981 TO 2010
CLIMATE RECORD PERIOD 1930 TO 2015


WEATHER ITEM   OBSERVED TIME   RECORD YEAR NORMAL DEPARTURE LAST
                VALUE   (LST)  VALUE       VALUE  FROM      YEAR
                                                  NORMAL
..................................................................
TEMPERATURE (F)
 YESTERDAY
  MAXIMUM         84R   409 PM  81    1986  67     17       68
  MINIMUM         49    447 AM  34    1985  45      4       52
  AVERAGE         67

PRECIPITATION (IN)
  YESTERDAY        0.00          1.05 1963   0.07  -0.07      T
  MONTH TO DATE    0.22                      2.56  -2.34     0.97
  SINCE OCT 1     13.42                     15.95  -2.53     6.57
  SINCE JAN 1      3.04                      9.67  -6.63     5.26

SNOWFALL (IN)
  YESTERDAY        0.0          MM      MM   0.0             0.0
  MONTH TO DATE    0.0                       0.0             0.0
  SINCE MAR 1      0.0                       0.0             0.0
  SINCE JUL 1      0.0                       0.0             0.0

DEGREE DAYS
 HEATING
  YESTERDAY        0

 COOLING
  YESTERDAY        2
..................................................................


WIND (MPH)
  RESULTANT WIND SPEED   5   RESULTANT WIND DIRECTION  NW (320)
  HIGHEST WIND SPEED    17   HIGHEST WIND DIRECTION    NW (300)
  HIGHEST GUST SPEED    24   HIGHEST GUST DIRECTION    NW (320)


SKY COVER
  POSSIBLE SUNSHINE  MM
  AVERAGE SKY COVER 0.0


WEATHER CONDITIONS
 THE FOLLOWING WEATHER WAS RECORDED YESTERDAY.
  NO SIGNIFICANT WEATHER WAS OBSERVED.


RELATIVE HUMIDITY (PERCENT)
 HIGHEST    93
 LOWEST     19
 AVERAGE    56

..........................................................


THE SACRAMENTO EXEC. AIRPORT CA CLIMATE NORMALS FOR TODAY
                         NORMAL    RECORD    YEAR
 MAXIMUM TEMPERATURE (F)   67        83      2002
 MINIMUM TEMPERATURE (F)   45        33      1967


SUNRISE AND SUNSET
MARCH 29 2015.........SUNRISE   656 AM PDT   SUNSET   726 PM PDT
MARCH 30 2015.........SUNRISE   654 AM PDT   SUNSET   727 PM PDT


-  INDICATES NEGATIVE NUMBERS.
R  INDICATES RECORD WAS SET OR TIED.
MM INDICATES DATA IS MISSING.
T  INDICATES TRACE AMOUNT.

&&
....................................................................

SACRAMENTO CITY CLIMATE DATA FOR SATURDAY MARCH 28 2015

HIGH...   84  RECORD HIGH    84 IN 1986    NORMAL    HIGH   69
LOW....   53  RECORD LOW     37 IN 1892    NORMAL    LOW    47

RAIN SINCE MIDNIGHT....  0.00   RECORD THIS DATE....... 1.28 IN 1904
TOTAL THIS MONTH.......  0.16   NORMAL SINCE OCT 1ST.........  17.43
TOTAL SINCE OCT 1ST... 11.73   PERCENT OF NORMAL.............  67%

$$
