000
CDUS46 KSTO 270843
CLISAC

CLIMATE REPORT
NATIONAL WEATHER SERVICE SACRAMENTO, CA
1241 AM PST MON FEB 27 2017


...................................

...THE SACRAMENTO EXEC. AIRPORT CA CLIMATE SUMMARY FOR FEBRUARY 26 2017...

CLIMATE NORMAL PERIOD 1981 TO 2010
CLIMATE RECORD PERIOD 1930 TO 2017


WEATHER ITEM   OBSERVED TIME   RECORD YEAR NORMAL DEPARTURE LAST
                VALUE   (LST)  VALUE       VALUE  FROM      YEAR
                                                  NORMAL
..................................................................
TEMPERATURE (F)
 YESTERDAY
  MAXIMUM         57    346 PM  76    1988  63     -6       70
  MINIMUM         33    705 AM  29    2011  43    -10       48
  AVERAGE         45

PRECIPITATION (IN)
  YESTERDAY        0.00          0.77 2007   0.13  -0.13     0.00
  MONTH TO DATE    8.25                      3.24   5.01     0.82
  SINCE OCT 1     27.62                     13.16  14.46     9.70
  SINCE JAN 1     18.17                      6.88  11.29     6.26

SNOWFALL (IN)
  YESTERDAY        0.0          MM      MM   0.0             0.0
  MONTH TO DATE    0.0                       0.0             0.0
  SINCE DEC 1      0.0                       0.0             0.0
  SINCE JUL 1      0.0                       0.0             0.0

DEGREE DAYS
 HEATING
  YESTERDAY       20

 COOLING
  YESTERDAY        0
..................................................................


WIND (MPH)
  RESULTANT WIND SPEED   6   RESULTANT WIND DIRECTION  SW (210)
  HIGHEST WIND SPEED    20   HIGHEST WIND DIRECTION    SW (220)
  HIGHEST GUST SPEED    25   HIGHEST GUST DIRECTION    SW (220)


SKY COVER
  POSSIBLE SUNSHINE  MM
  AVERAGE SKY COVER 0.1


WEATHER CONDITIONS
 THE FOLLOWING WEATHER WAS RECORDED YESTERDAY.
  NO SIGNIFICANT WEATHER WAS OBSERVED.


RELATIVE HUMIDITY (PERCENT)
 HIGHEST   100
 LOWEST     43
 AVERAGE    72

..........................................................


THE SACRAMENTO EXEC. AIRPORT CA CLIMATE NORMALS FOR TODAY
                         NORMAL    RECORD    YEAR
 MAXIMUM TEMPERATURE (F)   63        76      1992
                                             1985
 MINIMUM TEMPERATURE (F)   43        28      1962


SUNRISE AND SUNSET
FEBRUARY 27 2017......SUNRISE   640 AM PST   SUNSET   557 PM PST
FEBRUARY 28 2017......SUNRISE   639 AM PST   SUNSET   558 PM PST


-  INDICATES NEGATIVE NUMBERS.
R  INDICATES RECORD WAS SET OR TIED.
MM INDICATES DATA IS MISSING.
T  INDICATES TRACE AMOUNT.




&&
....................................................................

SACRAMENTO CITY CLIMATE DATA FOR SUNDAY FEBRUARY 26 2017

HIGH...   60  RECORD HIGH    77 IN 1992    NORMAL    HIGH   64
LOW....   36  RECORD LOW     30 IN 1962    NORMAL    LOW    45

RAIN SINCE MIDNIGHT....  0.00   RECORD THIS DATE....... 1.46 IN 1940
TOTAL THIS MONTH.......  8.04   NORMAL SINCE OCT 1ST.........  14.37
TOTAL SINCE OCT 1ST... 27.40   PERCENT OF NORMAL.............  191%


$$
NNNN
