000
CDUS46 KSGX 190125
CLISAN


CLIMATE REPORT
NATIONAL WEATHER SERVICE SAN DIEGO, CA
524 PM PST SUN FEB 18 2018


...................................

...THE SAN DIEGO INTL AIRPORT CA CLIMATE SUMMARY FOR FEBRUARY 18 2018...
VALID TODAY AS OF 0500 PM LOCAL TIME.

CLIMATE NORMAL PERIOD 1981 TO 2010
CLIMATE RECORD PERIOD 1874 TO 2018


WEATHER ITEM   OBSERVED TIME   RECORD YEAR NORMAL DEPARTURE LAST
                VALUE   (LST)  VALUE       VALUE  FROM      YEAR
                                                  NORMAL
..................................................................
TEMPERATURE (F)
 TODAY
  MAXIMUM         68    220 PM  80    1981  65      3       61
                                      1896
  MINIMUM         53    429 AM  37    1894  51      2       54
                                      1889
  AVERAGE         61                        58      3       58

PRECIPITATION (IN)
  TODAY            0.00          0.81 1980   0.09  -0.09     0.08
  MONTH TO DATE    T                         1.42  -1.42     1.29
  SINCE OCT 1      1.87                      6.51  -4.64     9.20
  SINCE JAN 1      1.78                      3.40  -1.62     4.30

DEGREE DAYS
 HEATING
  TODAY            4                         7     -3        7
  MONTH TO DATE   48                       132    -84       77
  SINCE DEC 1    307                       642   -335      475
  SINCE JUL 1    345                       787   -442      525

 COOLING
  TODAY            0                         0      0        0
  MONTH TO DATE    4                         0      4        0
  SINCE DEC 1     20                         2     18        4
  SINCE JAN 1     17                         2     15        0
..................................................................


WIND (MPH)
  RESULTANT WIND SPEED   3   RESULTANT WIND DIRECTION  NW (300)
  HIGHEST WIND SPEED    14   HIGHEST WIND DIRECTION     W (260)
  HIGHEST GUST SPEED    16   HIGHEST GUST DIRECTION    SW (240)
  AVERAGE WIND SPEED     3.7


SKY COVER
  POSSIBLE SUNSHINE  MM
  AVERAGE SKY COVER 0.5


WEATHER CONDITIONS
 THE FOLLOWING WEATHER WAS RECORDED TODAY.
  NO SIGNIFICANT WEATHER WAS OBSERVED.


RELATIVE HUMIDITY (PERCENT)
 HIGHEST    67          1000 AM
 LOWEST     40          1200 AM
 AVERAGE    54

..........................................................


THE SAN DIEGO INTL AIRPORT CA CLIMATE NORMALS FOR TOMORROW
                         NORMAL    RECORD    YEAR
 MAXIMUM TEMPERATURE (F)   65        90      1995
 MINIMUM TEMPERATURE (F)   51        38      1955
                                             1889


SUNRISE AND SUNSET
FEBRUARY 18 2018......SUNRISE   629 AM PST   SUNSET   537 PM PST
FEBRUARY 19 2018......SUNRISE   628 AM PST   SUNSET   538 PM PST


-  INDICATES NEGATIVE NUMBERS.
R  INDICATES RECORD WAS SET OR TIED.
MM INDICATES DATA IS MISSING.
T  INDICATES TRACE AMOUNT.




$$
