000
CDUS46 KSGX 260016
CLISAN


CLIMATE REPORT
NATIONAL WEATHER SERVICE SAN DIEGO, CA
515 PM PDT SAT MAR 25 2017


...................................

...THE SAN DIEGO INTL AIRPORT CA CLIMATE SUMMARY FOR MARCH 25 2017...
VALID TODAY AS OF 0500 PM LOCAL TIME.

CLIMATE NORMAL PERIOD 1981 TO 2010
CLIMATE RECORD PERIOD 1874 TO 2017


WEATHER ITEM   OBSERVED TIME   RECORD YEAR NORMAL DEPARTURE LAST
                VALUE   (LST)  VALUE       VALUE  FROM      YEAR
                                                  NORMAL
..................................................................
TEMPERATURE (F)
 TODAY
  MAXIMUM         69    303 PM  89    1988  66      3       75
  MINIMUM         56    627 AM  41    1880  54      2       56
  AVERAGE         63                        60      3       66

PRECIPITATION (IN)
  TODAY            0.00          0.85 1998   0.05  -0.05     0.00
  MONTH TO DATE    0.08                      1.55  -1.47     0.72
  SINCE OCT 1     11.70                      8.91   2.79     6.83
  SINCE JAN 1      6.80                      5.80   1.00     3.98

DEGREE DAYS
 HEATING
  TODAY            2                         5     -3        0
  MONTH TO DATE   65                       148    -83       47
  SINCE MAR 1     65                       148    -83       47
  SINCE JUL 1    657                      1006   -349      587

 COOLING
  TODAY            0                         0      0        1
  MONTH TO DATE    9                         0      9        5
  SINCE MAR 1      9                         0      9        5
  SINCE JAN 1      9                         5      4       50
..................................................................


WIND (MPH)
  RESULTANT WIND SPEED   4   RESULTANT WIND DIRECTION  NW (310)
  HIGHEST WIND SPEED    14   HIGHEST WIND DIRECTION    NW (300)
  HIGHEST GUST SPEED    18   HIGHEST GUST DIRECTION    NW (300)
  AVERAGE WIND SPEED     5.6


SKY COVER
  POSSIBLE SUNSHINE  MM
  AVERAGE SKY COVER 0.8


WEATHER CONDITIONS
 THE FOLLOWING WEATHER WAS RECORDED TODAY.
  NO SIGNIFICANT WEATHER WAS OBSERVED.


RELATIVE HUMIDITY (PERCENT)
 HIGHEST    83           600 AM
 LOWEST     47           100 PM
 AVERAGE    65

..........................................................


THE SAN DIEGO INTL AIRPORT CA CLIMATE NORMALS FOR TOMORROW
                         NORMAL    RECORD    YEAR
 MAXIMUM TEMPERATURE (F)   66        93      1988
 MINIMUM TEMPERATURE (F)   54        41      1936


SUNRISE AND SUNSET
MARCH 25 2017.........SUNRISE   645 AM PDT   SUNSET   704 PM PDT
MARCH 26 2017.........SUNRISE   644 AM PDT   SUNSET   705 PM PDT


-  INDICATES NEGATIVE NUMBERS.
R  INDICATES RECORD WAS SET OR TIED.
MM INDICATES DATA IS MISSING.
T  INDICATES TRACE AMOUNT.




$$
