000
CDUS46 KSGX 281420
CLISAN


CLIMATE REPORT
NATIONAL WEATHER SERVICE SAN DIEGO, CA
719 AM PDT THU APR 28 2016


...................................

...THE SAN DIEGO/LINDBERGH FIELD CA CLIMATE SUMMARY FOR APRIL 27 2016...

CLIMATE NORMAL PERIOD 1981 TO 2010
CLIMATE RECORD PERIOD 1874 TO 2016


WEATHER ITEM   OBSERVED TIME   RECORD YEAR NORMAL DEPARTURE LAST
                VALUE   (LST)  VALUE       VALUE  FROM      YEAR
                                                  NORMAL
..................................................................
TEMPERATURE (F)
 YESTERDAY
  MAXIMUM         67    433 PM  94    2008  68     -1       80
  MINIMUM         58    507 AM  45    1883  57      1       58
  AVERAGE         63                        63      0       69

PRECIPITATION (IN)
  YESTERDAY        T             0.80 1885   0.01  -0.01     0.00
  MONTH TO DATE    0.55                      0.73  -0.18     0.02
  SINCE OCT 1      7.42                      9.90  -2.48     6.52
  SINCE JAN 1      4.57                      6.79  -2.22     1.65

DEGREE DAYS
 HEATING
  YESTERDAY        2                         3     -1        0
  MONTH TO DATE   20                       104    -84       21
  SINCE MAR 1     89                       282   -193       57
  SINCE JUL 1    629                      1140   -511      403

 COOLING
  YESTERDAY        0                         1     -1        4
  MONTH TO DATE   49                         9     40       35
  SINCE MAR 1     54                        14     40      128
  SINCE JAN 1     99                        19     80      150
..................................................................


WIND (MPH)
  RESULTANT WIND SPEED   6   RESULTANT WIND DIRECTION  SW (230)
  HIGHEST WIND SPEED    21   HIGHEST WIND DIRECTION     W (270)
  HIGHEST GUST SPEED    25   HIGHEST GUST DIRECTION     W (270)
  AVERAGE WIND SPEED    10.1


SKY COVER
  POSSIBLE SUNSHINE  MM
  AVERAGE SKY COVER 0.6


WEATHER CONDITIONS
 THE FOLLOWING WEATHER WAS RECORDED YESTERDAY.
  NO SIGNIFICANT WEATHER WAS OBSERVED.


RELATIVE HUMIDITY (PERCENT)
 HIGHEST    72           400 AM
 LOWEST     52           200 PM
 AVERAGE    62

..........................................................


THE SAN DIEGO/LINDBERGH FIELD CA CLIMATE NORMALS FOR TODAY
                         NORMAL    RECORD    YEAR
 MAXIMUM TEMPERATURE (F)   68        88      2008
                                             1921
 MINIMUM TEMPERATURE (F)   57        45      1900
                                             1894
                                             1884


SUNRISE AND SUNSET
APRIL 28 2016.........SUNRISE   604 AM PDT   SUNSET   729 PM PDT
APRIL 29 2016.........SUNRISE   603 AM PDT   SUNSET   729 PM PDT


-  INDICATES NEGATIVE NUMBERS.
R  INDICATES RECORD WAS SET OR TIED.
MM INDICATES DATA IS MISSING.
T  INDICATES TRACE AMOUNT.




$$
