000
CDUS46 KSGX 240023
CLISAN


CLIMATE REPORT
NATIONAL WEATHER SERVICE SAN DIEGO, CA
522 PM PDT TUE AUG 23 2016


...................................

...THE SAN DIEGO/LINDBERGH FIELD CA CLIMATE SUMMARY FOR AUGUST 23 2016...
VALID TODAY AS OF 0500 PM LOCAL TIME.

CLIMATE NORMAL PERIOD 1981 TO 2010
CLIMATE RECORD PERIOD 1874 TO 2016


WEATHER ITEM   OBSERVED TIME   RECORD YEAR NORMAL DEPARTURE LAST
                VALUE   (LST)  VALUE       VALUE  FROM      YEAR
                                                  NORMAL
..................................................................
TEMPERATURE (F)
 TODAY
  MAXIMUM         76    305 PM  89    1968  77     -1       79
  MINIMUM         62    623 AM  55    1878  67     -5       70
  AVERAGE         69                        72     -3       75

PRECIPITATION (IN)
  TODAY            0.00          0.07 1853   0.00   0.00     0.00
  MONTH TO DATE    0.00                      0.01  -0.01     0.00
  SINCE OCT 1      7.86                     10.18  -2.32    10.66
  SINCE JAN 1      5.01                      7.07  -2.06     5.79

DEGREE DAYS
 HEATING
  TODAY            0                         0      0        0
  MONTH TO DATE    0                         0      0        0
  SINCE JUN 1      0                        19    -19        1
  SINCE JUL 1      0                         1     -1        0

 COOLING
  TODAY            4                         7     -3       10
  MONTH TO DATE  194                       149     45      221
  SINCE JUN 1    510                       365    145      581
  SINCE JAN 1    628                       414    214      764
..................................................................


WIND (MPH)
  RESULTANT WIND SPEED   3   RESULTANT WIND DIRECTION   W (290)
  HIGHEST WIND SPEED    10   HIGHEST WIND DIRECTION     W (290)
  HIGHEST GUST SPEED    15   HIGHEST GUST DIRECTION     W (290)
  AVERAGE WIND SPEED     4.5


SKY COVER
  POSSIBLE SUNSHINE  MM
  AVERAGE SKY COVER 0.5


WEATHER CONDITIONS
 THE FOLLOWING WEATHER WAS RECORDED TODAY.
  FOG


RELATIVE HUMIDITY (PERCENT)
 HIGHEST   100           400 AM
 LOWEST     60           100 PM
 AVERAGE    80

..........................................................


THE SAN DIEGO/LINDBERGH FIELD CA CLIMATE NORMALS FOR TOMORROW
                         NORMAL    RECORD    YEAR
 MAXIMUM TEMPERATURE (F)   77        85      1985
                                             1931
                                             1913
 MINIMUM TEMPERATURE (F)   67        58      1899


SUNRISE AND SUNSET
AUGUST 23 2016........SUNRISE   618 AM PDT   SUNSET   724 PM PDT
AUGUST 24 2016........SUNRISE   619 AM PDT   SUNSET   723 PM PDT


-  INDICATES NEGATIVE NUMBERS.
R  INDICATES RECORD WAS SET OR TIED.
MM INDICATES DATA IS MISSING.
T  INDICATES TRACE AMOUNT.




$$
