000
CDUS46 KSGX 211250
CLISAN


CLIMATE REPORT
NATIONAL WEATHER SERVICE SAN DIEGO, CA
450 AM PST TUE NOV 21 2017


...................................

...THE SAN DIEGO INTL AIRPORT CA CLIMATE SUMMARY FOR NOVEMBER 20 2017...

CLIMATE NORMAL PERIOD 1981 TO 2010
CLIMATE RECORD PERIOD 1874 TO 2017


WEATHER ITEM   OBSERVED TIME   RECORD YEAR NORMAL DEPARTURE LAST
                VALUE   (LST)  VALUE       VALUE  FROM      YEAR
                                                  NORMAL
..................................................................
TEMPERATURE (F)
 YESTERDAY
  MAXIMUM         73   1258 PM  86    1914  68      5       67
  MINIMUM         53    653 AM  38    1964  52      1       59
  AVERAGE         63                        60      3       63

PRECIPITATION (IN)
  YESTERDAY        0.00          1.46 1963   0.04  -0.04     0.11
  MONTH TO DATE    T                         0.60  -0.60     0.11
  SINCE OCT 1      T                         1.17  -1.17     0.18
  SINCE JAN 1      7.83                      8.40  -0.57     5.51

DEGREE DAYS
 HEATING
  YESTERDAY        2                         5     -3        2
  MONTH TO DATE   10                        65    -55        5
  SINCE SEP 1     10                        85    -75        5
  SINCE JUL 1     10                        86    -76        5

 COOLING
  YESTERDAY        0                         0      0        0
  MONTH TO DATE   18                        11      7       81
  SINCE SEP 1    456                       250    206      481
  SINCE JAN 1   1159                       718    441     1163
..................................................................


WIND (MPH)
  RESULTANT WIND SPEED   3   RESULTANT WIND DIRECTION  NW (320)
  HIGHEST WIND SPEED    12   HIGHEST WIND DIRECTION    NW (300)
  HIGHEST GUST SPEED    14   HIGHEST GUST DIRECTION    NW (300)
  AVERAGE WIND SPEED     3.2


SKY COVER
  POSSIBLE SUNSHINE  MM
  AVERAGE SKY COVER 0.5


WEATHER CONDITIONS
 THE FOLLOWING WEATHER WAS RECORDED YESTERDAY.
  NO SIGNIFICANT WEATHER WAS OBSERVED.


RELATIVE HUMIDITY (PERCENT)
 HIGHEST    72          1200 AM
 LOWEST     30           900 AM
 AVERAGE    51

..........................................................


THE SAN DIEGO INTL AIRPORT CA CLIMATE NORMALS FOR TODAY
                         NORMAL    RECORD    YEAR
 MAXIMUM TEMPERATURE (F)   68        86      1954
 MINIMUM TEMPERATURE (F)   52        40      1941


SUNRISE AND SUNSET
NOVEMBER 21 2017......SUNRISE   624 AM PST   SUNSET   445 PM PST
NOVEMBER 22 2017......SUNRISE   625 AM PST   SUNSET   444 PM PST


-  INDICATES NEGATIVE NUMBERS.
R  INDICATES RECORD WAS SET OR TIED.
MM INDICATES DATA IS MISSING.
T  INDICATES TRACE AMOUNT.




$$
