000
CDUS44 KEWX 190737
CLISAT


CLIMATE REPORT
NATIONAL WEATHER SERVICE AUSTIN/SAN ANTONIO, TX
133 AM CST SUN NOV 19 2017


...................................

...THE SAN ANTONIO CLIMATE SUMMARY FOR NOVEMBER 18 2017...

CLIMATE NORMAL PERIOD 1981 TO 2010
CLIMATE RECORD PERIOD 1886 TO 2017


WEATHER ITEM   OBSERVED TIME   RECORD YEAR NORMAL DEPARTURE LAST
                VALUE   (LST)  VALUE       VALUE  FROM      YEAR
                                                  NORMAL
..................................................................
TEMPERATURE (F)
 YESTERDAY
  MAXIMUM         88R  1234 PM  88    1986  71     17       81
  MINIMUM         54   1139 PM  22    1886  49      5       54
  AVERAGE         71                        60     11       68

PRECIPITATION (IN)
  YESTERDAY        0.00          2.20 1971   0.07  -0.07      T
  MONTH TO DATE    0.53                      1.52  -0.99     1.79
  SINCE SEP 1      3.79                      8.66  -4.87     8.25
  SINCE JAN 1     23.29                     29.60  -6.31    37.70

SNOWFALL (IN)
  YESTERDAY        0.0
  MONTH TO DATE    0.0
  SINCE SEP 1      0.0
  SINCE JUL 1      0.0
  SNOW DEPTH       0

DEGREE DAYS
 HEATING
  YESTERDAY        0                         6     -6        0
  MONTH TO DATE   28                        79    -51        4
  SINCE SEP 1     74                       112    -38        7
  SINCE JUL 1     74                       112    -38        7

 COOLING
  YESTERDAY        6                         2      4        3
  MONTH TO DATE  138                        50     88       95
  SINCE SEP 1    799                       714     85      909
  SINCE JAN 1   3448                      3105    343     3335
..................................................................


WIND (MPH)
  HIGHEST WIND SPEED    30   HIGHEST WIND DIRECTION     N (340)
  HIGHEST GUST SPEED    37   HIGHEST GUST DIRECTION     N (340)
  AVERAGE WIND SPEED    13.8


SKY COVER
  AVERAGE SKY COVER 0.5


WEATHER CONDITIONS
 THE FOLLOWING WEATHER WAS RECORDED YESTERDAY.
  NO SIGNIFICANT WEATHER WAS OBSERVED.


RELATIVE HUMIDITY (PERCENT)
 HIGHEST    90           200 AM
 LOWEST     26           700 PM
 AVERAGE    58

..........................................................


THE SAN ANTONIO CLIMATE NORMALS FOR TODAY
                         NORMAL    RECORD    YEAR
 MAXIMUM TEMPERATURE (F)   71        86      1950
 MINIMUM TEMPERATURE (F)   49        28      1959


SUNRISE AND SUNSET
NOVEMBER 19 2017......SUNRISE   702 AM CST   SUNSET   537 PM CST
NOVEMBER 20 2017......SUNRISE   702 AM CST   SUNSET   536 PM CST


-  INDICATES NEGATIVE NUMBERS.
R  INDICATES RECORD WAS SET OR TIED.
MM INDICATES DATA IS MISSING.
T  INDICATES TRACE AMOUNT.




$$
