000
CDUS44 KEWX 272254
CLISAT


CLIMATE REPORT
NATIONAL WEATHER SERVICE AUSTIN/SAN ANTONIO, TX
553 PM CDT TUE SEP 27 2016


...................................

...THE SAN ANTONIO CLIMATE SUMMARY FOR SEPTEMBER 27 2016...
VALID TODAY AS OF 553 PM LOCAL TIME.

CLIMATE NORMAL PERIOD 1981 TO 2010
CLIMATE RECORD PERIOD 1886 TO 2016


WEATHER ITEM   OBSERVED TIME   RECORD YEAR NORMAL DEPARTURE LAST
                VALUE   (LST)  VALUE       VALUE  FROM      YEAR
                                                  NORMAL
..................................................................
TEMPERATURE (F)
 TODAY
  MAXIMUM         76    359 PM 102    2005  87    -11       92
  MINIMUM         66    501 AM  41    1942  66      0       66
  AVERAGE         71                        76     -5       79

PRECIPITATION (IN)
  TODAY            0.00          3.54 1896   0.09  -0.09     0.00
  MONTH TO DATE    6.30                      2.73   3.57     2.32
  SINCE SEP 1      6.30                      2.73   3.57     2.32
  SINCE JAN 1     35.75                     23.67  12.08    32.38

SNOWFALL (IN)
  TODAY            0.0
  MONTH TO DATE    0.0
  SINCE SEP 1      0.0
  SINCE JUL 1      0.0
  SNOW DEPTH       0

DEGREE DAYS
 HEATING
  TODAY            0                         0      0        0
  MONTH TO DATE    0                         0      0        0
  SINCE SEP 1      0                         0      0        0
  SINCE JUL 1      0                         0      0        0

 COOLING
  TODAY            6                        12     -6       14
  MONTH TO DATE  483                       410     73      510
  SINCE SEP 1    483                       410     73      510
  SINCE JAN 1   2909                      2801    108     3008
..................................................................


WIND (MPH)
  HIGHEST WIND SPEED    15   HIGHEST WIND DIRECTION     N (20)
  HIGHEST GUST SPEED    18   HIGHEST GUST DIRECTION     N (340)
  AVERAGE WIND SPEED     8.3


SKY COVER
  AVERAGE SKY COVER 1.0


WEATHER CONDITIONS
 THE FOLLOWING WEATHER WAS RECORDED TODAY.
  NO SIGNIFICANT WEATHER WAS OBSERVED.


RELATIVE HUMIDITY (PERCENT)
 HIGHEST    87           600 AM
 LOWEST     64           200 PM
 AVERAGE    76

..........................................................


THE SAN ANTONIO CLIMATE NORMALS FOR TOMORROW
                         NORMAL    RECORD    YEAR
 MAXIMUM TEMPERATURE (F)   87       104      2005
 MINIMUM TEMPERATURE (F)   65        47      1967
                                             1908


SUNRISE AND SUNSET
SEPTEMBER 27 2016.....SUNRISE   725 AM CDT   SUNSET   724 PM CDT
SEPTEMBER 28 2016.....SUNRISE   726 AM CDT   SUNSET   722 PM CDT


-  INDICATES NEGATIVE NUMBERS.
R  INDICATES RECORD WAS SET OR TIED.
MM INDICATES DATA IS MISSING.
T  INDICATES TRACE AMOUNT.




$$
