000
CDUS44 KEWX 060719
CLISAT


CLIMATE REPORT
NATIONAL WEATHER SERVICE AUSTIN/SAN ANTONIO, TX
118 AM CST TUE DEC 6 2016


...................................

...THE SAN ANTONIO CLIMATE SUMMARY FOR DECEMBER 5 2016...

CLIMATE NORMAL PERIOD 1981 TO 2010
CLIMATE RECORD PERIOD 1886 TO 2016


WEATHER ITEM   OBSERVED TIME   RECORD YEAR NORMAL DEPARTURE LAST
                VALUE   (LST)  VALUE       VALUE  FROM      YEAR
                                                  NORMAL
..................................................................
TEMPERATURE (F)
 YESTERDAY
  MAXIMUM         55    557 PM  85    1977  66    -11       66
  MINIMUM         44   1159 PM  17    1886  43      1       38
  AVERAGE         50                        55     -5       52

PRECIPITATION (IN)
  YESTERDAY        0.27          1.19 1969   0.06   0.21     0.00
  MONTH TO DATE    5.79                      0.28   5.51     0.00
  SINCE DEC 1      5.79                      0.28   5.51     0.00
  SINCE JAN 1     43.49                     30.64  12.85    42.74

SNOWFALL (IN)
  YESTERDAY       MM
  MONTH TO DATE    0.0
  SINCE DEC 1      0.0
  SINCE JUL 1      0.0
  SNOW DEPTH       0

DEGREE DAYS
 HEATING
  YESTERDAY       15                        11      4       13
  MONTH TO DATE   60                        53      7       57
  SINCE DEC 1     60                        53      7       57
  SINCE JUL 1    118                       264   -146      186

 COOLING
  YESTERDAY        0                         1     -1        0
  MONTH TO DATE    0                         5     -5        0
  SINCE DEC 1      0                         5     -5        0
  SINCE JAN 1   3346                      3122    224     3476
..................................................................


WIND (MPH)
  HIGHEST WIND SPEED    18   HIGHEST WIND DIRECTION     N (10)
  HIGHEST GUST SPEED    24   HIGHEST GUST DIRECTION     N (360)
  AVERAGE WIND SPEED     6.7


SKY COVER
  AVERAGE SKY COVER 0.9


WEATHER CONDITIONS
 THE FOLLOWING WEATHER WAS RECORDED YESTERDAY.
  RAIN
  LIGHT RAIN
  FOG


RELATIVE HUMIDITY (PERCENT)
 HIGHEST    93          1200 AM
 LOWEST     77           400 PM
 AVERAGE    85

..........................................................


THE SAN ANTONIO CLIMATE NORMALS FOR TODAY
                         NORMAL    RECORD    YEAR
 MAXIMUM TEMPERATURE (F)   66        83      1951
                                             1939
 MINIMUM TEMPERATURE (F)   43        20      1950


SUNRISE AND SUNSET
DECEMBER  6 2016......SUNRISE   715 AM CST   SUNSET   535 PM CST
DECEMBER  7 2016......SUNRISE   716 AM CST   SUNSET   535 PM CST


-  INDICATES NEGATIVE NUMBERS.
R  INDICATES RECORD WAS SET OR TIED.
MM INDICATES DATA IS MISSING.
T  INDICATES TRACE AMOUNT.




$$
