000
CDUS44 KEWX 142355
CLISAT


CLIMATE REPORT
NATIONAL WEATHER SERVICE AUSTIN/SAN ANTONIO, TX
555 PM CST SUN FEB 14 2016


...................................

...THE SAN ANTONIO CLIMATE SUMMARY FOR FEBRUARY 14 2016...
VALID TODAY AS OF 555 PM LOCAL TIME.

CLIMATE NORMAL PERIOD 1981 TO 2010
CLIMATE RECORD PERIOD 1886 TO 2016


WEATHER ITEM   OBSERVED TIME   RECORD YEAR NORMAL DEPARTURE LAST
                VALUE   (LST)  VALUE       VALUE  FROM      YEAR
                                                  NORMAL
..................................................................
TEMPERATURE (F)
 TODAY
  MAXIMUM         74    339 PM  92    2014  67      7       74
  MINIMUM         54    504 AM  20    1905  44     10       48
  AVERAGE         64                        55      9       61

PRECIPITATION (IN)
  TODAY            0.00          1.03 1951   0.06  -0.06     0.00
  MONTH TO DATE    0.00                      0.89  -0.89     0.30
  SINCE DEC 1      2.86                      4.56  -1.70     5.21
  SINCE JAN 1      1.38                      2.65  -1.27     3.97

SNOWFALL (IN)
  TODAY            0.0
  MONTH TO DATE    0.0
  SINCE DEC 1      0.0
  SINCE JUL 1      0.0
  SNOW DEPTH       0

DEGREE DAYS
 HEATING
  TODAY            1                        10     -9        4
  MONTH TO DATE  127                       159    -32      124
  SINCE DEC 1    760                       966   -206      855
  SINCE JUL 1    889                      1177   -288     1102

 COOLING
  TODAY            0                         1     -1        0
  MONTH TO DATE    0                        10    -10        2
  SINCE DEC 1     28                        31     -3        9
  SINCE JAN 1      3                        17    -14        2
..................................................................


WIND (MPH)
  HIGHEST WIND SPEED    18   HIGHEST WIND DIRECTION     S (180)
  HIGHEST GUST SPEED    25   HIGHEST GUST DIRECTION    SW (210)
  AVERAGE WIND SPEED     9.3


SKY COVER
  AVERAGE SKY COVER 0.8


WEATHER CONDITIONS
 THE FOLLOWING WEATHER WAS RECORDED TODAY.
  FOG


RELATIVE HUMIDITY (PERCENT)
 HIGHEST   100           700 AM
 LOWEST     49           400 PM
 AVERAGE    75

..........................................................


THE SAN ANTONIO CLIMATE NORMALS FOR TOMORROW
                         NORMAL    RECORD    YEAR
 MAXIMUM TEMPERATURE (F)   67        85      1990
 MINIMUM TEMPERATURE (F)   44        21      1909
                                             1895


SUNRISE AND SUNSET
FEBRUARY 14 2016......SUNRISE   714 AM CST   SUNSET   622 PM CST
FEBRUARY 15 2016......SUNRISE   714 AM CST   SUNSET   623 PM CST


-  INDICATES NEGATIVE NUMBERS.
R  INDICATES RECORD WAS SET OR TIED.
MM INDICATES DATA IS MISSING.
T  INDICATES TRACE AMOUNT.




$$
