000
CDUS44 KEWX 252247
CLISAT


CLIMATE REPORT
NATIONAL WEATHER SERVICE AUSTIN/SAN ANTONIO, TX
547 PM CDT WED MAY 25 2016


...................................

...THE SAN ANTONIO CLIMATE SUMMARY FOR MAY 25 2016...
VALID TODAY AS OF 0547 PM LOCAL TIME.

CLIMATE NORMAL PERIOD 1981 TO 2010
CLIMATE RECORD PERIOD 1886 TO 2016


WEATHER ITEM   OBSERVED TIME   RECORD YEAR NORMAL DEPARTURE LAST
                VALUE   (LST)  VALUE       VALUE  FROM      YEAR
                                                  NORMAL
..................................................................
TEMPERATURE (F)
 TODAY
  MAXIMUM         88    423 PM 103    1989  89     -1       88
  MINIMUM         76    156 AM  58    1967  69      7       72
                                      1947
  AVERAGE         82                        79      3       80

PRECIPITATION (IN)
  TODAY            T             9.87 2013   0.14  -0.14     0.01
  MONTH TO DATE    4.89                      3.11   1.78     7.05
  SINCE MAR 1     14.64                      7.52   7.12    17.56
  SINCE JAN 1     17.57                     11.07   6.50    21.76

SNOWFALL (IN)
  TODAY            0.0
  MONTH TO DATE    0.0
  SINCE MAR 1      T
  SINCE JUL 1      T
  SNOW DEPTH       0

DEGREE DAYS
 HEATING
  TODAY            0                         0      0        0
  MONTH TO DATE    1                         0      1        0
  SINCE MAR 1     89                       193   -104      179
  SINCE JUL 1   1038                      1494   -456     1494

 COOLING
  TODAY           17                        14      3       15
  MONTH TO DATE  235                       282    -47      279
  SINCE MAR 1    509                       515     -6      550
  SINCE JAN 1    538                       541     -3      563
..................................................................


WIND (MPH)
  HIGHEST WIND SPEED    21   HIGHEST WIND DIRECTION    SE (130)
  HIGHEST GUST SPEED    26   HIGHEST GUST DIRECTION    SE (140)
  AVERAGE WIND SPEED    12.3


SKY COVER
  AVERAGE SKY COVER 1.0


WEATHER CONDITIONS
 THE FOLLOWING WEATHER WAS RECORDED TODAY.
  LIGHT RAIN
  FOG
  HAZE


RELATIVE HUMIDITY (PERCENT)
 HIGHEST    94           200 AM
 LOWEST     68           400 PM
 AVERAGE    81

..........................................................


THE SAN ANTONIO CLIMATE NORMALS FOR TOMORROW
                         NORMAL    RECORD    YEAR
 MAXIMUM TEMPERATURE (F)   89       100      1989
 MINIMUM TEMPERATURE (F)   69        54      1947


SUNRISE AND SUNSET
MAY 25 2016...........SUNRISE   636 AM CDT   SUNSET   826 PM CDT
MAY 26 2016...........SUNRISE   636 AM CDT   SUNSET   826 PM CDT


-  INDICATES NEGATIVE NUMBERS.
R  INDICATES RECORD WAS SET OR TIED.
MM INDICATES DATA IS MISSING.
T  INDICATES TRACE AMOUNT.




$$
