000
CDUS44 KEWX 242255
CLISAT


CLIMATE REPORT
NATIONAL WEATHER SERVICE AUSTIN/SAN ANTONIO, TX
554 PM CDT MON JUL 24 2017


...................................

...THE SAN ANTONIO CLIMATE SUMMARY FOR JULY 24 2017...
VALID TODAY AS OF 0540 PM LOCAL TIME.

CLIMATE NORMAL PERIOD 1981 TO 2010
CLIMATE RECORD PERIOD 1886 TO 2017


WEATHER ITEM   OBSERVED TIME   RECORD YEAR NORMAL DEPARTURE LAST
                VALUE   (LST)  VALUE       VALUE  FROM      YEAR
                                                  NORMAL
..................................................................
TEMPERATURE (F)
 TODAY
  MAXIMUM        100    359 PM 104    1934  95      5       99
  MINIMUM         78    641 AM  65    1942  75      3       78
  AVERAGE         89                        85      4       89

PRECIPITATION (IN)
  TODAY            0.00          1.36 1935   0.05  -0.05     0.00
  MONTH TO DATE    0.15                      2.33  -2.18     0.01
  SINCE JUN 1      0.55                      6.47  -5.92     2.40
  SINCE JAN 1     13.62                     18.44  -4.82    24.22

SNOWFALL (IN)
  TODAY            0.0
  MONTH TO DATE    0.0
  SINCE JUN 1      0.0
  SINCE JUL 1      0.0
  SNOW DEPTH       0

DEGREE DAYS
 HEATING
  TODAY            0                         0      0        0
  MONTH TO DATE    0                         0      0        0
  SINCE JUN 1      0                         0      0        0
  SINCE JUL 1      0                         0      0        0

 COOLING
  TODAY           24                        20      4       24
  MONTH TO DATE  535                       466     69      553
  SINCE JUN 1   1092                       989    103     1072
  SINCE JAN 1   1864                      1618    246     1697
..................................................................


WIND (MPH)
  HIGHEST WIND SPEED    16   HIGHEST WIND DIRECTION     S (160)
  HIGHEST GUST SPEED    21   HIGHEST GUST DIRECTION     S (180)
  AVERAGE WIND SPEED     9.0


SKY COVER
  AVERAGE SKY COVER 0.5


WEATHER CONDITIONS
 THE FOLLOWING WEATHER WAS RECORDED TODAY.
  NO SIGNIFICANT WEATHER WAS OBSERVED.


RELATIVE HUMIDITY (PERCENT)
 HIGHEST    85           500 AM
 LOWEST     26           400 PM
 AVERAGE    56

..........................................................


THE SAN ANTONIO CLIMATE NORMALS FOR TOMORROW
                         NORMAL    RECORD    YEAR
 MAXIMUM TEMPERATURE (F)   95       104      1994
                                             1954
 MINIMUM TEMPERATURE (F)   75        64      1911


SUNRISE AND SUNSET
JULY 24 2017..........SUNRISE   649 AM CDT   SUNSET   831 PM CDT
JULY 25 2017..........SUNRISE   650 AM CDT   SUNSET   831 PM CDT


-  INDICATES NEGATIVE NUMBERS.
R  INDICATES RECORD WAS SET OR TIED.
MM INDICATES DATA IS MISSING.
T  INDICATES TRACE AMOUNT.




$$
