000
CDUS44 KEWX 220710
CLISAT


CLIMATE REPORT
NATIONAL WEATHER SERVICE AUSTIN/SAN ANTONIO, TX
200 AM CDT FRI AUG 22 2014


...................................

...THE SAN ANTONIO CLIMATE SUMMARY FOR AUGUST 21 2014...

CLIMATE NORMAL PERIOD 1981 TO 2010
CLIMATE RECORD PERIOD 1886 TO 2014


WEATHER ITEM   OBSERVED TIME   RECORD YEAR NORMAL DEPARTURE LAST
                VALUE   (LST)  VALUE       VALUE  FROM      YEAR
                                                  NORMAL
..................................................................
TEMPERATURE (F)
 YESTERDAY
  MAXIMUM        102    415 PM 104    1999  96      6       98
  MINIMUM         81    719 AM  64    1940  75      6       75
  AVERAGE         92                        85      7       87

PRECIPITATION (IN)
  YESTERDAY        0.00          1.09 1919   0.07  -0.07     0.00
  MONTH TO DATE    0.08                      1.15  -1.07     0.65
  SINCE JUN 1      8.71                      8.03   0.68     3.40
  SINCE JAN 1     16.07                     20.00  -3.93    23.24

SNOWFALL (IN)
  YESTERDAY        0.0
  MONTH TO DATE    0.0
  SINCE JUN 1      0.0
  SINCE JUL 1      0.0
  SNOW DEPTH       0

DEGREE DAYS
 HEATING
  YESTERDAY        0                         0      0        0
  MONTH TO DATE    0                         0      0        0
  SINCE JUN 1      0                         0      0        0
  SINCE JUL 1      0                         0      0        0

 COOLING
  YESTERDAY       27                        20      7       22
  MONTH TO DATE  484                       439     45      509
  SINCE JUN 1   1659                      1570     89     1746
  SINCE JAN 1   2363                      2199    164     2363
..................................................................


WIND (MPH)
  HIGHEST WIND SPEED    26   HIGHEST WIND DIRECTION    SE (140)
  HIGHEST GUST SPEED    32   HIGHEST GUST DIRECTION    SE (140)
  AVERAGE WIND SPEED    16.5


SKY COVER
  AVERAGE SKY COVER 0.4


WEATHER CONDITIONS
 THE FOLLOWING WEATHER WAS RECORDED YESTERDAY.
  NO SIGNIFICANT WEATHER WAS OBSERVED.


RELATIVE HUMIDITY (PERCENT)
 HIGHEST    79           200 AM
 LOWEST     27           400 PM
 AVERAGE    53

..........................................................


THE SAN ANTONIO CLIMATE NORMALS FOR TODAY
                         NORMAL    RECORD    YEAR
 MAXIMUM TEMPERATURE (F)   96       103      1948
 MINIMUM TEMPERATURE (F)   75        63      1946


SUNRISE AND SUNSET
AUGUST 22 2014........SUNRISE   706 AM CDT   SUNSET   807 PM CDT
AUGUST 23 2014........SUNRISE   706 AM CDT   SUNSET   806 PM CDT


-  INDICATES NEGATIVE NUMBERS.
R  INDICATES RECORD WAS SET OR TIED.
MM INDICATES DATA IS MISSING.
T  INDICATES TRACE AMOUNT.




$$
