000
CDUS44 KEWX 010003
CLISAT


CLIMATE REPORT
NATIONAL WEATHER SERVICE AUSTIN/SAN ANTONIO, TX
550 PM CST SAT FEB 28 2015


...................................

...THE SAN ANTONIO CLIMATE SUMMARY FOR FEBRUARY 28 2015...
VALID TODAY AS OF 550 PM LOCAL TIME.

CLIMATE NORMAL PERIOD 1981 TO 2010
CLIMATE RECORD PERIOD 1886 TO 2015


WEATHER ITEM   OBSERVED TIME   RECORD YEAR NORMAL DEPARTURE LAST
                VALUE   (LST)  VALUE       VALUE  FROM      YEAR
                                                  NORMAL
..................................................................
TEMPERATURE (F)
 TODAY
  MAXIMUM         38    359 PM  94    1940  70    -32       77
  MINIMUM         34    706 AM  24    1890  47    -13       47
  AVERAGE         36                        58    -22       62

PRECIPITATION (IN)
  TODAY            0.08          2.60 1895   0.07   0.01      T
  MONTH TO DATE    0.49                      1.79  -1.30     0.42
  SINCE DEC 1      5.40                      5.46  -0.06     1.20
  SINCE JAN 1      4.16                      3.55   0.61     0.65

SNOWFALL (IN)
  TODAY           MM
  MONTH TO DATE    T
  SINCE DEC 1      T
  SINCE JUL 1      T
  SNOW DEPTH       0

DEGREE DAYS
 HEATING
  TODAY           29                         8     21        3
  MONTH TO DATE  338                       283     55      266
  SINCE DEC 1   1069                      1090    -21     1106
  SINCE JUL 1   1316                      1301     15     1334

 COOLING
  TODAY            0                         1     -1        0
  MONTH TO DATE   13                        19     -6       62
  SINCE DEC 1     20                        40    -20       83
  SINCE JAN 1     13                        26    -13       65
..................................................................


WIND (MPH)
  HIGHEST WIND SPEED    14   HIGHEST WIND DIRECTION     N (10)
  HIGHEST GUST SPEED    19   HIGHEST GUST DIRECTION    NE (60)
  AVERAGE WIND SPEED     9.2


SKY COVER
  AVERAGE SKY COVER 1.0


WEATHER CONDITIONS
 THE FOLLOWING WEATHER WAS RECORDED TODAY.
  LIGHT RAIN
  FOG


RELATIVE HUMIDITY (PERCENT)
 HIGHEST    96           700 AM
 LOWEST     82           300 AM
 AVERAGE    89

..........................................................


THE SAN ANTONIO CLIMATE NORMALS FOR TOMORROW
                         NORMAL    RECORD    YEAR
 MAXIMUM TEMPERATURE (F)   70        89      1899
 MINIMUM TEMPERATURE (F)   47        21      1890


SUNRISE AND SUNSET
FEBRUARY 28 2015......SUNRISE   701 AM CST   SUNSET   632 PM CST
MARCH  1 2015.........SUNRISE   700 AM CST   SUNSET   633 PM CST


-  INDICATES NEGATIVE NUMBERS.
R  INDICATES RECORD WAS SET OR TIED.
MM INDICATES DATA IS MISSING.
T  INDICATES TRACE AMOUNT.




$$
