000
CDUS42 KCHS 200535
CLISAV

CLIMATE REPORT
NATIONAL WEATHER SERVICE CHARLESTON SC
131 AM EDT SUN APR 20 2014

...................................

...THE SAVANNAH GA CLIMATE SUMMARY FOR APRIL 19 2014...

CLIMATE NORMAL PERIOD 1981 TO 2010
CLIMATE RECORD PERIOD 1871 TO 2014


WEATHER ITEM   OBSERVED TIME   RECORD YEAR NORMAL DEPARTURE LAST
                VALUE   (LST)  VALUE       VALUE  FROM      YEAR
                                                  NORMAL
..................................................................
TEMPERATURE (F)
 YESTERDAY
  MAXIMUM         64    244 PM  92    1968  78    -14       87
  MINIMUM         54   1159 PM  35    1983  54      0       57
  AVERAGE         59                        66     -7       72

PRECIPITATION (IN)
  YESTERDAY        0.09          3.40 1991   0.10  -0.01     1.04
  MONTH TO DATE    5.30                      2.04   3.26     3.09
  SINCE MAR 1      7.95                      5.77   2.18     5.11
  SINCE JAN 1     12.06                     12.25  -0.19    15.41

SNOWFALL (IN)
  YESTERDAY        0.0                       0.0    0.0
  SINCE MAR 1      0.0                       T      0.0
  SINCE JUL 1      0.0                       0.3   -0.3

DEGREE DAYS
 HEATING
  YESTERDAY        6                         2      4        0
  MONTH TO DATE   35                        60    -25       34
  SINCE MAR 1    299                       270     29      380
  SINCE JUL 1   1680                      1787   -107     1602

 COOLING
  YESTERDAY        0                         3     -3        7
  MONTH TO DATE   54                        48      6       70
  SINCE MAR 1     66                        80    -14       76
  SINCE JAN 1     84                        90     -6      104
..................................................................


WIND (MPH)
  HIGHEST WIND SPEED    20   HIGHEST WIND DIRECTION     N (10)
  HIGHEST GUST SPEED    26   HIGHEST GUST DIRECTION     N (10)
  AVERAGE WIND SPEED     9.7


SKY COVER
  POSSIBLE SUNSHINE  MM
  AVERAGE SKY COVER 1.0


WEATHER CONDITIONS
 THE FOLLOWING WEATHER WAS RECORDED YESTERDAY.
  RAIN
  LIGHT RAIN
  FOG


RELATIVE HUMIDITY (PERCENT)
 HIGHEST    93           400 AM
 LOWEST     84           500 PM
 AVERAGE    89

..........................................................


THE SAVANNAH GA CLIMATE NORMALS FOR TODAY
                         NORMAL    RECORD    YEAR
 MAXIMUM TEMPERATURE (F)   79        94      1925
 MINIMUM TEMPERATURE (F)   55        34      1983


SUNRISE AND SUNSET
APRIL 20 2014.........SUNRISE   650 AM EDT   SUNSET   758 PM EDT
APRIL 21 2014.........SUNRISE   649 AM EDT   SUNSET   758 PM EDT


-  INDICATES NEGATIVE NUMBERS.
R  INDICATES RECORD WAS SET OR TIED.
MM INDICATES DATA IS MISSING.
T  INDICATES TRACE AMOUNT.

$$
