000
CDUS42 KCHS 290604
CLISAV


CLIMATE REPORT
NATIONAL WEATHER SERVICE CHARLESTON SC
204 AM EDT FRI JUL 29 2016


...................................

...THE SAVANNAH GA CLIMATE SUMMARY FOR JULY 28 2016...

CLIMATE NORMAL PERIOD 1981 TO 2010
CLIMATE RECORD PERIOD 1871 TO 2016


WEATHER ITEM   OBSERVED TIME   RECORD YEAR NORMAL DEPARTURE LAST
                VALUE   (LST)  VALUE       VALUE  FROM      YEAR
                                                  NORMAL
..................................................................
TEMPERATURE (F)
 YESTERDAY
  MAXIMUM         99    511 PM 102    1949  92      7       92
  MINIMUM         77    614 AM  64    1920  73      4       76
  AVERAGE         88                        83      5       84

PRECIPITATION (IN)
  YESTERDAY        0.00          5.32 1926   0.20  -0.20     0.00
  MONTH TO DATE    1.21                      4.97  -3.76     5.29
  SINCE JUN 1      8.17                     10.92  -2.75    10.92
  SINCE JAN 1     30.84                     27.18   3.66    28.25

DEGREE DAYS
 HEATING
  YESTERDAY        0                         0      0        0
  MONTH TO DATE    0                         0      0        0
  SINCE JUN 1      0                         0      0        0
  SINCE JUL 1      0                         0      0        0

 COOLING
  YESTERDAY       23                        18      5       19
  MONTH TO DATE  591                       496     95      528
  SINCE JUN 1   1107                       942    165     1034
  SINCE JAN 1   1635                      1345    290     1569
..................................................................


WIND (MPH)
  HIGHEST WIND SPEED    18   HIGHEST WIND DIRECTION     W (260)
  HIGHEST GUST SPEED    24   HIGHEST GUST DIRECTION     W (270)
  AVERAGE WIND SPEED     8.5


SKY COVER
  POSSIBLE SUNSHINE  MM
  AVERAGE SKY COVER 0.2


WEATHER CONDITIONS
 THE FOLLOWING WEATHER WAS RECORDED YESTERDAY.
  NO SIGNIFICANT WEATHER WAS OBSERVED.


RELATIVE HUMIDITY (PERCENT)
 HIGHEST    79           400 AM
 LOWEST     33           400 PM
 AVERAGE    56

..........................................................


THE SAVANNAH GA CLIMATE NORMALS FOR TODAY
                         NORMAL    RECORD    YEAR
 MAXIMUM TEMPERATURE (F)   92       103      1993
 MINIMUM TEMPERATURE (F)   73        64      1920


SUNRISE AND SUNSET
JULY 29 2016..........SUNRISE   638 AM EDT   SUNSET   824 PM EDT
JULY 30 2016..........SUNRISE   639 AM EDT   SUNSET   823 PM EDT


-  INDICATES NEGATIVE NUMBERS.
R  INDICATES RECORD WAS SET OR TIED.
MM INDICATES DATA IS MISSING.
T  INDICATES TRACE AMOUNT.




$$
