000
CDUS42 KCHS 270603
CLISAV


CLIMATE REPORT
NATIONAL WEATHER SERVICE CHARLESTON SC
203 AM EDT SAT AUG 27 2016


...................................

...THE SAVANNAH GA CLIMATE SUMMARY FOR AUGUST 26 2016...

CLIMATE NORMAL PERIOD 1981 TO 2010
CLIMATE RECORD PERIOD 1871 TO 2016


WEATHER ITEM   OBSERVED TIME   RECORD YEAR NORMAL DEPARTURE LAST
                VALUE   (LST)  VALUE       VALUE  FROM      YEAR
                                                  NORMAL
..................................................................
TEMPERATURE (F)
 YESTERDAY
  MAXIMUM         93    102 PM  99    1938  90      3       93
                                      1936
  MINIMUM         71   1159 PM  63    1997  72     -1       71
                                      1952
                                      1942
  AVERAGE         82                        81      1       82

PRECIPITATION (IN)
  YESTERDAY        0.00          3.57 1995   0.22  -0.22     0.00
  MONTH TO DATE    3.00                      5.57  -2.57     5.91
  SINCE JUN 1     11.17                     17.12  -5.95    16.90
  SINCE JAN 1     33.84                     33.38   0.46    34.23

DEGREE DAYS
 HEATING
  YESTERDAY        0                         0      0        0
  MONTH TO DATE    0                         0      0        0
  SINCE JUN 1      0                         0      0        0
  SINCE JUL 1      0                         0      0        0

 COOLING
  YESTERDAY       17                        16      1       17
  MONTH TO DATE  516                       434     82      453
  SINCE JUN 1   1693                      1426    267     1545
  SINCE JAN 1   2221                      1829    392     2080
..................................................................


WIND (MPH)
  HIGHEST WIND SPEED    18   HIGHEST WIND DIRECTION     E (110)
  HIGHEST GUST SPEED    25   HIGHEST GUST DIRECTION    NE (50)
  AVERAGE WIND SPEED     7.6


SKY COVER
  POSSIBLE SUNSHINE  MM
  AVERAGE SKY COVER 0.2


WEATHER CONDITIONS
 THE FOLLOWING WEATHER WAS RECORDED YESTERDAY.
  NO SIGNIFICANT WEATHER WAS OBSERVED.


RELATIVE HUMIDITY (PERCENT)
 HIGHEST    93           300 AM
 LOWEST     49           100 PM
 AVERAGE    71

..........................................................


THE SAVANNAH GA CLIMATE NORMALS FOR TODAY
                         NORMAL    RECORD    YEAR
 MAXIMUM TEMPERATURE (F)   90       102      1938
 MINIMUM TEMPERATURE (F)   72        61      1966


SUNRISE AND SUNSET
AUGUST 27 2016........SUNRISE   657 AM EDT   SUNSET   755 PM EDT
AUGUST 28 2016........SUNRISE   658 AM EDT   SUNSET   753 PM EDT


-  INDICATES NEGATIVE NUMBERS.
R  INDICATES RECORD WAS SET OR TIED.
MM INDICATES DATA IS MISSING.
T  INDICATES TRACE AMOUNT.




$$
