000
CDUS42 KCHS 230526
CLISAV


CLIMATE REPORT
NATIONAL WEATHER SERVICE CHARLESTON SC
126 AM EDT WED JUL 23 2014


...................................

...THE SAVANNAH GA CLIMATE SUMMARY FOR JULY 22 2014...

CLIMATE NORMAL PERIOD 1981 TO 2010
CLIMATE RECORD PERIOD 1871 TO 2014


WEATHER ITEM   OBSERVED TIME   RECORD YEAR NORMAL DEPARTURE LAST
                VALUE   (LST)  VALUE       VALUE  FROM      YEAR
                                                  NORMAL
..................................................................
TEMPERATURE (F)
 YESTERDAY
  MAXIMUM         92    332 PM 103    1977  93     -1       91
  MINIMUM         72    256 AM  62    1929  73     -1       74
  AVERAGE         82                        83     -1       83

PRECIPITATION (IN)
  YESTERDAY        0.00          2.27 1964   0.18  -0.18     0.01
  MONTH TO DATE    1.89                      3.79  -1.90     7.60
  SINCE JUN 1     13.53                      9.74   3.79    15.88
  SINCE JAN 1     29.32                     26.00   3.32    35.42

DEGREE DAYS
 HEATING
  YESTERDAY        0                         0      0        0
  MONTH TO DATE    0                         0      0        0
  SINCE JUN 1      0                         0      0        0
  SINCE JUL 1      0                         0      0        0

 COOLING
  YESTERDAY       17                        18     -1       18
  MONTH TO DATE  385                       388     -3      355
  SINCE JUN 1    876                       834     42      823
  SINCE JAN 1   1365                      1237    128     1181
..................................................................


WIND (MPH)
  HIGHEST WIND SPEED    14   HIGHEST WIND DIRECTION     E (100)
  HIGHEST GUST SPEED    17   HIGHEST GUST DIRECTION     E (100)
  AVERAGE WIND SPEED     4.0


SKY COVER
  POSSIBLE SUNSHINE  MM
  AVERAGE SKY COVER 0.6


WEATHER CONDITIONS
 THE FOLLOWING WEATHER WAS RECORDED YESTERDAY.
  FOG


RELATIVE HUMIDITY (PERCENT)
 HIGHEST    93           100 AM
 LOWEST     55           300 PM
 AVERAGE    74

..........................................................


THE SAVANNAH GA CLIMATE NORMALS FOR TODAY
                         NORMAL    RECORD    YEAR
 MAXIMUM TEMPERATURE (F)   93       103      1952
 MINIMUM TEMPERATURE (F)   73        61      1966


SUNRISE AND SUNSET
JULY 23 2014..........SUNRISE   634 AM EDT   SUNSET   828 PM EDT
JULY 24 2014..........SUNRISE   635 AM EDT   SUNSET   828 PM EDT


-  INDICATES NEGATIVE NUMBERS.
R  INDICATES RECORD WAS SET OR TIED.
MM INDICATES DATA IS MISSING.
T  INDICATES TRACE AMOUNT.




$$
