000
CDUS42 KCHS 220601
CLISAV


CLIMATE REPORT
NATIONAL WEATHER SERVICE CHARLESTON SC
201 AM EDT MON MAY 22 2017


...................................

...THE SAVANNAH GA CLIMATE SUMMARY FOR MAY 21 2017...

CLIMATE NORMAL PERIOD 1981 TO 2010
CLIMATE RECORD PERIOD 1871 TO 2017


WEATHER ITEM   OBSERVED TIME   RECORD YEAR NORMAL DEPARTURE LAST
                VALUE   (LST)  VALUE       VALUE  FROM      YEAR
                                                  NORMAL
..................................................................
TEMPERATURE (F)
 YESTERDAY
  MAXIMUM         87    148 PM  98    1962  86      1       86
                                      1938
  MINIMUM         74   1159 PM  46    2002  64     10       69
  AVERAGE         81                        75      6       78

PRECIPITATION (IN)
  YESTERDAY        0.37          1.80 1991   0.10   0.27     0.21
  MONTH TO DATE    3.05                      1.79   1.26     7.30
  SINCE MAR 1      6.43                      8.59  -2.16    14.57
  SINCE JAN 1     15.26                     15.07   0.19    20.98

DEGREE DAYS
 HEATING
  YESTERDAY        0                         0      0        0
  MONTH TO DATE    1                         6     -5        4
  SINCE MAR 1    213                       292    -79      146
  SINCE JUL 1   1023                      1809   -786     1215

 COOLING
  YESTERDAY       16                        10      6       13
  MONTH TO DATE  202                       156     46      195
  SINCE MAR 1    484                       282    202      410
  SINCE JAN 1    542                       292    250      431
..................................................................


WIND (MPH)
  HIGHEST WIND SPEED    23   HIGHEST WIND DIRECTION     S (170)
  HIGHEST GUST SPEED    29   HIGHEST GUST DIRECTION     S (170)
  AVERAGE WIND SPEED     8.3


SKY COVER
  POSSIBLE SUNSHINE  MM
  AVERAGE SKY COVER 0.6


WEATHER CONDITIONS
 THE FOLLOWING WEATHER WAS RECORDED YESTERDAY.
  THUNDERSTORM
  HEAVY RAIN
  RAIN
  LIGHT RAIN
  FOG
  HAZE


RELATIVE HUMIDITY (PERCENT)
 HIGHEST    87           100 AM
 LOWEST     61           900 AM
 AVERAGE    74

..........................................................


THE SAVANNAH GA CLIMATE NORMALS FOR TODAY
                         NORMAL    RECORD    YEAR
 MAXIMUM TEMPERATURE (F)   86        99      1938
 MINIMUM TEMPERATURE (F)   64        49      1981


SUNRISE AND SUNSET
MAY 22 2017...........SUNRISE   623 AM EDT   SUNSET   820 PM EDT
MAY 23 2017...........SUNRISE   622 AM EDT   SUNSET   821 PM EDT


-  INDICATES NEGATIVE NUMBERS.
R  INDICATES RECORD WAS SET OR TIED.
MM INDICATES DATA IS MISSING.
T  INDICATES TRACE AMOUNT.




$$
