000
CDUS42 KCHS 200541
CLISAV


CLIMATE REPORT
NATIONAL WEATHER SERVICE CHARLESTON SC
141 AM EDT MON OCT 20 2014


...................................

...THE SAVANNAH GA CLIMATE SUMMARY FOR OCTOBER 19 2014...

CLIMATE NORMAL PERIOD 1981 TO 2010
CLIMATE RECORD PERIOD 1871 TO 2014


WEATHER ITEM   OBSERVED TIME   RECORD YEAR NORMAL DEPARTURE LAST
                VALUE   (LST)  VALUE       VALUE  FROM      YEAR
                                                  NORMAL
..................................................................
TEMPERATURE (F)
 YESTERDAY
  MAXIMUM         75        MM  88    1972  78     -3       84
  MINIMUM         53        MM  40    2009  56     -3       66
  AVERAGE         64                        67     -3       75

PRECIPITATION (IN)
  YESTERDAY        0.00          7.85 1944   0.11  -0.11     0.11
  MONTH TO DATE    1.32                      2.61  -1.29     0.20
  SINCE SEP 1      6.44                      7.19  -0.75     1.98
  SINCE JAN 1     41.50                     41.56  -0.06    49.15

SNOWFALL (IN)
  YESTERDAY        0.0                       0.0    0.0
  SINCE SEP 1      0.0                       0.0    0.0
  SINCE JUL 1      0.0                       0.0    0.0

DEGREE DAYS
 HEATING
  YESTERDAY        1                         2     -1        0
  MONTH TO DATE    6                        22    -16        0
  SINCE SEP 1      7                        24    -17        0
  SINCE JUL 1      7                        24    -17        0

 COOLING
  YESTERDAY        0                         4     -4       10
  MONTH TO DATE  141                       112     29      156
  SINCE SEP 1    550                       471     79      541
  SINCE JAN 1   2663                      2378    285     2390
..................................................................


WIND (MPH)
  HIGHEST WIND SPEED    13   HIGHEST WIND DIRECTION    NE (40)
  HIGHEST GUST SPEED    18   HIGHEST GUST DIRECTION    NE (40)
  AVERAGE WIND SPEED     5.7


SKY COVER
  POSSIBLE SUNSHINE  MM
  AVERAGE SKY COVER 0.5


WEATHER CONDITIONS
 THE FOLLOWING WEATHER WAS RECORDED YESTERDAY.
  NO SIGNIFICANT WEATHER WAS OBSERVED.


RELATIVE HUMIDITY (PERCENT)
 HIGHEST    86          1000 PM
 LOWEST     38           100 PM
 AVERAGE    62

..........................................................


THE SAVANNAH GA CLIMATE NORMALS FOR TODAY
                         NORMAL    RECORD    YEAR
 MAXIMUM TEMPERATURE (F)   77        88      1969
                                             1946
 MINIMUM TEMPERATURE (F)   56        37      1996


SUNRISE AND SUNSET
OCTOBER 20 2014.......SUNRISE   732 AM EDT   SUNSET   647 PM EDT
OCTOBER 21 2014.......SUNRISE   733 AM EDT   SUNSET   646 PM EDT


-  INDICATES NEGATIVE NUMBERS.
R  INDICATES RECORD WAS SET OR TIED.
MM INDICATES DATA IS MISSING.
T  INDICATES TRACE AMOUNT.




$$
