000
CDUS46 KLOX 250906
CLISBA


CLIMATE REPORT
NATIONAL WEATHER SERVICE LOS ANGELES/OXNARD CA
106 AM PST SAT NOV 25 2017


...................................

...THE SANTA BARBARA AIRPORT CA CLIMATE SUMMARY FOR NOVEMBER 24 2017...

CLIMATE NORMAL PERIOD 1981 TO 2010
CLIMATE RECORD PERIOD 1940 TO 2017


WEATHER ITEM   OBSERVED TIME   RECORD YEAR NORMAL DEPARTURE LAST
                VALUE   (LST)  VALUE       VALUE  FROM      YEAR
                                                  NORMAL
..................................................................
TEMPERATURE (F)
 YESTERDAY
  MAXIMUM         74    937 AM  82    1979  67      7       71
  MINIMUM         46    632 AM  31    1941  43      3       38
  AVERAGE         60                        55      5       55

PRECIPITATION (IN)
  YESTERDAY        0.00          1.66 2001   0.05  -0.05     0.00
  MONTH TO DATE    0.07                      1.24  -1.17     0.48
  SINCE OCT 1      0.07                      2.05  -1.98     1.21
  SINCE JAN 1     19.76                     14.51   5.25    10.55

SNOWFALL (IN)
  YESTERDAY        0.0
  MONTH TO DATE    0.0
  SINCE SEP 1      0.0
  SINCE JUL 1      0.0

DEGREE DAYS
 HEATING
  YESTERDAY        5                        10     -5       10
  MONTH TO DATE  113                       194    -81      109
  SINCE SEP 1    194                       360   -166      231
  SINCE JUL 1    205                       411   -206      253

 COOLING
  YESTERDAY        0                         0      0        0
  MONTH TO DATE    7                         0      7       10
  SINCE SEP 1    160                        59    101      111
  SINCE JAN 1    385                       186    199      259
..................................................................


WIND (MPH)
  HIGHEST WIND SPEED     9   HIGHEST WIND DIRECTION    SE (150)
  HIGHEST GUST SPEED    11   HIGHEST GUST DIRECTION     S (160)
  AVERAGE WIND SPEED     3.1


SKY COVER
  POSSIBLE SUNSHINE  MM
  AVERAGE SKY COVER 0.0


WEATHER CONDITIONS
 THE FOLLOWING WEATHER WAS RECORDED YESTERDAY.
  FOG


RELATIVE HUMIDITY (PERCENT)
 HIGHEST    97           700 PM
 LOWEST     61          1200 PM
 AVERAGE    79

..........................................................


THE SANTA BARBARA AIRPORT CA CLIMATE NORMALS FOR TODAY
                         NORMAL    RECORD    YEAR
 MAXIMUM TEMPERATURE (F)   67        85      1977
 MINIMUM TEMPERATURE (F)   42        33      2010
                                             1941


SUNRISE AND SUNSET
NOVEMBER 25 2017......SUNRISE   642 AM PST   SUNSET   450 PM PST
NOVEMBER 26 2017......SUNRISE   643 AM PST   SUNSET   450 PM PST


-  INDICATES NEGATIVE NUMBERS.
R  INDICATES RECORD WAS SET OR TIED.
MM INDICATES DATA IS MISSING.
T  INDICATES TRACE AMOUNT.




$$
