000
CDUS46 KLOX 060858
CLISBA


CLIMATE REPORT
NATIONAL WEATHER SERVICE LOS ANGELES/OXNARD CA
1258 AM PST FRI MAR 6 2015


...................................

...THE SANTA BARBARA AIRPORT CA CLIMATE SUMMARY FOR MARCH 5 2015...

CLIMATE NORMAL PERIOD 1981 TO 2010
CLIMATE RECORD PERIOD 1940 TO 2015


WEATHER ITEM   OBSERVED TIME   RECORD YEAR NORMAL DEPARTURE LAST
                VALUE   (LST)  VALUE       VALUE  FROM      YEAR
                                                  NORMAL
..................................................................
TEMPERATURE (F)
 YESTERDAY
  MAXIMUM         73    313 PM  78    1993  64      9       66
  MINIMUM         40    635 AM  35    1967  46     -6       53
  AVERAGE         57                        55      2       60

PRECIPITATION (IN)
  YESTERDAY        0.00          2.94 1987   0.13  -0.13     0.00
  MONTH TO DATE    0.29                      0.62  -0.33     0.83
  SINCE OCT 1      8.81                     13.38  -4.57     5.96
  SINCE JAN 1      2.52                      8.08  -5.56     4.67

SNOWFALL (IN)
  YESTERDAY        0.0
  MONTH TO DATE    0.0
  SINCE MAR 1      0.0
  SINCE JUL 1      0.0

DEGREE DAYS
 HEATING
  YESTERDAY        8                        10     -2        5
  MONTH TO DATE   50                        50      0       36
  SINCE MAR 1     50                        50      0       36
  SINCE JUL 1    875                      1651   -776     1271

 COOLING
  YESTERDAY        0                         0      0        0
  MONTH TO DATE    0                         0      0        0
  SINCE MAR 1      0                         0      0        0
  SINCE JAN 1      0                         0      0        0
..................................................................


WIND (MPH)
  HIGHEST WIND SPEED    10   HIGHEST WIND DIRECTION     W (260)
  HIGHEST GUST SPEED    13   HIGHEST GUST DIRECTION     W (270)
  AVERAGE WIND SPEED     2.9


SKY COVER
  POSSIBLE SUNSHINE  MM
  AVERAGE SKY COVER 0.0


WEATHER CONDITIONS
 THE FOLLOWING WEATHER WAS RECORDED YESTERDAY.
  NO SIGNIFICANT WEATHER WAS OBSERVED.


RELATIVE HUMIDITY (PERCENT)
 HIGHEST    86           100 AM
 LOWEST     20           100 PM
 AVERAGE    53

..........................................................


THE SANTA BARBARA AIRPORT CA CLIMATE NORMALS FOR TODAY
                         NORMAL    RECORD    YEAR
 MAXIMUM TEMPERATURE (F)   65        83      2014
 MINIMUM TEMPERATURE (F)   46        35      1982


SUNRISE AND SUNSET
MARCH  6 2015.........SUNRISE   622 AM PST   SUNSET   600 PM PST
MARCH  7 2015.........SUNRISE   621 AM PST   SUNSET   600 PM PST


-  INDICATES NEGATIVE NUMBERS.
R  INDICATES RECORD WAS SET OR TIED.
MM INDICATES DATA IS MISSING.
T  INDICATES TRACE AMOUNT.




$$
