000
CDUS46 KLOX 230859
CLISBA


CLIMATE REPORT
NATIONAL WEATHER SERVICE LOS ANGELES/OXNARD CA
1259 AM PST FRI FEB 23 2018


...................................

...THE SANTA BARBARA AIRPORT CA CLIMATE SUMMARY FOR FEBRUARY 22 2018...

CLIMATE NORMAL PERIOD 1981 TO 2010
CLIMATE RECORD PERIOD 1940 TO 2018


WEATHER ITEM   OBSERVED TIME   RECORD YEAR NORMAL DEPARTURE LAST
                VALUE   (LST)  VALUE       VALUE  FROM      YEAR
                                                  NORMAL
..................................................................
TEMPERATURE (F)
 YESTERDAY
  MAXIMUM         63    151 PM  82    2002  64     -1       65
  MINIMUM         33R   428 AM  33    2006  45    -12       45
  AVERAGE         48                        54     -6       55

PRECIPITATION (IN)
  YESTERDAY        0.00          1.38 1998   0.15  -0.15     0.00
  MONTH TO DATE    0.01                      3.12  -3.11     8.87
  SINCE OCT 1      2.80                     11.92  -9.12    22.64
  SINCE JAN 1      2.73                      6.62  -3.89    17.83

SNOWFALL (IN)
  YESTERDAY        0.0
  MONTH TO DATE    0.0
  SINCE DEC 1      0.0
  SINCE JUL 1      0.0

DEGREE DAYS
 HEATING
  YESTERDAY       17                        11      6       10
  MONTH TO DATE  247                       254     -7      191
  SINCE DEC 1    892                      1060   -168      955
  SINCE JUL 1   1143                      1538   -395     1284

 COOLING
  YESTERDAY        0                         0      0        0
  MONTH TO DATE    0                         0      0        0
  SINCE DEC 1      0                         0      0        0
  SINCE JAN 1      0                         0      0        0
..................................................................


WIND (MPH)
  HIGHEST WIND SPEED    25   HIGHEST WIND DIRECTION     W (270)
  HIGHEST GUST SPEED    35   HIGHEST GUST DIRECTION     W (270)
  AVERAGE WIND SPEED     7.0


SKY COVER
  POSSIBLE SUNSHINE  MM
  AVERAGE SKY COVER 0.1


WEATHER CONDITIONS
 THE FOLLOWING WEATHER WAS RECORDED YESTERDAY.
  NO SIGNIFICANT WEATHER WAS OBSERVED.


RELATIVE HUMIDITY (PERCENT)
 HIGHEST    76           100 AM
 LOWEST     34           200 PM
 AVERAGE    55

..........................................................


THE SANTA BARBARA AIRPORT CA CLIMATE NORMALS FOR TODAY
                         NORMAL    RECORD    YEAR
 MAXIMUM TEMPERATURE (F)   64        84      1968
 MINIMUM TEMPERATURE (F)   45        33      1975


SUNRISE AND SUNSET
FEBRUARY 23 2018......SUNRISE   635 AM PST   SUNSET   550 PM PST
FEBRUARY 24 2018......SUNRISE   634 AM PST   SUNSET   551 PM PST


-  INDICATES NEGATIVE NUMBERS.
R  INDICATES RECORD WAS SET OR TIED.
MM INDICATES DATA IS MISSING.
T  INDICATES TRACE AMOUNT.




$$
