000
CDUS43 KIWX 240525
CLISBN


CLIMATE REPORT
NATIONAL WEATHER SERVICE NORTHERN INDIANA
1225 AM EST WED JAN 24 2018


...................................

...THE SOUTH BEND CLIMATE SUMMARY FOR JANUARY 23 2018...

CLIMATE NORMAL PERIOD 1981 TO 2010
CLIMATE RECORD PERIOD 1893 TO 2018


WEATHER ITEM   OBSERVED TIME   RECORD YEAR NORMAL DEPARTURE LAST
                VALUE   (LST)  VALUE       VALUE  FROM      YEAR
                                                  NORMAL
..................................................................
TEMPERATURE (F)
 YESTERDAY
  MAXIMUM         39   1212 AM  59    1909  31      8       40
  MINIMUM         29    913 PM -19    1936  17     12       37
  AVERAGE         34                        24     10       39

PRECIPITATION (IN)
  YESTERDAY        0.12          0.60 1953   0.07   0.05     0.00
  MONTH TO DATE    1.87                      1.78   0.09     2.92
  SINCE DEC 1      3.23                      4.39  -1.16     4.91
  SINCE JAN 1      1.87                      1.78   0.09     2.92

SNOWFALL (IN)
  YESTERDAY        1.6           7.4  1987   0.7    0.9      0.0
  MONTH TO DATE   21.1                      15.1    6.0      3.8
  SINCE DEC 1     53.5                      32.4   21.1     27.5
  SINCE JUL 1     53.5                      37.6   15.9     28.0
  SNOW DEPTH       0

DEGREE DAYS
 HEATING
  YESTERDAY       31                        41    -10       26
  MONTH TO DATE 1013                       935     78      813
  SINCE DEC 1   2234                      2057    177     2034
  SINCE JUL 1   3417                      3326     91     2935

 COOLING
  YESTERDAY        0                         0      0        0
  MONTH TO DATE    0                         0      0        0
  SINCE DEC 1      0                         0      0        0
  SINCE JAN 1      0                         0      0        0
..................................................................


WIND (MPH)
  HIGHEST WIND SPEED    23   HIGHEST WIND DIRECTION    NW (310)
  HIGHEST GUST SPEED    31   HIGHEST GUST DIRECTION    NW (320)
  AVERAGE WIND SPEED    12.0


SKY COVER
  AVERAGE SKY COVER 0.9


WEATHER CONDITIONS
 THE FOLLOWING WEATHER WAS RECORDED YESTERDAY.
  LIGHT RAIN
  LIGHT SNOW
  FOG
  HAZE


RELATIVE HUMIDITY (PERCENT)
 HIGHEST    92          1000 AM
 LOWEST     78           300 PM
 AVERAGE    85

..........................................................


THE SOUTH BEND CLIMATE NORMALS FOR TODAY
                         NORMAL    RECORD    YEAR
 MAXIMUM TEMPERATURE (F)   31        66      1909
 MINIMUM TEMPERATURE (F)   17       -17      1936


SUNRISE AND SUNSET
JANUARY 24 2018.......SUNRISE   804 AM EST   SUNSET   551 PM EST
JANUARY 25 2018.......SUNRISE   804 AM EST   SUNSET   552 PM EST


-  INDICATES NEGATIVE NUMBERS.
R  INDICATES RECORD WAS SET OR TIED.
MM INDICATES DATA IS MISSING.
T  INDICATES TRACE AMOUNT.




$$
