000
CDUS43 KIWX 290528
CLISBN


CLIMATE REPORT
NATIONAL WEATHER SERVICE NORTHERN INDIANA
1226 AM EST MON DEC 29 2014


...................................

...THE SOUTH BEND CLIMATE SUMMARY FOR DECEMBER 28 2014...

CLIMATE NORMAL PERIOD 1981 TO 2010
CLIMATE RECORD PERIOD 1893 TO 2014


WEATHER ITEM   OBSERVED TIME   RECORD YEAR NORMAL DEPARTURE LAST
                VALUE   (LST)  VALUE       VALUE  FROM      YEAR
                                                  NORMAL
..................................................................
TEMPERATURE (F)
 YESTERDAY
  MAXIMUM         36    348 PM  66    1984  32      4       50
  MINIMUM         21   1038 PM -18    1924  19      2       34
  AVERAGE         29                        26      3       42

PRECIPITATION (IN)
  YESTERDAY        0.00          0.74 1948   0.08  -0.08     0.00
  MONTH TO DATE    1.46                      2.37  -0.91     2.11
  SINCE DEC 1      1.46                      2.37  -0.91     2.11
  SINCE JAN 1     41.43                     37.76   3.67    40.13

SNOWFALL (IN)
  YESTERDAY        0.0           5.7  1987   0.6   -0.6      0.0
  MONTH TO DATE    T                        15.3  -15.3      6.7
  SINCE DEC 1      T                        15.3  -15.3      6.7
  SINCE JUL 1     19.3                      20.5   -1.2     15.9
  SNOW DEPTH       0

DEGREE DAYS
 HEATING
  YESTERDAY       36                        39     -3       23
  MONTH TO DATE  844                      1003   -159     1065
  SINCE DEC 1    844                      1003   -159     1065
  SINCE JUL 1   2286                      2272     14     2354

 COOLING
  YESTERDAY        0                         0      0        0
  MONTH TO DATE    0                         0      0        0
  SINCE DEC 1      0                         0      0        0
  SINCE JAN 1    771                       773     -2      828
..................................................................


WIND (MPH)
  HIGHEST WIND SPEED    14   HIGHEST WIND DIRECTION     W (280)
  HIGHEST GUST SPEED    16   HIGHEST GUST DIRECTION    NW (300)
  AVERAGE WIND SPEED     6.3


SKY COVER
  AVERAGE SKY COVER 0.6


WEATHER CONDITIONS
 THE FOLLOWING WEATHER WAS RECORDED YESTERDAY.
  NO SIGNIFICANT WEATHER WAS OBSERVED.


RELATIVE HUMIDITY (PERCENT)
 HIGHEST    77          1100 PM
 LOWEST     56           400 PM
 AVERAGE    67

..........................................................


THE SOUTH BEND CLIMATE NORMALS FOR TODAY
                         NORMAL    RECORD    YEAR
 MAXIMUM TEMPERATURE (F)   32        63      1984
 MINIMUM TEMPERATURE (F)   19        -6      1976


SUNRISE AND SUNSET
DECEMBER 29 2014......SUNRISE   812 AM EST   SUNSET   523 PM EST
DECEMBER 30 2014......SUNRISE   812 AM EST   SUNSET   524 PM EST


-  INDICATES NEGATIVE NUMBERS.
R  INDICATES RECORD WAS SET OR TIED.
MM INDICATES DATA IS MISSING.
T  INDICATES TRACE AMOUNT.




$$
