000
CDUS43 KIWX 040032
CLISBN


CLIMATE REPORT
NATIONAL WEATHER SERVICE NORTHERN INDIANA
832 PM EDT MON AUG 3 2015


...................................

...THE SOUTH BEND CLIMATE SUMMARY FOR AUGUST 3 2015...
VALID AS OF 0800 PM LOCAL TIME.

CLIMATE NORMAL PERIOD 1981 TO 2010
CLIMATE RECORD PERIOD 1893 TO 2015


WEATHER ITEM   OBSERVED TIME   RECORD YEAR NORMAL DEPARTURE LAST
                VALUE   (LST)  VALUE       VALUE  FROM      YEAR
                                                  NORMAL
..................................................................
TEMPERATURE (F)
 TODAY
  MAXIMUM         80    257 PM  99    1988  82     -2       86
  MINIMUM         63    543 AM  42    1927  63      0       55
  AVERAGE         72                        72      0       71

PRECIPITATION (IN)
  TODAY            0.02          3.96 1995   0.12  -0.10     0.00
  MONTH TO DATE    0.54                      0.37   0.17      T
  SINCE JUN 1      9.40                      8.16   1.24    10.93
  SINCE JAN 1     22.49                     21.88   0.61    26.01

SNOWFALL (IN)
  TODAY            0.0           0.0  2002   0.0    0.0      0.0
                                      2001
  MONTH TO DATE    0.0                       0.0    0.0      0.0
  SINCE JUN 1      0.0                       0.0    0.0      0.0
  SINCE JUL 1      0.0                       0.0    0.0      0.0
  SNOW DEPTH       0

DEGREE DAYS
 HEATING
  TODAY            0                         0      0        0
  MONTH TO DATE    0                         0      0        0
  SINCE JUN 1     29                        49    -20       35
  SINCE JUL 1     10                         5      5       18

 COOLING
  TODAY            7                         7      0        6
  MONTH TO DATE   29                        23      6       17
  SINCE JUN 1    394                       441    -47      373
  SINCE JAN 1    480                       497    -17      458
..................................................................


WIND (MPH)
  RESULTANT WIND SPEED   7   RESULTANT WIND DIRECTION  NW (300)
  HIGHEST WIND SPEED    18   HIGHEST WIND DIRECTION    NW (310)
  HIGHEST GUST SPEED    23   HIGHEST GUST DIRECTION    NW (330)
  AVERAGE WIND SPEED     8.2


SKY COVER
  POSSIBLE SUNSHINE  MM
  AVERAGE SKY COVER 0.2


WEATHER CONDITIONS
 THE FOLLOWING WEATHER WAS RECORDED TODAY.
  HEAVY RAIN
  RAIN
  LIGHT RAIN
  FOG
  FOG W/VISIBILITY <= 1/4 MILE


RELATIVE HUMIDITY (PERCENT)
 HIGHEST    93           400 AM
 LOWEST     32           600 PM
 AVERAGE    63

..........................................................


THE SOUTH BEND CLIMATE NORMALS FOR TOMORROW
                         NORMAL    RECORD    YEAR
 MAXIMUM TEMPERATURE (F)   82        98      1956
 MINIMUM TEMPERATURE (F)   63        47      1912


SUNRISE AND SUNSET
AUGUST  3 2015........SUNRISE   641 AM EDT   SUNSET   901 PM EDT
AUGUST  4 2015........SUNRISE   642 AM EDT   SUNSET   900 PM EDT


-  INDICATES NEGATIVE NUMBERS.
R  INDICATES RECORD WAS SET OR TIED.
MM INDICATES DATA IS MISSING.
T  INDICATES TRACE AMOUNT.




$$
