000
CDUS41 KAKQ 170533
CLISBY


CLIMATE REPORT
NATIONAL WEATHER SERVICE WAKEFIELD, VA
133 AM EDT TUE OCT 17 2017


...................................

...THE SALISBURY MD CLIMATE SUMMARY FOR OCTOBER 16 2017...

CLIMATE NORMAL PERIOD 1981 TO 2010
CLIMATE RECORD PERIOD 1900 TO 2017


WEATHER ITEM   OBSERVED TIME   RECORD YEAR NORMAL DEPARTURE LAST
                VALUE   (LST)  VALUE       VALUE  FROM      YEAR
                                                  NORMAL
..................................................................
TEMPERATURE (F)
 YESTERDAY
  MAXIMUM         72    353 AM  85    2008  68      4       74
                                      1947
                                      1910
  MINIMUM         46   1158 PM  28    1937  46      0       42
  AVERAGE         59                        57      2       58

PRECIPITATION (IN)
  YESTERDAY        0.10          1.51 1974   0.12  -0.02     0.00
  MONTH TO DATE    1.10                      1.83  -0.73     3.63
  SINCE SEP 1      3.15                      5.81  -2.66    16.49
  SINCE JAN 1     45.21                     36.88   8.33    50.55

SNOWFALL (IN)
  YESTERDAY       MM             0.0  2002   0.0   MM
                                      2001
  MONTH TO DATE    0.0                       0.0    0.0
  SINCE NOV 1      9.6                       9.3    0.3
  SINCE JUL 1      0.0                       0.0    0.0
  SNOW DEPTH       0

DEGREE DAYS
 HEATING
  YESTERDAY        6                         9     -3        7
  MONTH TO DATE   27                       106    -79       62
  SINCE SEP 1     40                       152   -112       66
  SINCE JUL 1     40                       154   -114       66

 COOLING
  YESTERDAY        0                         1     -1        0
  MONTH TO DATE   73                        20     53       23
  SINCE SEP 1    245                       162     83      250
  SINCE JAN 1   1412                      1145    267     1439
..................................................................


WIND (MPH)
  HIGHEST WIND SPEED    23   HIGHEST WIND DIRECTION     N (340)
  HIGHEST GUST SPEED    28   HIGHEST GUST DIRECTION     N (340)
  AVERAGE WIND SPEED     9.0


SKY COVER
  POSSIBLE SUNSHINE  MM
  AVERAGE SKY COVER 0.6


WEATHER CONDITIONS
 THE FOLLOWING WEATHER WAS RECORDED YESTERDAY.
  RAIN
  LIGHT RAIN
  FOG


RELATIVE HUMIDITY (PERCENT)
 HIGHEST    97          1000 AM
 LOWEST     62           400 PM
 AVERAGE    80

..........................................................


THE SALISBURY MD CLIMATE NORMALS FOR TODAY
                         NORMAL    RECORD    YEAR
 MAXIMUM TEMPERATURE (F)   68        87      1908
 MINIMUM TEMPERATURE (F)   46        30      1937


SUNRISE AND SUNSET
OCTOBER 17 2017.......SUNRISE   713 AM EDT   SUNSET   621 PM EDT
OCTOBER 18 2017.......SUNRISE   714 AM EDT   SUNSET   620 PM EDT


-  INDICATES NEGATIVE NUMBERS.
R  INDICATES RECORD WAS SET OR TIED.
MM INDICATES DATA IS MISSING.
T  INDICATES TRACE AMOUNT.




$$
