055
CDUS41 KAKQ 300529
CLISBY


CLIMATE REPORT
NATIONAL WEATHER SERVICE WAKEFIELD, VA
129 AM EDT SUN APR 30 2017


...................................

...THE SALISBURY MD CLIMATE SUMMARY FOR APRIL 29 2017...

CLIMATE NORMAL PERIOD 1981 TO 2010
CLIMATE RECORD PERIOD 1900 TO 2017


WEATHER ITEM   OBSERVED TIME   RECORD YEAR NORMAL DEPARTURE LAST
                VALUE   (LST)  VALUE       VALUE  FROM      YEAR
                                                  NORMAL
..................................................................
TEMPERATURE (F)
 YESTERDAY
  MAXIMUM         88    241 PM  89    1974  69     19       54
  MINIMUM         70   1235 AM  31    2006  47     23       49
                                      1948
  AVERAGE         79                        58     21       52

PRECIPITATION (IN)
  YESTERDAY        T             1.16 2013   0.11  -0.11     0.02
  MONTH TO DATE    2.02                      3.46  -1.44     3.67
  SINCE MAR 1      6.65                      7.88  -1.23     5.45
  SINCE JAN 1     11.45                     14.84  -3.39    12.30

SNOWFALL (IN)
  YESTERDAY        0.0           0.0  2002   0.0    0.0
                                      2001
  MONTH TO DATE    0.0                       0.2   -0.2
  SINCE NOV 1      9.6                       9.3    0.3
  SINCE JUL 1      9.6                       9.3    0.3
  SNOW DEPTH       0

DEGREE DAYS
 HEATING
  YESTERDAY        0                         8     -8       13
  MONTH TO DATE  180                       338   -158      351
  SINCE MAR 1    804                       968   -164      795
  SINCE JUL 1   3555                      4273   -718     3466

 COOLING
  YESTERDAY       14                         1     13        0
  MONTH TO DATE   56                        16     40       21
  SINCE MAR 1     58                        18     40       24
  SINCE JAN 1     58                        18     40       24
..................................................................


WIND (MPH)
  HIGHEST WIND SPEED    21   HIGHEST WIND DIRECTION    SW (240)
  HIGHEST GUST SPEED    29   HIGHEST GUST DIRECTION    SW (230)
  AVERAGE WIND SPEED    11.1


SKY COVER
  POSSIBLE SUNSHINE  MM
  AVERAGE SKY COVER 0.1


WEATHER CONDITIONS
 THE FOLLOWING WEATHER WAS RECORDED YESTERDAY.
  FOG


RELATIVE HUMIDITY (PERCENT)
 HIGHEST   100          1200 AM
 LOWEST     55           100 PM
 AVERAGE    78

..........................................................


THE SALISBURY MD CLIMATE NORMALS FOR TODAY
                         NORMAL    RECORD    YEAR
 MAXIMUM TEMPERATURE (F)   69        86      1974
 MINIMUM TEMPERATURE (F)   47        31      1909


SUNRISE AND SUNSET
APRIL 30 2017.........SUNRISE   606 AM EDT   SUNSET   753 PM EDT
MAY  1 2017...........SUNRISE   605 AM EDT   SUNSET   754 PM EDT


-  INDICATES NEGATIVE NUMBERS.
R  INDICATES RECORD WAS SET OR TIED.
MM INDICATES DATA IS MISSING.
T  INDICATES TRACE AMOUNT.




$$
