000
CDUS41 KAKQ 290539
CLISBY


CLIMATE REPORT
NATIONAL WEATHER SERVICE WAKEFIELD, VA
139 AM EDT MON AUG 29 2016


...................................

...THE SALISBURY MD CLIMATE SUMMARY FOR AUGUST 28 2016...

CLIMATE NORMAL PERIOD 1981 TO 2010
CLIMATE RECORD PERIOD 1900 TO 2016


WEATHER ITEM   OBSERVED TIME   RECORD YEAR NORMAL DEPARTURE LAST
                VALUE   (LST)  VALUE       VALUE  FROM      YEAR
                                                  NORMAL
..................................................................
TEMPERATURE (F)
 YESTERDAY
  MAXIMUM         87   1246 PM  98    1948  83      4       83
  MINIMUM         66   1159 PM  46    1944  64      2       57
  AVERAGE         77                        74      3       70

PRECIPITATION (IN)
  YESTERDAY        0.00          2.25 1920   0.12  -0.12     0.00
  MONTH TO DATE    2.70                      4.09  -1.39     5.66
  SINCE JUN 1     15.33                     12.18   3.15    20.18
  SINCE JAN 1     34.06                     30.73   3.33    37.39

SNOWFALL (IN)
  YESTERDAY        0.0           0.0  2002   0.0    0.0
                                      2001
  MONTH TO DATE    0.0                       0.0    0.0
  SINCE NOV 1     19.8                       9.3   10.5
  SINCE JUL 1      0.0                       0.0    0.0
  SNOW DEPTH       0

DEGREE DAYS
 HEATING
  YESTERDAY        0                         0      0        0
  MONTH TO DATE    0                         0      0        0
  SINCE JUN 1      1                        20    -19       15
  SINCE JUL 1      0                         1     -1        0

 COOLING
  YESTERDAY       12                         9      3        5
  MONTH TO DATE  395                       284    111      277
  SINCE JUN 1   1064                       875    189      922
  SINCE JAN 1   1149                       959    190     1078
..................................................................


WIND (MPH)
  HIGHEST WIND SPEED    17   HIGHEST WIND DIRECTION     E (80)
  HIGHEST GUST SPEED    22   HIGHEST GUST DIRECTION     E (90)
  AVERAGE WIND SPEED     5.6


SKY COVER
  POSSIBLE SUNSHINE  MM
  AVERAGE SKY COVER 0.0


WEATHER CONDITIONS
 THE FOLLOWING WEATHER WAS RECORDED YESTERDAY.
  FOG


RELATIVE HUMIDITY (PERCENT)
 HIGHEST   100           200 AM
 LOWEST     44           300 PM
 AVERAGE    72

..........................................................


THE SALISBURY MD CLIMATE NORMALS FOR TODAY
                         NORMAL    RECORD    YEAR
 MAXIMUM TEMPERATURE (F)   83        99      1948
 MINIMUM TEMPERATURE (F)   64        45      1986


SUNRISE AND SUNSET
AUGUST 29 2016........SUNRISE   629 AM EDT   SUNSET   736 PM EDT
AUGUST 30 2016........SUNRISE   630 AM EDT   SUNSET   734 PM EDT


-  INDICATES NEGATIVE NUMBERS.
R  INDICATES RECORD WAS SET OR TIED.
MM INDICATES DATA IS MISSING.
T  INDICATES TRACE AMOUNT.




$$
