705
CDUS41 KAKQ 180630
CLISBY


CLIMATE REPORT
NATIONAL WEATHER SERVICE WAKEFIELD, VA
130 AM EST MON DEC 18 2017


...................................

...THE SALISBURY MD CLIMATE SUMMARY FOR DECEMBER 17 2017...

CLIMATE NORMAL PERIOD 1981 TO 2010
CLIMATE RECORD PERIOD 1900 TO 2017


WEATHER ITEM   OBSERVED TIME   RECORD YEAR NORMAL DEPARTURE LAST
                VALUE   (LST)  VALUE       VALUE  FROM      YEAR
                                                  NORMAL
..................................................................
TEMPERATURE (F)
 YESTERDAY
  MAXIMUM         50    138 PM  68    2000  48      2       53
                                      1933
  MINIMUM         26    729 AM   8    1958  29     -3       27
                                      1951
  AVERAGE         38                        38      0       40

PRECIPITATION (IN)
  YESTERDAY        0.00          0.86 1922   0.12  -0.12     0.25
  MONTH TO DATE    1.07                      2.13  -1.06     2.29
  SINCE DEC 1      1.07                      2.13  -1.06     2.29
  SINCE JAN 1     51.07                     44.10   6.97    53.79

SNOWFALL (IN)
  YESTERDAY        0.0           7.0  1932   0.1   -0.1
  MONTH TO DATE    7.0                       0.9    6.1
  SINCE NOV 1      7.0                       1.1    5.9
  SINCE JUL 1      7.0                       1.1    5.9
  SNOW DEPTH       0

DEGREE DAYS
 HEATING
  YESTERDAY       27                        27      0       25
  MONTH TO DATE  448                       413     35      441
  SINCE DEC 1    448                       413     35      441
  SINCE JUL 1   1119                      1231   -112     1101

 COOLING
  YESTERDAY        0                         0      0        0
  MONTH TO DATE    0                         0      0        0
  SINCE DEC 1      0                         0      0        0
  SINCE JAN 1   1415                      1153    262     1481
..................................................................


WIND (MPH)
  HIGHEST WIND SPEED     8   HIGHEST WIND DIRECTION    SW (210)
  HIGHEST GUST SPEED    10   HIGHEST GUST DIRECTION    SW (220)
  AVERAGE WIND SPEED     1.8


SKY COVER
  POSSIBLE SUNSHINE  MM
  AVERAGE SKY COVER 0.3


WEATHER CONDITIONS
 THE FOLLOWING WEATHER WAS RECORDED YESTERDAY.
  FOG


RELATIVE HUMIDITY (PERCENT)
 HIGHEST   100           200 AM
 LOWEST     50           100 PM
 AVERAGE    75

..........................................................


THE SALISBURY MD CLIMATE NORMALS FOR TODAY
                         NORMAL    RECORD    YEAR
 MAXIMUM TEMPERATURE (F)   47        72      1984
 MINIMUM TEMPERATURE (F)   29         7      1916


SUNRISE AND SUNSET
DECEMBER 18 2017......SUNRISE   714 AM EST   SUNSET   444 PM EST
DECEMBER 19 2017......SUNRISE   714 AM EST   SUNSET   444 PM EST


-  INDICATES NEGATIVE NUMBERS.
R  INDICATES RECORD WAS SET OR TIED.
MM INDICATES DATA IS MISSING.
T  INDICATES TRACE AMOUNT.




$$
