000
CDUS41 KAKQ 290827
CLISBY


CLIMATE REPORT
NATIONAL WEATHER SERVICE WAKEFIELD, VA
427 AM EDT FRI AUG 29 2014


...................................

...THE SALISBURY MD CLIMATE SUMMARY FOR AUGUST 28 2014...

CLIMATE NORMAL PERIOD 1981 TO 2010
CLIMATE RECORD PERIOD 1900 TO 2014


WEATHER ITEM   OBSERVED TIME   RECORD YEAR NORMAL DEPARTURE LAST
                VALUE   (LST)  VALUE       VALUE  FROM      YEAR
                                                  NORMAL
..................................................................
TEMPERATURE (F)
 YESTERDAY
  MAXIMUM         87    205 PM  98    1948  83      4       88
  MINIMUM         64   1159 PM  46    1944  64      0       72
  AVERAGE         76                        74      2       80

PRECIPITATION (IN)
  YESTERDAY        0.00          2.25 1920   0.12  -0.12     0.81
  MONTH TO DATE    4.34                      4.09   0.25     7.30
  SINCE JUN 1      8.46                     12.18  -3.72    21.03
  SINCE JAN 1     20.28                     30.73 -10.45    39.68

SNOWFALL (IN)
  YESTERDAY        0.0           0.0  2002   0.0    0.0
                                      2001
  MONTH TO DATE    0.0                       0.0    0.0
  SINCE NOV 1     22.5                       9.3   13.2
  SINCE JUL 1      0.0                       0.0    0.0
  SNOW DEPTH       0

DEGREE DAYS
 HEATING
  YESTERDAY        0                         0      0        0
  MONTH TO DATE    0                         0      0        0
  SINCE JUN 1      5                        20    -15        0
  SINCE JUL 1      0                         1     -1        0

 COOLING
  YESTERDAY       11                         9      2       15
  MONTH TO DATE  272                       284    -12      298
  SINCE JUN 1    955                       875     80     1137
  SINCE JAN 1   1090                       959    131     1328
..................................................................


WIND (MPH)
  HIGHEST WIND SPEED    17   HIGHEST WIND DIRECTION    NW (330)
  HIGHEST GUST SPEED    21   HIGHEST GUST DIRECTION    NW (330)
  AVERAGE WIND SPEED     6.6


SKY COVER
  POSSIBLE SUNSHINE  MM
  AVERAGE SKY COVER 0.1


WEATHER CONDITIONS
 THE FOLLOWING WEATHER WAS RECORDED YESTERDAY.
  NO SIGNIFICANT WEATHER WAS OBSERVED.


RELATIVE HUMIDITY (PERCENT)
 HIGHEST    90           500 AM
 LOWEST     39           100 PM
 AVERAGE    65

..........................................................


THE SALISBURY MD CLIMATE NORMALS FOR TODAY
                         NORMAL    RECORD    YEAR
 MAXIMUM TEMPERATURE (F)   83        99      1948
 MINIMUM TEMPERATURE (F)   64        45      1986


SUNRISE AND SUNSET
AUGUST 29 2014........SUNRISE   629 AM EDT   SUNSET   736 PM EDT
AUGUST 30 2014........SUNRISE   630 AM EDT   SUNSET   735 PM EDT


-  INDICATES NEGATIVE NUMBERS.
R  INDICATES RECORD WAS SET OR TIED.
MM INDICATES DATA IS MISSING.
T  INDICATES TRACE AMOUNT.




$$
