000
CDUS41 KAKQ 180645
CLISBY


CLIMATE REPORT
NATIONAL WEATHER SERVICE WAKEFIELD, VA
145 AM EST WED JAN 18 2017


...................................

...THE SALISBURY MD CLIMATE SUMMARY FOR JANUARY 17 2017...

CLIMATE NORMAL PERIOD 1981 TO 2010
CLIMATE RECORD PERIOD 1900 TO 2017


WEATHER ITEM   OBSERVED TIME   RECORD YEAR NORMAL DEPARTURE LAST
                VALUE   (LST)  VALUE       VALUE  FROM      YEAR
                                                  NORMAL
..................................................................
TEMPERATURE (F)
 YESTERDAY
  MAXIMUM         56   1101 PM  75    1943  44     12       42
  MINIMUM         40    710 AM  -6    1965  26     14       27
  AVERAGE         48                        35     13       35

PRECIPITATION (IN)
  YESTERDAY        0.03          1.71 2010   0.11  -0.08     0.26
  MONTH TO DATE    2.06                      1.93   0.13     1.81
  SINCE DEC 1      4.99                      5.64  -0.65     6.30
  SINCE JAN 1      2.06                      1.93   0.13     1.81

SNOWFALL (IN)
  YESTERDAY       MM             3.2  1985   0.1   MM
  MONTH TO DATE    9.1                       1.4    7.7
  SINCE NOV 1      9.1                       3.2    5.9
  SINCE JUL 1      9.1                       3.2    5.9
  SNOW DEPTH       0

DEGREE DAYS
 HEATING
  YESTERDAY       17                        30    -13       30
  MONTH TO DATE  451                       505    -54      459
  SINCE DEC 1   1231                      1311    -80      870
  SINCE JUL 1   1891                      2129   -238     1517

 COOLING
  YESTERDAY        0                         0      0        0
  MONTH TO DATE    0                         0      0        0
  SINCE DEC 1      0                         0      0        9
  SINCE JAN 1      0                         0      0        0
..................................................................


WIND (MPH)
  HIGHEST WIND SPEED    15   HIGHEST WIND DIRECTION    SW (230)
  HIGHEST GUST SPEED    22   HIGHEST GUST DIRECTION    SW (240)
  AVERAGE WIND SPEED     5.7


SKY COVER
  POSSIBLE SUNSHINE  MM
  AVERAGE SKY COVER 0.8


WEATHER CONDITIONS
 THE FOLLOWING WEATHER WAS RECORDED YESTERDAY.
  LIGHT RAIN
  FOG


RELATIVE HUMIDITY (PERCENT)
 HIGHEST   100          1000 AM
 LOWEST     73          1200 AM
 AVERAGE    87

..........................................................


THE SALISBURY MD CLIMATE NORMALS FOR TODAY
                         NORMAL    RECORD    YEAR
 MAXIMUM TEMPERATURE (F)   44        75      1943
 MINIMUM TEMPERATURE (F)   26        -8      1957


SUNRISE AND SUNSET
JANUARY 18 2017.......SUNRISE   716 AM EST   SUNSET   509 PM EST
JANUARY 19 2017.......SUNRISE   716 AM EST   SUNSET   510 PM EST


-  INDICATES NEGATIVE NUMBERS.
R  INDICATES RECORD WAS SET OR TIED.
MM INDICATES DATA IS MISSING.
T  INDICATES TRACE AMOUNT.




$$
