000
CDUS41 KAKQ 300845
CLISBY


CLIMATE REPORT
NATIONAL WEATHER SERVICE WAKEFIELD, VA
445 AM EDT THU OCT 30 2014


...................................

...THE SALISBURY MD CLIMATE SUMMARY FOR OCTOBER 29 2014...

CLIMATE NORMAL PERIOD 1981 TO 2010
CLIMATE RECORD PERIOD 1900 TO 2014


WEATHER ITEM   OBSERVED TIME   RECORD YEAR NORMAL DEPARTURE LAST
                VALUE   (LST)  VALUE       VALUE  FROM      YEAR
                                                  NORMAL
..................................................................
TEMPERATURE (F)
 YESTERDAY
  MAXIMUM         75    202 PM  83    1918  64     11       70
  MINIMUM         55   1124 PM  23    2001  42     13       45
  AVERAGE         65                        53     12       58

PRECIPITATION (IN)
  YESTERDAY        T             5.80 2012   0.12  -0.12     0.00
  MONTH TO DATE    1.72                      3.25  -1.53     3.68
  SINCE SEP 1      6.10                      7.23  -1.13     4.45
  SINCE JAN 1     26.38                     38.30 -11.92    44.13

SNOWFALL (IN)
  YESTERDAY        0.0           T    1910   0.0    0.0
                                      2001
  MONTH TO DATE    0.0                       0.0    0.0
  SINCE NOV 1     22.5                       9.3   13.2
  SINCE JUL 1      0.0                       0.0    0.0
  SNOW DEPTH       0

DEGREE DAYS
 HEATING
  YESTERDAY        0                        12    -12        7
  MONTH TO DATE  104                       241   -137      151
  SINCE SEP 1    110                       287   -177      178
  SINCE JUL 1    110                       289   -179      178

 COOLING
  YESTERDAY        0                         0      0        0
  MONTH TO DATE   33                        22     11       88
  SINCE SEP 1    253                       164     89      257
  SINCE JAN 1   1375                      1147    228     1620
..................................................................


WIND (MPH)
  HIGHEST WIND SPEED    21   HIGHEST WIND DIRECTION    NW (320)
  HIGHEST GUST SPEED    29   HIGHEST GUST DIRECTION    NW (320)
  AVERAGE WIND SPEED     8.6


SKY COVER
  POSSIBLE SUNSHINE  MM
  AVERAGE SKY COVER 0.4


WEATHER CONDITIONS
 THE FOLLOWING WEATHER WAS RECORDED YESTERDAY.
  HAZE


RELATIVE HUMIDITY (PERCENT)
 HIGHEST    84           500 AM
 LOWEST     48           500 PM
 AVERAGE    66

..........................................................


THE SALISBURY MD CLIMATE NORMALS FOR TODAY
                         NORMAL    RECORD    YEAR
 MAXIMUM TEMPERATURE (F)   64        83      1946
 MINIMUM TEMPERATURE (F)   42        25      1952


SUNRISE AND SUNSET
OCTOBER 30 2014.......SUNRISE   726 AM EDT   SUNSET   605 PM EDT
OCTOBER 31 2014.......SUNRISE   727 AM EDT   SUNSET   604 PM EDT


-  INDICATES NEGATIVE NUMBERS.
R  INDICATES RECORD WAS SET OR TIED.
MM INDICATES DATA IS MISSING.
T  INDICATES TRACE AMOUNT.




$$
