000
CDUS41 KAKQ 250526
CLISBY


CLIMATE REPORT
NATIONAL WEATHER SERVICE WAKEFIELD, VA
125 AM EDT SUN SEP 25 2016


...................................

...THE SALISBURY MD CLIMATE SUMMARY FOR SEPTEMBER 24 2016...

CLIMATE NORMAL PERIOD 1981 TO 2010
CLIMATE RECORD PERIOD 1900 TO 2016


WEATHER ITEM   OBSERVED TIME   RECORD YEAR NORMAL DEPARTURE LAST
                VALUE   (LST)  VALUE       VALUE  FROM      YEAR
                                                  NORMAL
..................................................................
TEMPERATURE (F)
 YESTERDAY
  MAXIMUM         74   1024 AM  95    2010  76     -2       77
  MINIMUM         58   1159 PM  39    1974  55      3       54
  AVERAGE         66                        65      1       66

PRECIPITATION (IN)
  YESTERDAY        T             1.76 1965   0.13  -0.13     0.00
  MONTH TO DATE    3.38                      3.17   0.21     1.36
  SINCE SEP 1      3.38                      3.17   0.21     1.36
  SINCE JAN 1     37.44                     34.24   3.20    38.75

SNOWFALL (IN)
  YESTERDAY        0.0           0.0  2002   0.0    0.0
                                      2001
  MONTH TO DATE    0.0                       0.0    0.0
  SINCE NOV 1     19.8                       9.3   10.5
  SINCE JUL 1      0.0                       0.0    0.0
  SNOW DEPTH       0

DEGREE DAYS
 HEATING
  YESTERDAY        0                         3     -3        0
  MONTH TO DATE    0                        24    -24        3
  SINCE SEP 1      0                        24    -24        3
  SINCE JUL 1      0                        26    -26        3

 COOLING
  YESTERDAY        1                         3     -2        1
  MONTH TO DATE  212                       129     83      179
  SINCE SEP 1    212                       129     83      179
  SINCE JAN 1   1401                      1112    289     1285
..................................................................


WIND (MPH)
  HIGHEST WIND SPEED    16   HIGHEST WIND DIRECTION     N (20)
  HIGHEST GUST SPEED    20   HIGHEST GUST DIRECTION    NE (30)
  AVERAGE WIND SPEED     4.9


SKY COVER
  POSSIBLE SUNSHINE  MM
  AVERAGE SKY COVER 0.6


WEATHER CONDITIONS
 THE FOLLOWING WEATHER WAS RECORDED YESTERDAY.
  LIGHT RAIN
  FOG
  FOG W/VISIBILITY <= 1/4 MILE


RELATIVE HUMIDITY (PERCENT)
 HIGHEST   100           200 AM
 LOWEST     84          1000 AM
 AVERAGE    92

..........................................................


THE SALISBURY MD CLIMATE NORMALS FOR TODAY
                         NORMAL    RECORD    YEAR
 MAXIMUM TEMPERATURE (F)   75        93      1933
 MINIMUM TEMPERATURE (F)   54        37      1967


SUNRISE AND SUNSET
SEPTEMBER 25 2016.....SUNRISE   653 AM EDT   SUNSET   653 PM EDT
SEPTEMBER 26 2016.....SUNRISE   654 AM EDT   SUNSET   652 PM EDT


-  INDICATES NEGATIVE NUMBERS.
R  INDICATES RECORD WAS SET OR TIED.
MM INDICATES DATA IS MISSING.
T  INDICATES TRACE AMOUNT.




$$
