000
CDUS41 KAKQ 280953
CLISBY


CLIMATE REPORT
NATIONAL WEATHER SERVICE WAKEFIELD, VA
453 AM EST WED JAN 28 2015


...................................

...THE SALISBURY MD CLIMATE SUMMARY FOR JANUARY 27 2015...

CLIMATE NORMAL PERIOD 1981 TO 2010
CLIMATE RECORD PERIOD 1900 TO 2015


WEATHER ITEM   OBSERVED TIME   RECORD YEAR NORMAL DEPARTURE LAST
                VALUE   (LST)  VALUE       VALUE  FROM      YEAR
                                                  NORMAL
..................................................................
TEMPERATURE (F)
 YESTERDAY
  MAXIMUM         37    449 PM  71    1974  44     -7       52
  MINIMUM         30    751 AM   0    1987  27      3       27
  AVERAGE         34                        36     -2       40

PRECIPITATION (IN)
  YESTERDAY        T             0.93 1976   0.12  -0.12     0.00
  MONTH TO DATE    4.54                      3.12   1.42     2.00
  SINCE DEC 1      6.23                      6.83  -0.60     5.18
  SINCE JAN 1      4.54                      3.12   1.42     2.00

SNOWFALL (IN)
  YESTERDAY        T             2.0  1986   0.1   -0.1
  MONTH TO DATE    T                         2.6   -2.6
  SINCE NOV 1      T                         4.4   -4.4
  SINCE JUL 1      T                         4.4   -4.4
  SNOW DEPTH       0

DEGREE DAYS
 HEATING
  YESTERDAY       31                        29      2       25
  MONTH TO DATE  754                       804    -50      825
  SINCE DEC 1   1398                      1610   -212     1495
  SINCE JUL 1   2070                      2428   -358     2200

 COOLING
  YESTERDAY        0                         0      0        0
  MONTH TO DATE    0                         0      0        0
  SINCE DEC 1      0                         0      0        5
  SINCE JAN 1      0                         0      0        0
..................................................................


WIND (MPH)
  HIGHEST WIND SPEED    22   HIGHEST WIND DIRECTION    NW (320)
  HIGHEST GUST SPEED    26   HIGHEST GUST DIRECTION    NW (320)
  AVERAGE WIND SPEED    12.8


SKY COVER
  POSSIBLE SUNSHINE  MM
  AVERAGE SKY COVER 0.7


WEATHER CONDITIONS
 THE FOLLOWING WEATHER WAS RECORDED YESTERDAY.
  LIGHT SNOW
  FOG
  HAZE


RELATIVE HUMIDITY (PERCENT)
 HIGHEST    85           300 AM
 LOWEST     54          1100 PM
 AVERAGE    70

..........................................................


THE SALISBURY MD CLIMATE NORMALS FOR TODAY
                         NORMAL    RECORD    YEAR
 MAXIMUM TEMPERATURE (F)   44        71      1944
 MINIMUM TEMPERATURE (F)   27        -6      1987


SUNRISE AND SUNSET
JANUARY 28 2015.......SUNRISE   711 AM EST   SUNSET   520 PM EST
JANUARY 29 2015.......SUNRISE   710 AM EST   SUNSET   521 PM EST


-  INDICATES NEGATIVE NUMBERS.
R  INDICATES RECORD WAS SET OR TIED.
MM INDICATES DATA IS MISSING.
T  INDICATES TRACE AMOUNT.




$$
