000
CDUS46 KSTO 030833
CLISCK


CLIMATE REPORT
NATIONAL WEATHER SERVICE SACRAMENTO, CA
133 AM PDT TUE MAY 3 2016


...................................

...THE STOCKTON AIRPORT CA CLIMATE SUMMARY FOR MAY 2 2016...

CLIMATE NORMAL PERIOD 1981 TO 2010
CLIMATE RECORD PERIOD 1948 TO 2016


WEATHER ITEM   OBSERVED TIME   RECORD YEAR NORMAL DEPARTURE LAST
                VALUE   (LST)  VALUE       VALUE  FROM      YEAR
                                                  NORMAL
..................................................................
TEMPERATURE (F)
 YESTERDAY
  MAXIMUM         86    300 PM  95    2004  78      8       89
  MINIMUM         50    535 AM  39    1950  49      1       52
  AVERAGE         68

PRECIPITATION (IN)
  YESTERDAY        0.00          0.98 1998   0.02  -0.02     0.00
  MONTH TO DATE    0.00                      0.05  -0.05     0.00
  SINCE OCT 1     16.34                     13.20   3.14    10.60
  SINCE JAN 1     11.77                      8.47   3.30     2.76

SNOWFALL (IN)
  YESTERDAY        0.0          MM      MM
  MONTH TO DATE    0.0
  SINCE MAR 1      0.0
  SINCE JUL 1      0.0
  SNOW DEPTH       0

DEGREE DAYS
 HEATING
  YESTERDAY        0                         3     -3        0
  MONTH TO DATE    0                         7     -7        0
  SINCE MAR 1    311                       521   -210      232
  SINCE JUL 1   2029                      2583   -554     1671

 COOLING
  YESTERDAY        3                         2      1        6
  MONTH TO DATE    5                         4      1       15
  SINCE MAR 1     31                        21     10       64
  SINCE JAN 1     31                        21     10       64
..................................................................


WIND (MPH)
  RESULTANT WIND SPEED   5   RESULTANT WIND DIRECTION  NW (310)
  HIGHEST WIND SPEED    18   HIGHEST WIND DIRECTION    NW (300)
  HIGHEST GUST SPEED    22   HIGHEST GUST DIRECTION    NW (300)


SKY COVER
  POSSIBLE SUNSHINE  MM
  AVERAGE SKY COVER 0.0


WEATHER CONDITIONS
 THE FOLLOWING WEATHER WAS RECORDED YESTERDAY.
  NO SIGNIFICANT WEATHER WAS OBSERVED.


RELATIVE HUMIDITY (PERCENT)
 HIGHEST    83           300 AM
 LOWEST     26           200 PM
 AVERAGE    55

..........................................................


THE STOCKTON AIRPORT CA CLIMATE NORMALS FOR TODAY
                         NORMAL    RECORD    YEAR
 MAXIMUM TEMPERATURE (F)   78        96      2004
 MINIMUM TEMPERATURE (F)   49        38      1950


SUNRISE AND SUNSET
MAY  3 2016...........SUNRISE   606 AM PDT   SUNSET   758 PM PDT
MAY  4 2016...........SUNRISE   605 AM PDT   SUNSET   759 PM PDT


-  INDICATES NEGATIVE NUMBERS.
R  INDICATES RECORD WAS SET OR TIED.
MM INDICATES DATA IS MISSING.
T  INDICATES TRACE AMOUNT.




$$
