000
CDUS46 KSTO 250042
CLISCK


CLIMATE REPORT
NATIONAL WEATHER SERVICE SACRAMENTO, CA
442 PM PST WED DEC 24 2014


...................................

...THE STOCKTON AIRPORT CA CLIMATE SUMMARY FOR DECEMBER 24 2014...
VALID TODAY AS OF 0400 PM LOCAL TIME.

CLIMATE NORMAL PERIOD 1981 TO 2010
CLIMATE RECORD PERIOD 1948 TO 2014


WEATHER ITEM   OBSERVED TIME   RECORD YEAR NORMAL DEPARTURE LAST
                VALUE   (LST)  VALUE       VALUE  FROM      YEAR
                                                  NORMAL
..................................................................
TEMPERATURE (F)
 TODAY
  MAXIMUM         60    313 PM  65    1964  52      8       63
  MINIMUM         48    133 AM  19    1990  37     11       33
  AVERAGE         54

PRECIPITATION (IN)
  TODAY            0.07          1.19 1983   0.08  -0.01     0.00
  MONTH TO DATE    6.09                      1.67   4.42     0.34
  SINCE JUL 1      8.44                      4.48   3.96     1.71
  SINCE JAN 1     14.24                     13.51   0.73     4.59

SNOWFALL (IN)
  TODAY           MM             0.0  2001
  MONTH TO DATE    0.0
  SINCE DEC 1      0.0
  SINCE JUL 1      0.0

DEGREE DAYS
 HEATING
  TODAY           11                        20     -9       17
  MONTH TO DATE  232                       458   -226      505
  SINCE DEC 1    232                       458   -226      505
  SINCE JUL 1    518                       915   -397      904

 COOLING
  TODAY            0                         0      0        0
  MONTH TO DATE    0                         0      0        0
  SINCE DEC 1      0                         0      0        0
  SINCE JAN 1   1658                      1320    338     1375
..................................................................


WIND (MPH)
  RESULTANT WIND SPEED   4   RESULTANT WIND DIRECTION   S (160)
  HIGHEST WIND SPEED    21   HIGHEST WIND DIRECTION     W (260)
  HIGHEST GUST SPEED    25   HIGHEST GUST DIRECTION     W (250)


SKY COVER
  POSSIBLE SUNSHINE  MM
  AVERAGE SKY COVER 0.8


WEATHER CONDITIONS
 THE FOLLOWING WEATHER WAS RECORDED TODAY.
  HEAVY RAIN
  LIGHT RAIN
  FOG
  FOG W/VISIBILITY <= 1/4 MILE


RELATIVE HUMIDITY (PERCENT)
 HIGHEST   100           100 AM
 LOWEST     78           200 PM
 AVERAGE    89

..........................................................


THE STOCKTON AIRPORT CA CLIMATE NORMALS FOR TOMORROW
                         NORMAL    RECORD    YEAR
 MAXIMUM TEMPERATURE (F)   52        64      1955
 MINIMUM TEMPERATURE (F)   37        20      1990


SUNRISE AND SUNSET
DECEMBER 24 2014......SUNRISE   718 AM PST   SUNSET   451 PM PST
DECEMBER 25 2014......SUNRISE   719 AM PST   SUNSET   452 PM PST


-  INDICATES NEGATIVE NUMBERS.
R  INDICATES RECORD WAS SET OR TIED.
MM INDICATES DATA IS MISSING.
T  INDICATES TRACE AMOUNT.




$$
