000
CDUS46 KSTO 240838
CLISCK


CLIMATE REPORT
NATIONAL WEATHER SERVICE SACRAMENTO, CA
1237 AM PST MON NOV 24 2014


...................................

...THE STOCKTON AIRPORT CA CLIMATE SUMMARY FOR NOVEMBER 23 2014...

CLIMATE NORMAL PERIOD 1981 TO 2010
CLIMATE RECORD PERIOD 1948 TO 2014


WEATHER ITEM   OBSERVED TIME   RECORD YEAR NORMAL DEPARTURE LAST
                VALUE   (LST)  VALUE       VALUE  FROM      YEAR
                                                  NORMAL
..................................................................
TEMPERATURE (F)
 YESTERDAY
  MAXIMUM         62    254 PM  74    2005  61      1       61
  MINIMUM         41   1108 PM  26    2003  40      1       35
  AVERAGE         52

PRECIPITATION (IN)
  YESTERDAY        0.00          0.61 1988   0.06  -0.06     0.00
  MONTH TO DATE    0.83                      1.27  -0.44     1.09
  SINCE JUL 1      1.88                      2.39  -0.51     1.37
  SINCE JAN 1      7.68                     11.42  -3.74     4.25

SNOWFALL (IN)
  YESTERDAY        0.0           0.0  2002
                                      2001
  MONTH TO DATE    0.0
  SINCE SEP 1      0.0
  SINCE JUL 1      0.0
  SNOW DEPTH       0

DEGREE DAYS
 HEATING
  YESTERDAY       13                        15     -2       17
  MONTH TO DATE  179                       250    -71      213
  SINCE SEP 1    200                       347   -147      302
  SINCE JUL 1    200                       347   -147      302

 COOLING
  YESTERDAY        0                         0      0        0
  MONTH TO DATE    0                         0      0        0
  SINCE SEP 1    412                       276    136      206
  SINCE JAN 1   1658                      1320    338     1375
..................................................................


WIND (MPH)
  RESULTANT WIND SPEED   6   RESULTANT WIND DIRECTION  NW (320)
  HIGHEST WIND SPEED    16   HIGHEST WIND DIRECTION    NW (300)
  HIGHEST GUST SPEED    18   HIGHEST GUST DIRECTION     W (290)


SKY COVER
  POSSIBLE SUNSHINE  MM
  AVERAGE SKY COVER 0.2


WEATHER CONDITIONS
 THE FOLLOWING WEATHER WAS RECORDED YESTERDAY.
  FOG
  FOG W/VISIBILITY <= 1/4 MILE


RELATIVE HUMIDITY (PERCENT)
 HIGHEST   100          1200 AM
 LOWEST     51           100 PM
 AVERAGE    76

..........................................................


THE STOCKTON AIRPORT CA CLIMATE NORMALS FOR TODAY
                         NORMAL    RECORD    YEAR
 MAXIMUM TEMPERATURE (F)   60        74      1959
 MINIMUM TEMPERATURE (F)   40        27      1952


SUNRISE AND SUNSET
NOVEMBER 24 2014......SUNRISE   655 AM PST   SUNSET   448 PM PST
NOVEMBER 25 2014......SUNRISE   656 AM PST   SUNSET   448 PM PST


-  INDICATES NEGATIVE NUMBERS.
R  INDICATES RECORD WAS SET OR TIED.
MM INDICATES DATA IS MISSING.
T  INDICATES TRACE AMOUNT.




$$
