000
CDUS46 KLOX 080857
CLISDB


CLIMATE REPORT
NATIONAL WEATHER SERVICE LOS ANGELES/OXNARD CA
1256 AM PST THU DEC 8 2016


...................................

...THE SANDBERG CA CLIMATE SUMMARY FOR DECEMBER 7 2016...

CLIMATE NORMAL PERIOD 1981 TO 2010
CLIMATE RECORD PERIOD 1934 TO 2016


WEATHER ITEM   OBSERVED TIME   RECORD YEAR NORMAL DEPARTURE LAST
                VALUE   (LST)  VALUE       VALUE  FROM      YEAR
                                                  NORMAL
..................................................................
TEMPERATURE (F)
 YESTERDAY
  MAXIMUM         49    215 PM  72    1937  49      0       63
  MINIMUM         33    546 AM  20    1951  37     -4       44
  AVERAGE         41                        43     -2       54

PRECIPITATION (IN)
  YESTERDAY        0.00          1.91 1992   0.06  -0.06     0.00
  MONTH TO DATE    T                         0.35  -0.35     0.00
  SINCE OCT 1      1.41                      1.73  -0.32     1.08
  SINCE JAN 1      6.64                     10.43  -3.79     5.65

DEGREE DAYS
 HEATING
  YESTERDAY       24                        22      2       11
  MONTH TO DATE  138                       151    -13      108
  SINCE DEC 1    138                       151    -13      108
  SINCE JUL 1    587                       930   -343      724

 COOLING
  YESTERDAY        0                         0      0        0
  MONTH TO DATE    0                         0      0        0
  SINCE DEC 1      0                         0      0        0
  SINCE JAN 1   1673                       998    675     1499
..................................................................


WIND (MPH)
  HIGHEST WIND SPEED    25   HIGHEST WIND DIRECTION     N (350)
  HIGHEST GUST SPEED    31   HIGHEST GUST DIRECTION     N (350)
  AVERAGE WIND SPEED    11.4


SKY COVER
  POSSIBLE SUNSHINE  MM
  AVERAGE SKY COVER 0.2


WEATHER CONDITIONS
 THE FOLLOWING WEATHER WAS RECORDED YESTERDAY.
  FOG
  HAZE


RELATIVE HUMIDITY (PERCENT)
 HIGHEST    89          1200 AM
 LOWEST     31          1200 PM
 AVERAGE    60

..........................................................


THE SANDBERG CA CLIMATE NORMALS FOR TODAY
                         NORMAL    RECORD    YEAR
 MAXIMUM TEMPERATURE (F)   48        71      2015
 MINIMUM TEMPERATURE (F)   37        13      1972


SUNRISE AND SUNSET
DECEMBER  8 2016......SUNRISE   650 AM PST   SUNSET   444 PM PST
DECEMBER  9 2016......SUNRISE   651 AM PST   SUNSET   444 PM PST


-  INDICATES NEGATIVE NUMBERS.
R  INDICATES RECORD WAS SET OR TIED.
MM INDICATES DATA IS MISSING.
T  INDICATES TRACE AMOUNT.




$$
