000
CDUS46 KLOX 230910
CLISDB


CLIMATE REPORT
NATIONAL WEATHER SERVICE LOS ANGELES/OXNARD CA
109 AM PST TUE JAN 23 2018


...................................

...THE SANDBERG CA CLIMATE SUMMARY FOR JANUARY 22 2018...

CLIMATE NORMAL PERIOD 1981 TO 2010
CLIMATE RECORD PERIOD 1934 TO 2018


WEATHER ITEM   OBSERVED TIME   RECORD YEAR NORMAL DEPARTURE LAST
                VALUE   (LST)  VALUE       VALUE  FROM      YEAR
                                                  NORMAL
..................................................................
TEMPERATURE (F)
 YESTERDAY
  MAXIMUM         51    120 PM  70    2014  49      2       43
  MINIMUM         36    459 AM  12    1937  37     -1       35
  AVERAGE         44                        43      1       39

PRECIPITATION (IN)
  YESTERDAY        0.00          3.77 1943   0.07  -0.07     1.03
  MONTH TO DATE    3.07                      1.94   1.13     3.05
  SINCE OCT 1      3.12                      5.57  -2.45     6.89
  SINCE JAN 1      3.07                      1.94   1.13     3.05

DEGREE DAYS
 HEATING
  YESTERDAY       21                        22     -1       26
  MONTH TO DATE  260                       487   -227      488
  SINCE DEC 1    605                      1189   -584     1103
  SINCE JUL 1    963                      1968  -1005     1552

 COOLING
  YESTERDAY        0                         0      0        0
  MONTH TO DATE    0                         0      0        0
  SINCE DEC 1      0                         0      0        0
  SINCE JAN 1      0                         0      0        0
..................................................................


WIND (MPH)
  HIGHEST WIND SPEED    29   HIGHEST WIND DIRECTION     N (350)
  HIGHEST GUST SPEED    34   HIGHEST GUST DIRECTION     N (340)
  AVERAGE WIND SPEED    12.1


SKY COVER
  POSSIBLE SUNSHINE  MM
  AVERAGE SKY COVER 0.0


WEATHER CONDITIONS
 THE FOLLOWING WEATHER WAS RECORDED YESTERDAY.
  NO SIGNIFICANT WEATHER WAS OBSERVED.


RELATIVE HUMIDITY (PERCENT)
 HIGHEST    76          1100 PM
 LOWEST     21           300 PM
 AVERAGE    49

..........................................................


THE SANDBERG CA CLIMATE NORMALS FOR TODAY
                         NORMAL    RECORD    YEAR
 MAXIMUM TEMPERATURE (F)   49        67      1948
 MINIMUM TEMPERATURE (F)   37         9      1937


SUNRISE AND SUNSET
JANUARY 23 2018.......SUNRISE   659 AM PST   SUNSET   515 PM PST
JANUARY 24 2018.......SUNRISE   658 AM PST   SUNSET   516 PM PST


-  INDICATES NEGATIVE NUMBERS.
R  INDICATES RECORD WAS SET OR TIED.
MM INDICATES DATA IS MISSING.
T  INDICATES TRACE AMOUNT.




$$
