000
CDUS46 KLOX 261059
CLISDB


CLIMATE REPORT
NATIONAL WEATHER SERVICE LOS ANGELES/OXNARD CA
358 AM PDT FRI MAY 26 2017


...................................

...THE SANDBERG CA CLIMATE SUMMARY FOR MAY 25 2017...

CLIMATE NORMAL PERIOD 1981 TO 2010
CLIMATE RECORD PERIOD 1934 TO 2017


WEATHER ITEM   OBSERVED TIME   RECORD YEAR NORMAL DEPARTURE LAST
                VALUE   (LST)  VALUE       VALUE  FROM      YEAR
                                                  NORMAL
..................................................................
TEMPERATURE (F)
 YESTERDAY
  MAXIMUM         62    259 PM  94    1951  70     -8       61
  MINIMUM         45   1159 PM  32    1953  51     -6       44
  AVERAGE         54                        60     -6       53

PRECIPITATION (IN)
  YESTERDAY        T             0.38 1941   0.01  -0.01      T
  MONTH TO DATE    0.02                      0.37  -0.35     0.29
  SINCE OCT 1     12.78                     12.01   0.77     6.93
  SINCE JAN 1      8.94                      8.38   0.56     5.23

DEGREE DAYS
 HEATING
  YESTERDAY       11                         6      5       12
  MONTH TO DATE  169                       218    -49      170
  SINCE MAR 1    773                      1234   -461      779
  SINCE JUL 1   3030                      3993   -963     3039

 COOLING
  YESTERDAY        0                         2     -2        0
  MONTH TO DATE   96                        26     70       30
  SINCE MAR 1    117                        34     83       49
  SINCE JAN 1    117                        34     83       49
..................................................................


WIND (MPH)
  HIGHEST WIND SPEED    25   HIGHEST WIND DIRECTION    SW (210)
  HIGHEST GUST SPEED    33   HIGHEST GUST DIRECTION    SW (210)
  AVERAGE WIND SPEED    17.0


SKY COVER
  POSSIBLE SUNSHINE  MM
  AVERAGE SKY COVER 0.5


WEATHER CONDITIONS
 THE FOLLOWING WEATHER WAS RECORDED YESTERDAY.
  LIGHT RAIN
  FOG
  FOG W/VISIBILITY <= 1/4 MILE
  HAZE


RELATIVE HUMIDITY (PERCENT)
 HIGHEST   100           700 AM
 LOWEST     36          1200 AM
 AVERAGE    68

..........................................................


THE SANDBERG CA CLIMATE NORMALS FOR TODAY
                         NORMAL    RECORD    YEAR
 MAXIMUM TEMPERATURE (F)   70        90      1974
 MINIMUM TEMPERATURE (F)   51        30      1953


SUNRISE AND SUNSET
MAY 26 2017...........SUNRISE   545 AM PDT   SUNSET   759 PM PDT
MAY 27 2017...........SUNRISE   545 AM PDT   SUNSET   800 PM PDT


-  INDICATES NEGATIVE NUMBERS.
R  INDICATES RECORD WAS SET OR TIED.
MM INDICATES DATA IS MISSING.
T  INDICATES TRACE AMOUNT.




$$
