000
CDUS46 KLOX 200901
CLISDB


CLIMATE REPORT
NATIONAL WEATHER SERVICE LOS ANGELES/OXNARD CA
201 AM PDT WED AUG 20 2014


...................................

...THE SANDBERG CA CLIMATE SUMMARY FOR AUGUST 19 2014...

CLIMATE NORMAL PERIOD 1981 TO 2010
CLIMATE RECORD PERIOD 1948 TO 2014


WEATHER ITEM   OBSERVED TIME   RECORD YEAR NORMAL DEPARTURE LAST
                VALUE   (LST)  VALUE       VALUE  FROM      YEAR
                                                  NORMAL
..................................................................
TEMPERATURE (F)
 YESTERDAY
  MAXIMUM         80    205 PM  98    1950  85     -5       93
  MINIMUM         57   1127 PM  46    1972  64     -7       71
  AVERAGE         69                        74     -5       82

PRECIPITATION (IN)
  YESTERDAY        0.00          0.20 1983   0.01  -0.01     0.00
  MONTH TO DATE    0.16                      0.02   0.14     0.00
  SINCE JUL 1      0.17                      0.04   0.13     0.06
  SINCE JAN 1      3.75                      8.52  -4.77     2.97

DEGREE DAYS
 HEATING
  YESTERDAY        0                         0      0        0
  MONTH TO DATE    0                         0      0        0
  SINCE JUN 1      7                        92    -85       16
  SINCE JUL 1      0                         8     -8        0

 COOLING
  YESTERDAY        4                         9     -5       17
  MONTH TO DATE  242                       187     55      216
  SINCE JUN 1    912                       605    307      925
  SINCE JAN 1   1062                       650    412     1055
..................................................................


WIND (MPH)
  HIGHEST WIND SPEED    25   HIGHEST WIND DIRECTION     S (180)
  HIGHEST GUST SPEED    34   HIGHEST GUST DIRECTION     S (160)
  AVERAGE WIND SPEED    12.3


SKY COVER
  POSSIBLE SUNSHINE  MM
  AVERAGE SKY COVER 0.0


WEATHER CONDITIONS
 THE FOLLOWING WEATHER WAS RECORDED YESTERDAY.
  HAZE


RELATIVE HUMIDITY (PERCENT)
 HIGHEST    80           900 PM
 LOWEST     27           300 PM
 AVERAGE    54

..........................................................


THE SANDBERG CA CLIMATE NORMALS FOR TODAY
                         NORMAL    RECORD    YEAR
 MAXIMUM TEMPERATURE (F)   84        96      1950
 MINIMUM TEMPERATURE (F)   64        43      1959


SUNRISE AND SUNSET
AUGUST 20 2014........SUNRISE   619 AM PDT   SUNSET   737 PM PDT
AUGUST 21 2014........SUNRISE   620 AM PDT   SUNSET   736 PM PDT


-  INDICATES NEGATIVE NUMBERS.
R  INDICATES RECORD WAS SET OR TIED.
MM INDICATES DATA IS MISSING.
T  INDICATES TRACE AMOUNT.




$$
