000
CDUS46 KLOX 240915
CLISDB


CLIMATE REPORT
NATIONAL WEATHER SERVICE LOS ANGELES/OXNARD CA
215 AM PDT FRI MAR 24 2017


...................................

...THE SANDBERG CA CLIMATE SUMMARY FOR MARCH 23 2017...

CLIMATE NORMAL PERIOD 1981 TO 2010
CLIMATE RECORD PERIOD 1934 TO 2017


WEATHER ITEM   OBSERVED TIME   RECORD YEAR NORMAL DEPARTURE LAST
                VALUE   (LST)  VALUE       VALUE  FROM      YEAR
                                                  NORMAL
..................................................................
TEMPERATURE (F)
 YESTERDAY
  MAXIMUM         51    312 PM  75    1990  55     -4       62
  MINIMUM         35    825 AM  25    2009  40     -5       36
                                      1964
  AVERAGE         43                        47     -4       49

PRECIPITATION (IN)
  YESTERDAY        0.09          0.36 1992   0.05   0.04     0.00
  MONTH TO DATE    0.28                      1.39  -1.11     1.16
  SINCE OCT 1     12.59                     10.67   1.92     6.16
  SINCE JAN 1      8.75                      7.04   1.71     4.46

DEGREE DAYS
 HEATING
  YESTERDAY       22                        18      4       16
  MONTH TO DATE  216                       431   -215      269
  SINCE MAR 1    216                       431   -215      269
  SINCE JUL 1   2473                      3190   -717     2529

 COOLING
  YESTERDAY        0                         0      0        0
  MONTH TO DATE   16                         0     16        1
  SINCE MAR 1     16                         0     16        1
  SINCE JAN 1     16                         0     16        1
..................................................................


WIND (MPH)
  HIGHEST WIND SPEED    47   HIGHEST WIND DIRECTION     N (340)
  HIGHEST GUST SPEED    55   HIGHEST GUST DIRECTION     N (340)
  AVERAGE WIND SPEED    18.5


SKY COVER
  POSSIBLE SUNSHINE  MM
  AVERAGE SKY COVER 0.4


WEATHER CONDITIONS
 THE FOLLOWING WEATHER WAS RECORDED YESTERDAY.
  LIGHT RAIN
  HEAVY SNOW
  LIGHT SNOW
  FOG
  FOG W/VISIBILITY <= 1/4 MILE


RELATIVE HUMIDITY (PERCENT)
 HIGHEST    92           300 AM
 LOWEST     40          1000 PM
 AVERAGE    66

..........................................................


THE SANDBERG CA CLIMATE NORMALS FOR TODAY
                         NORMAL    RECORD    YEAR
 MAXIMUM TEMPERATURE (F)   55        76      2014
 MINIMUM TEMPERATURE (F)   40        23      1964


SUNRISE AND SUNSET
MARCH 24 2017.........SUNRISE   653 AM PDT   SUNSET   710 PM PDT
MARCH 25 2017.........SUNRISE   651 AM PDT   SUNSET   711 PM PDT


-  INDICATES NEGATIVE NUMBERS.
R  INDICATES RECORD WAS SET OR TIED.
MM INDICATES DATA IS MISSING.
T  INDICATES TRACE AMOUNT.




$$
