000
CDUS46 KLOX 310118
CLISDB


CLIMATE REPORT
NATIONAL WEATHER SERVICE LOS ANGELES/OXNARD CA
617 PM PDT WED JUL 30 2014


...................................

...THE SANDBERG CA CLIMATE SUMMARY FOR JULY 30 2014...
VALID TODAY AS OF 0600 PM LOCAL TIME.

CLIMATE NORMAL PERIOD 1981 TO 2010
CLIMATE RECORD PERIOD 1948 TO 2014


WEATHER ITEM   OBSERVED TIME   RECORD YEAR NORMAL DEPARTURE LAST
                VALUE   (LST)  VALUE       VALUE  FROM      YEAR
                                                  NORMAL
..................................................................
TEMPERATURE (F)
 TODAY
  MAXIMUM         92    104 PM  96    1995  86      6       87
  MINIMUM         74    539 AM  52    1975  65      9       65
  AVERAGE         83                        75      8       76

PRECIPITATION (IN)
  TODAY            0.00          0.49 1965   0.00   0.00     0.00
  MONTH TO DATE    0.01                      0.02  -0.01     0.06
  SINCE JUL 1      0.01                      0.02  -0.01     0.06
  SINCE JAN 1      3.59                      8.50  -4.91     2.97

DEGREE DAYS
 HEATING
  TODAY            0                         0      0        0
  MONTH TO DATE    0                         4     -4        0
  SINCE JUN 1      7                        88    -81       16
  SINCE JUL 1      0                         4     -4        0

 COOLING
  TODAY           18                        10      8       11
  MONTH TO DATE  410                       275    135      449
  SINCE JUN 1    650                       406    244      698
  SINCE JAN 1    800                       451    349      828
..................................................................


WIND (MPH)
  HIGHEST WIND SPEED    25   HIGHEST WIND DIRECTION    NW (330)
  HIGHEST GUST SPEED    31   HIGHEST GUST DIRECTION    NW (320)
  AVERAGE WIND SPEED    15.5


SKY COVER
  POSSIBLE SUNSHINE  MM
  AVERAGE SKY COVER 0.0


WEATHER CONDITIONS
 THE FOLLOWING WEATHER WAS RECORDED TODAY.
  NO SIGNIFICANT WEATHER WAS OBSERVED.


RELATIVE HUMIDITY (PERCENT)
 HIGHEST    33           600 AM
 LOWEST     21          1200 PM
 AVERAGE    27

..........................................................


THE SANDBERG CA CLIMATE NORMALS FOR TOMORROW
                         NORMAL    RECORD    YEAR
 MAXIMUM TEMPERATURE (F)   86        98      1995
 MINIMUM TEMPERATURE (F)   65        53      1998


SUNRISE AND SUNSET
JULY 30 2014..........SUNRISE   603 AM PDT   SUNSET   759 PM PDT
JULY 31 2014..........SUNRISE   604 AM PDT   SUNSET   758 PM PDT


-  INDICATES NEGATIVE NUMBERS.
R  INDICATES RECORD WAS SET OR TIED.
MM INDICATES DATA IS MISSING.
T  INDICATES TRACE AMOUNT.




$$
