000
CDUS43 KLMK 280631
CLISDF


CLIMATE REPORT
NATIONAL WEATHER SERVICE LOUISVILLE KY
230 AM EDT WED JUN 28 2017


...................................

...THE LOUISVILLE KY CLIMATE SUMMARY FOR JUNE 27 2017...

CLIMATE NORMAL PERIOD 1981 TO 2010
CLIMATE RECORD PERIOD 1871 TO 2017


WEATHER ITEM   OBSERVED TIME   RECORD YEAR NORMAL DEPARTURE LAST
                VALUE   (LST)  VALUE       VALUE  FROM      YEAR
                                                  NORMAL
..................................................................
TEMPERATURE (F)
 YESTERDAY
  MAXIMUM         79    554 PM 101    1914  88     -9       88
  MINIMUM         60    623 AM  52    1926  69     -9       75
  AVERAGE         70                        78     -8       82

PRECIPITATION (IN)
  YESTERDAY        0.12          2.18 1902   0.11   0.01     0.03
  MONTH TO DATE    2.79                      3.45  -0.66     4.25
  SINCE JUN 1      2.79                      3.45  -0.66     4.25
  SINCE JAN 1     21.95                     23.32  -1.37    23.31

SNOWFALL (IN)
  YESTERDAY        0.0          MM      MM   0.0    0.0      0.0
  MONTH TO DATE    0.0                       0.0    0.0      0.0
  SINCE JUN 1      0.0                       0.0    0.0      0.0
  SINCE JUL 1      2.7                      12.5   -9.8     14.9
  SNOW DEPTH       0

DEGREE DAYS
 HEATING
  YESTERDAY        0                         0      0        0
  MONTH TO DATE    0                         1     -1        0
  SINCE JUN 1      0                         1     -1        0
  SINCE JUL 1   3087                      4093  -1006     3252

 COOLING
  YESTERDAY        5                        13     -8       17
  MONTH TO DATE  297                       283     14      376
  SINCE JUN 1    297                       283     14      376
  SINCE JAN 1    589                       457    132      569
..................................................................


WIND (MPH)
  HIGHEST WIND SPEED    18   HIGHEST WIND DIRECTION    NW (310)
  HIGHEST GUST SPEED    24   HIGHEST GUST DIRECTION    NW (300)
  AVERAGE WIND SPEED     3.5


SKY COVER
  POSSIBLE SUNSHINE  MM
  AVERAGE SKY COVER 0.3


WEATHER CONDITIONS
 THE FOLLOWING WEATHER WAS RECORDED YESTERDAY.
  THUNDERSTORM
  HEAVY RAIN
  LIGHT RAIN


RELATIVE HUMIDITY (PERCENT)
 HIGHEST    90           600 AM
 LOWEST     30           700 PM
 AVERAGE    60

..........................................................


THE LOUISVILLE KY CLIMATE NORMALS FOR TODAY
                         NORMAL    RECORD    YEAR
 MAXIMUM TEMPERATURE (F)   88       103      2012
 MINIMUM TEMPERATURE (F)   69        53      1961


SUNRISE AND SUNSET
JUNE 28 2017..........SUNRISE   622 AM EDT   SUNSET   910 PM EDT
JUNE 29 2017..........SUNRISE   623 AM EDT   SUNSET   910 PM EDT


-  INDICATES NEGATIVE NUMBERS.
R  INDICATES RECORD WAS SET OR TIED.
MM INDICATES DATA IS MISSING.
T  INDICATES TRACE AMOUNT.




$$
