000
CDUS43 KLMK 190632
CLISDF


CLIMATE REPORT
NATIONAL WEATHER SERVICE LOUISVILLE KY
231 AM EDT THU OCT 19 2017


...................................

...THE LOUISVILLE KY CLIMATE SUMMARY FOR OCTOBER 18 2017...

CLIMATE NORMAL PERIOD 1981 TO 2010
CLIMATE RECORD PERIOD 1871 TO 2017


WEATHER ITEM   OBSERVED TIME   RECORD YEAR NORMAL DEPARTURE LAST
                VALUE   (LST)  VALUE       VALUE  FROM      YEAR
                                                  NORMAL
..................................................................
TEMPERATURE (F)
 YESTERDAY
  MAXIMUM         72    236 PM  87    2016  69      3       87
  MINIMUM         44    658 AM  25    1948  48     -4       72
  AVERAGE         58                        59     -1       80

PRECIPITATION (IN)
  YESTERDAY        0.00          5.07 2004   0.10  -0.10     0.00
  MONTH TO DATE    2.92                      1.89   1.03      T
  SINCE SEP 1      8.39                      4.94   3.45     2.28
  SINCE JAN 1     37.80                     36.16   1.64    35.95

SNOWFALL (IN)
  YESTERDAY        0.0           T    1989   0.0    0.0      0.0
  MONTH TO DATE    0.0                       0.0    0.0      0.0
  SINCE SEP 1      0.0                       0.0    0.0      0.0
  SINCE JUL 1      0.0                       0.0    0.0      0.0
  SNOW DEPTH       0

DEGREE DAYS
 HEATING
  YESTERDAY        7                         7      0        0
  MONTH TO DATE   27                        95    -68       18
  SINCE SEP 1     40                       125    -85       30
  SINCE JUL 1     40                       125    -85       30

 COOLING
  YESTERDAY        0                         1     -1       15
  MONTH TO DATE   73                        33     40       95
  SINCE SEP 1    283                       243     40      429
  SINCE JAN 1   1777                      1600    177     2037
..................................................................


WIND (MPH)
  HIGHEST WIND SPEED    14   HIGHEST WIND DIRECTION     S (180)
  HIGHEST GUST SPEED    17   HIGHEST GUST DIRECTION     S (180)
  AVERAGE WIND SPEED     5.5


SKY COVER
  POSSIBLE SUNSHINE  MM
  AVERAGE SKY COVER 0.2


WEATHER CONDITIONS
 THE FOLLOWING WEATHER WAS RECORDED YESTERDAY.
  NO SIGNIFICANT WEATHER WAS OBSERVED.


RELATIVE HUMIDITY (PERCENT)
 HIGHEST    93           300 AM
 LOWEST     37           300 PM
 AVERAGE    65

..........................................................


THE LOUISVILLE KY CLIMATE NORMALS FOR TODAY
                         NORMAL    RECORD    YEAR
 MAXIMUM TEMPERATURE (F)   69        87      2016
                                             2005
 MINIMUM TEMPERATURE (F)   48        30      1948


SUNRISE AND SUNSET
OCTOBER 19 2017.......SUNRISE   756 AM EDT   SUNSET   659 PM EDT
OCTOBER 20 2017.......SUNRISE   757 AM EDT   SUNSET   658 PM EDT


-  INDICATES NEGATIVE NUMBERS.
R  INDICATES RECORD WAS SET OR TIED.
MM INDICATES DATA IS MISSING.
T  INDICATES TRACE AMOUNT.




$$
