000
CDUS43 KLMK 300627
CLISDF


CLIMATE REPORT
NATIONAL WEATHER SERVICE LOUISVILLE KY
227 AM EDT THU MAR 30 2017


...................................

...THE LOUISVILLE KY CLIMATE SUMMARY FOR MARCH 29 2017...

CLIMATE NORMAL PERIOD 1981 TO 2010
CLIMATE RECORD PERIOD 1871 TO 2017


WEATHER ITEM   OBSERVED TIME   RECORD YEAR NORMAL DEPARTURE LAST
                VALUE   (LST)  VALUE       VALUE  FROM      YEAR
                                                  NORMAL
..................................................................
TEMPERATURE (F)
 YESTERDAY
  MAXIMUM         68    440 PM  86    1895  63      5       62
  MINIMUM         53    450 AM  18    1887  42     11       41
  AVERAGE         61                        52      9       52

PRECIPITATION (IN)
  YESTERDAY        0.00          1.37 1965   0.14  -0.14     0.00
  MONTH TO DATE    3.42                      3.89  -0.47     4.25
  SINCE MAR 1      3.42                      3.89  -0.47     4.25
  SINCE JAN 1      9.69                     10.31  -0.62    10.07

SNOWFALL (IN)
  YESTERDAY        0.0           6.4  1970   0.1   -0.1      0.0
  MONTH TO DATE    T                         1.4   -1.4      0.5
  SINCE MAR 1      T                         1.4   -1.4      0.5
  SINCE JUL 1      2.7                      12.4   -9.7     14.9
  SNOW DEPTH       0

DEGREE DAYS
 HEATING
  YESTERDAY        4                        13     -9       13
  MONTH TO DATE  447                       512    -65      331
  SINCE MAR 1    447                       512    -65      331
  SINCE JUL 1   2912                      3753   -841     2953

 COOLING
  YESTERDAY        0                         0      0        0
  MONTH TO DATE    8                         0      8        6
  SINCE MAR 1      8                         0      8        6
  SINCE JAN 1     13                         0     13        6
..................................................................


WIND (MPH)
  HIGHEST WIND SPEED    17   HIGHEST WIND DIRECTION     E (100)
  HIGHEST GUST SPEED    21   HIGHEST GUST DIRECTION     E (100)
  AVERAGE WIND SPEED     9.2


SKY COVER
  POSSIBLE SUNSHINE  MM
  AVERAGE SKY COVER 0.8


WEATHER CONDITIONS
 THE FOLLOWING WEATHER WAS RECORDED YESTERDAY.
  HAZE


RELATIVE HUMIDITY (PERCENT)
 HIGHEST    83           200 AM
 LOWEST     52           200 PM
 AVERAGE    68

..........................................................


THE LOUISVILLE KY CLIMATE NORMALS FOR TODAY
                         NORMAL    RECORD    YEAR
 MAXIMUM TEMPERATURE (F)   63        83      2012
                                             1977
                                             1895
 MINIMUM TEMPERATURE (F)   42        20      1964
                                             1923


SUNRISE AND SUNSET
MARCH 30 2017.........SUNRISE   731 AM EDT   SUNSET   804 PM EDT
MARCH 31 2017.........SUNRISE   729 AM EDT   SUNSET   805 PM EDT


-  INDICATES NEGATIVE NUMBERS.
R  INDICATES RECORD WAS SET OR TIED.
MM INDICATES DATA IS MISSING.
T  INDICATES TRACE AMOUNT.




$$
