000
CDUS43 KLMK 282030
CLISDF


CLIMATE REPORT
NATIONAL WEATHER SERVICE LOUISVILLE KY
429 PM EDT WED SEP 28 2016


...................................

...THE LOUISVILLE KY CLIMATE SUMMARY FOR SEPTEMBER 28 2016...
VALID TODAY AS OF 0400 PM LOCAL TIME.

CLIMATE NORMAL PERIOD 1981 TO 2010
CLIMATE RECORD PERIOD 1871 TO 2016


WEATHER ITEM   OBSERVED TIME   RECORD YEAR NORMAL DEPARTURE LAST
                VALUE   (LST)  VALUE       VALUE  FROM      YEAR
                                                  NORMAL
..................................................................
TEMPERATURE (F)
 TODAY
  MAXIMUM         69   1014 AM  93    1959  77     -8       85
                                      1939
  MINIMUM         59    820 AM  36    1942  55      4       66
  AVERAGE         64                        66     -2       76

PRECIPITATION (IN)
  TODAY            0.63          1.69 1944   0.11   0.52     0.01
  MONTH TO DATE    1.71                      2.83  -1.12     0.91
  SINCE SEP 1      1.71                      2.83  -1.12     0.91
  SINCE JAN 1     35.38                     34.05   1.33    43.97

SNOWFALL (IN)
  TODAY            0.0          MM      MM   0.0    0.0      0.0
  MONTH TO DATE    0.0                       0.0    0.0      0.0
  SINCE SEP 1      0.0                       0.0    0.0      0.0
  SINCE JUL 1      0.0                       0.0    0.0      0.0
  SNOW DEPTH       0

DEGREE DAYS
 HEATING
  TODAY            1                         3     -2        0
  MONTH TO DATE    1                        23    -22        4
  SINCE SEP 1      1                        23    -22        4
  SINCE JUL 1      1                        23    -22        4

 COOLING
  TODAY            0                         4     -4       11
  MONTH TO DATE  334                       204    130      270
  SINCE SEP 1    334                       204    130      270
  SINCE JAN 1   1942                      1561    381     1724
..................................................................


WIND (MPH)
  HIGHEST WIND SPEED    20   HIGHEST WIND DIRECTION    SW (220)
  HIGHEST GUST SPEED    31   HIGHEST GUST DIRECTION    SW (220)
  AVERAGE WIND SPEED     7.3


SKY COVER
  POSSIBLE SUNSHINE  MM
  AVERAGE SKY COVER 0.6


WEATHER CONDITIONS
 THE FOLLOWING WEATHER WAS RECORDED TODAY.
  THUNDERSTORM
  HEAVY RAIN
  RAIN
  LIGHT RAIN
  FOG


RELATIVE HUMIDITY (PERCENT)
 HIGHEST    90           200 PM
 LOWEST     48           300 AM
 AVERAGE    69

..........................................................


THE LOUISVILLE KY CLIMATE NORMALS FOR TOMORROW
                         NORMAL    RECORD    YEAR
 MAXIMUM TEMPERATURE (F)   76        99      1953
 MINIMUM TEMPERATURE (F)   55        38      1967


SUNRISE AND SUNSET
SEPTEMBER 28 2016.....SUNRISE   736 AM EDT   SUNSET   730 PM EDT
SEPTEMBER 29 2016.....SUNRISE   737 AM EDT   SUNSET   728 PM EDT


-  INDICATES NEGATIVE NUMBERS.
R  INDICATES RECORD WAS SET OR TIED.
MM INDICATES DATA IS MISSING.
T  INDICATES TRACE AMOUNT.




$$
