000
CDUS43 KLMK 312039
CLISDF


CLIMATE REPORT
NATIONAL WEATHER SERVICE LOUISVILLE KY
438 PM EDT TUE MAY 31 2016


...................................

...THE LOUISVILLE KY CLIMATE SUMMARY FOR MAY 31 2016...
VALID TODAY AS OF 0400 PM LOCAL TIME.

CLIMATE NORMAL PERIOD 1981 TO 2010
CLIMATE RECORD PERIOD 1871 TO 2016


WEATHER ITEM   OBSERVED TIME   RECORD YEAR NORMAL DEPARTURE LAST
                VALUE   (LST)  VALUE       VALUE  FROM      YEAR
                                                  NORMAL
..................................................................
TEMPERATURE (F)
 TODAY
  MAXIMUM         88    242 PM  94    2011  81      7       72
                                      1937
                                      1895
  MINIMUM         67    556 AM  37    1889  62      5       63
  AVERAGE         78                        71      7       68

PRECIPITATION (IN)
  TODAY            0.00          1.84 1907   0.16  -0.16      T
  MONTH TO DATE    4.56                      5.27  -0.71     2.38
  SINCE MAR 1     13.24                     13.45  -0.21    21.02
  SINCE JAN 1     19.06                     19.87  -0.81    24.12

SNOWFALL (IN)
  TODAY            0.0          MM      MM   0.0    0.0      0.0
  MONTH TO DATE    0.0                       0.0    0.0      0.0
  SINCE MAR 1      0.5                       1.5   -1.0     11.9
  SINCE JUL 1     14.9                      12.5    2.4     27.6
  SNOW DEPTH       0

DEGREE DAYS
 HEATING
  TODAY            0                         1     -1        0
  MONTH TO DATE   91                        68     23       24
  SINCE MAR 1    630                       851   -221      767
  SINCE JUL 1   3252                      4092   -840     4387

 COOLING
  TODAY           13                         7      6        3
  MONTH TO DATE  130                       131     -1      209
  SINCE MAR 1    193                       174     19      251
  SINCE JAN 1    193                       174     19      251
..................................................................


WIND (MPH)
  HIGHEST WIND SPEED    14   HIGHEST WIND DIRECTION     S (160)
  HIGHEST GUST SPEED    18   HIGHEST GUST DIRECTION     S (160)
  AVERAGE WIND SPEED     2.4


SKY COVER
  POSSIBLE SUNSHINE  MM
  AVERAGE SKY COVER 0.8


WEATHER CONDITIONS
 THE FOLLOWING WEATHER WAS RECORDED TODAY.
  NO SIGNIFICANT WEATHER WAS OBSERVED.


RELATIVE HUMIDITY (PERCENT)
 HIGHEST    81           500 AM
 LOWEST     40          1200 PM
 AVERAGE    61

..........................................................


THE LOUISVILLE KY CLIMATE NORMALS FOR TOMORROW
                         NORMAL    RECORD    YEAR
 MAXIMUM TEMPERATURE (F)   81        96      1951
                                             1934
                                             1895
 MINIMUM TEMPERATURE (F)   62        42      1966


SUNRISE AND SUNSET
MAY 31 2016...........SUNRISE   622 AM EDT   SUNSET   900 PM EDT
JUNE  1 2016..........SUNRISE   621 AM EDT   SUNSET   901 PM EDT


-  INDICATES NEGATIVE NUMBERS.
R  INDICATES RECORD WAS SET OR TIED.
MM INDICATES DATA IS MISSING.
T  INDICATES TRACE AMOUNT.




$$
