676
CDUS43 KLMK 050627
CLISDF


CLIMATE REPORT
NATIONAL WEATHER SERVICE LOUISVILLE KY
226 AM EDT THU MAY 5 2016


...................................

...THE LOUISVILLE KY CLIMATE SUMMARY FOR MAY 4 2016...

CLIMATE NORMAL PERIOD 1981 TO 2010
CLIMATE RECORD PERIOD 1871 TO 2016


WEATHER ITEM   OBSERVED TIME   RECORD YEAR NORMAL DEPARTURE LAST
                VALUE   (LST)  VALUE       VALUE  FROM      YEAR
                                                  NORMAL
..................................................................
TEMPERATURE (F)
 YESTERDAY
  MAXIMUM         62    608 PM  95    1959  74    -12       85
  MINIMUM         49   1159 PM  32    1976  53     -4       58
  AVERAGE         56                        64     -8       72

PRECIPITATION (IN)
  YESTERDAY        0.23          2.10 1884   0.18   0.05     0.00
  MONTH TO DATE    0.56                      0.70  -0.14     0.00
  SINCE MAR 1      9.24                      8.88   0.36    18.64
  SINCE JAN 1     15.06                     15.30  -0.24    21.74

SNOWFALL (IN)
  YESTERDAY        0.0          MM      MM   0.0    0.0      0.0
  MONTH TO DATE    0.0                       0.0    0.0      0.0
  SINCE MAR 1      0.5                       1.5   -1.0     11.9
  SINCE JUL 1     14.9                      12.5    2.4     27.6
  SNOW DEPTH       0

DEGREE DAYS
 HEATING
  YESTERDAY        9                         4      5        0
  MONTH TO DATE   14                        16     -2        6
  SINCE MAR 1    553                       800   -247      749
  SINCE JUL 1   3175                      4041   -866     4369

 COOLING
  YESTERDAY        0                         2     -2        7
  MONTH TO DATE    9                         8      1       10
  SINCE MAR 1     72                        51     21       52
  SINCE JAN 1     72                        51     21       52
..................................................................


WIND (MPH)
  HIGHEST WIND SPEED    26   HIGHEST WIND DIRECTION    NW (310)
  HIGHEST GUST SPEED    36   HIGHEST GUST DIRECTION    NW (330)
  AVERAGE WIND SPEED     8.3


SKY COVER
  POSSIBLE SUNSHINE  MM
  AVERAGE SKY COVER 0.7


WEATHER CONDITIONS
 THE FOLLOWING WEATHER WAS RECORDED YESTERDAY.
  LIGHT RAIN
  FOG


RELATIVE HUMIDITY (PERCENT)
 HIGHEST    89          1200 PM
 LOWEST     57           900 AM
 AVERAGE    73

..........................................................


THE LOUISVILLE KY CLIMATE NORMALS FOR TODAY
                         NORMAL    RECORD    YEAR
 MAXIMUM TEMPERATURE (F)   74        94      1959
                                             1949
 MINIMUM TEMPERATURE (F)   54        36      1954


SUNRISE AND SUNSET
MAY  5 2016...........SUNRISE   641 AM EDT   SUNSET   838 PM EDT
MAY  6 2016...........SUNRISE   640 AM EDT   SUNSET   839 PM EDT


-  INDICATES NEGATIVE NUMBERS.
R  INDICATES RECORD WAS SET OR TIED.
MM INDICATES DATA IS MISSING.
T  INDICATES TRACE AMOUNT.




$$
