000
CDUS43 KLMK 050628
CLISDF


CLIMATE REPORT
NATIONAL WEATHER SERVICE LOUISVILLE KY
227 AM EDT SUN JUL 5 2015


...................................

...THE LOUISVILLE KY CLIMATE SUMMARY FOR JULY 4 2015...

CLIMATE NORMAL PERIOD 1981 TO 2010
CLIMATE RECORD PERIOD 1871 TO 2015


WEATHER ITEM   OBSERVED TIME   RECORD YEAR NORMAL DEPARTURE LAST
                VALUE   (LST)  VALUE       VALUE  FROM      YEAR
                                                  NORMAL
..................................................................
TEMPERATURE (F)
 YESTERDAY
  MAXIMUM         85    348 PM 102    2012  89     -4       82
                                      1911
  MINIMUM         69    456 AM  51    1968  70     -1       58
  AVERAGE         77                        79     -2       70

PRECIPITATION (IN)
  YESTERDAY        0.00          5.04 1896   0.12  -0.12     0.00
  MONTH TO DATE    2.61                      0.49   2.12     0.24
  SINCE JUN 1      9.43                      4.28   5.15     1.89
  SINCE JAN 1     33.55                     24.15   9.40    21.40

SNOWFALL (IN)
  YESTERDAY        0.0          MM      MM   0.0    0.0      0.0
  MONTH TO DATE    0.0                       0.0    0.0      0.0
  SINCE JUN 1      0.0                       0.0    0.0      0.0
  SINCE JUL 1      0.0                       0.0    0.0      0.0
  SNOW DEPTH       0

DEGREE DAYS
 HEATING
  YESTERDAY        0                         0      0        0
  MONTH TO DATE    0                         0      0        0
  SINCE JUN 1      6                         5      1        0
  SINCE JUL 1      0                         0      0        0

 COOLING
  YESTERDAY       12                        14     -2        5
  MONTH TO DATE   43                        56    -13       39
  SINCE JUN 1    429                       380     49      432
  SINCE JAN 1    680                       554    126      666
..................................................................


WIND (MPH)
  HIGHEST WIND SPEED     9   HIGHEST WIND DIRECTION     N (360)
  HIGHEST GUST SPEED    13   HIGHEST GUST DIRECTION    NE (30)
  AVERAGE WIND SPEED     3.5


SKY COVER
  POSSIBLE SUNSHINE  MM
  AVERAGE SKY COVER 0.9


WEATHER CONDITIONS
 THE FOLLOWING WEATHER WAS RECORDED YESTERDAY.
  FOG
  HAZE


RELATIVE HUMIDITY (PERCENT)
 HIGHEST    90           100 AM
 LOWEST     55           100 PM
 AVERAGE    73

..........................................................


THE LOUISVILLE KY CLIMATE NORMALS FOR TODAY
                         NORMAL    RECORD    YEAR
 MAXIMUM TEMPERATURE (F)   89       104      2012
 MINIMUM TEMPERATURE (F)   70        53      1968


SUNRISE AND SUNSET
JULY  5 2015..........SUNRISE   625 AM EDT   SUNSET   909 PM EDT
JULY  6 2015..........SUNRISE   626 AM EDT   SUNSET   909 PM EDT


-  INDICATES NEGATIVE NUMBERS.
R  INDICATES RECORD WAS SET OR TIED.
MM INDICATES DATA IS MISSING.
T  INDICATES TRACE AMOUNT.




$$
