000
CDUS43 KLMK 180626
CLISDF


CLIMATE REPORT
NATIONAL WEATHER SERVICE LOUISVILLE KY
126 AM EST THU DEC 18 2014


...................................

...THE LOUISVILLE KY CLIMATE SUMMARY FOR DECEMBER 17 2014...

CLIMATE NORMAL PERIOD 1981 TO 2010
CLIMATE RECORD PERIOD 1871 TO 2014


WEATHER ITEM   OBSERVED TIME   RECORD YEAR NORMAL DEPARTURE LAST
                VALUE   (LST)  VALUE       VALUE  FROM      YEAR
                                                  NORMAL
..................................................................
TEMPERATURE (F)
 YESTERDAY
  MAXIMUM         37    306 PM  70    2006  45     -8       45
  MINIMUM         31   1159 PM   1    1989  29      2       30
  AVERAGE         34                        37     -3       38

PRECIPITATION (IN)
  YESTERDAY        T             1.67 1915   0.12  -0.12      T
  MONTH TO DATE    2.83                      2.11   0.72     2.12
  SINCE DEC 1      2.83                      2.11   0.72     2.12
  SINCE JAN 1     42.53                     43.19  -0.66    50.29

SNOWFALL (IN)
  YESTERDAY        0.0           2.5  1904   0.0    0.0       T
  MONTH TO DATE    0.0                       1.1   -1.1      5.3
  SINCE DEC 1      0.0                       1.1   -1.1      5.3
  SINCE JUL 1      3.7                       1.3    2.4      5.8
  SNOW DEPTH       0

DEGREE DAYS
 HEATING
  YESTERDAY       31                        28      3       27
  MONTH TO DATE  379                       435    -56      468
  SINCE DEC 1    379                       435    -56      468
  SINCE JUL 1   1265                      1170     95     1298

 COOLING
  YESTERDAY        0                         0      0        0
  MONTH TO DATE    0                         0      0        0
  SINCE DEC 1      0                         0      0        0
  SINCE JAN 1   1626                      1613     13     1628
..................................................................


WIND (MPH)
  HIGHEST WIND SPEED    18   HIGHEST WIND DIRECTION     W (270)
  HIGHEST GUST SPEED    22   HIGHEST GUST DIRECTION     W (270)
  AVERAGE WIND SPEED     9.5


SKY COVER
  POSSIBLE SUNSHINE  MM
  AVERAGE SKY COVER 0.9


WEATHER CONDITIONS
 THE FOLLOWING WEATHER WAS RECORDED YESTERDAY.
  LIGHT RAIN


RELATIVE HUMIDITY (PERCENT)
 HIGHEST    82           200 AM
 LOWEST     64           200 PM
 AVERAGE    73

..........................................................


THE LOUISVILLE KY CLIMATE NORMALS FOR TODAY
                         NORMAL    RECORD    YEAR
 MAXIMUM TEMPERATURE (F)   45        67      1877
 MINIMUM TEMPERATURE (F)   29         1      1884


SUNRISE AND SUNSET
DECEMBER 18 2014......SUNRISE   754 AM EST   SUNSET   525 PM EST
DECEMBER 19 2014......SUNRISE   755 AM EST   SUNSET   525 PM EST


-  INDICATES NEGATIVE NUMBERS.
R  INDICATES RECORD WAS SET OR TIED.
MM INDICATES DATA IS MISSING.
T  INDICATES TRACE AMOUNT.




$$
