000
CDUS46 KSEW 270120
CLISEW


CLIMATE REPORT
NATIONAL WEATHER SERVICE SEATTLE WA
519 PM PST MON JAN 26 2015


...................................

...THE SEATTLE WA WFO CLIMATE SUMMARY FOR JANUARY 26 2015...
VALID TODAY AS OF 0500 PM LOCAL TIME.

CLIMATE NORMAL PERIOD 1981 TO 2010
CLIMATE RECORD PERIOD 1986 TO 2015


WEATHER ITEM   OBSERVED TIME   RECORD YEAR     LAST
                VALUE   (LST)  VALUE           YEAR
....................................................
TEMPERATURE (F)
 TODAY
  MAXIMUM         63R       MM  58    2003    48
  MINIMUM         44        MM  24    1997    32
  AVERAGE         54                          40

PRECIPITATION (IN)
  TODAY            0.00          0.39 2013     0.00
  MONTH TO DATE    2.54                        2.72
  SINCE OCT 1     19.10                        8.57
  SINCE JAN 1      2.54                        2.72

SNOWFALL (IN)
  TODAY            0.0                         0.0
  MONTH TO DATE    0.0                         0.0
  SINCE OCT 1      T                           0.9
  SINCE JUL 1      T                           0.9
  SNOW DEPTH       0

DEGREE DAYS
 HEATING
  TODAY           11                          25
  MONTH TO DATE  505                         567
  SINCE DEC 1   1113                        1384
  SINCE JUL 1   1925                        2480

 COOLING
  TODAY            0                           0
  MONTH TO DATE    0                           0
  SINCE DEC 1      0                           0
  SINCE JAN 1      0                           0
....................................................


WIND (MPH)
  HIGHEST WIND SPEED    MM   HIGHEST WIND DIRECTION    MM
  HIGHEST GUST SPEED    MM   HIGHEST GUST DIRECTION    MM
  AVERAGE WIND SPEED    MM



WEATHER CONDITIONS
 THE FOLLOWING WEATHER WAS RECORDED TODAY.
  FOG
  FOG W/VISIBILITY <= 1/4 MILE






-  INDICATES NEGATIVE NUMBERS.
R  INDICATES RECORD WAS SET OR TIED.
MM INDICATES DATA IS MISSING.
T  INDICATES TRACE AMOUNT.




$$
