000
CDUS46 KSEW 280828
CLISEW


CLIMATE REPORT
NATIONAL WEATHER SERVICE SEATTLE WA
1228 AM PST SAT FEB 28 2015


...................................

...THE SEATTLE WA WFO CLIMATE SUMMARY FOR FEBRUARY 27 2015...

CLIMATE NORMAL PERIOD 1981 TO 2010
CLIMATE RECORD PERIOD 1986 TO 2015


WEATHER ITEM   OBSERVED TIME   RECORD YEAR     LAST
                VALUE   (LST)  VALUE           YEAR
....................................................
TEMPERATURE (F)
 YESTERDAY
  MAXIMUM         51        MM  65    1990    54
  MINIMUM         46        MM  28    2002    41
  AVERAGE         49                          48

PRECIPITATION (IN)
  YESTERDAY        0.70R         0.32 2011     0.00
  MONTH TO DATE    4.40                        5.13
  SINCE OCT 1     23.62                       15.00
  SINCE JAN 1      7.06                        9.15

SNOWFALL (IN)
  YESTERDAY        0.0                         0.0
  MONTH TO DATE    0.0                         2.0
  SINCE OCT 1      T                           2.9
  SINCE JUL 1      T                           2.9
  SNOW DEPTH       0

DEGREE DAYS
 HEATING
  YESTERDAY       16                          17
  MONTH TO DATE  443                         657
  SINCE DEC 1   1651                        2151
  SINCE JUL 1   2463                        3247

 COOLING
  YESTERDAY        0                           0
  MONTH TO DATE    0                           0
  SINCE DEC 1      0                           0
  SINCE JAN 1      0                           0
....................................................


WIND (MPH)
  HIGHEST WIND SPEED    MM   HIGHEST WIND DIRECTION    MM
  HIGHEST GUST SPEED    MM   HIGHEST GUST DIRECTION    MM
  AVERAGE WIND SPEED    MM



WEATHER CONDITIONS
 THE FOLLOWING WEATHER WAS RECORDED YESTERDAY.
  LIGHT RAIN
  FOG






-  INDICATES NEGATIVE NUMBERS.
R  INDICATES RECORD WAS SET OR TIED.
MM INDICATES DATA IS MISSING.
T  INDICATES TRACE AMOUNT.




$$
