000
CDUS46 KMTR 280826
CLISFD


CLIMATE REPORT
NATIONAL WEATHER SERVICE SAN FRANCISCO BAY AREA
126 AM PDT MON JUL 28 2014


...................................

...THE SAN FRANCISCO DWTN CA CLIMATE SUMMARY FOR JULY 27 2014...

CLIMATE NORMAL PERIOD 1981 TO 2010
CLIMATE RECORD PERIOD 1850 TO 2014


WEATHER ITEM   OBSERVED TIME   RECORD YEAR NORMAL DEPARTURE LAST
                VALUE   (LST)  VALUE       VALUE  FROM      YEAR
                                                  NORMAL
..................................................................
TEMPERATURE (F)
 YESTERDAY
  MAXIMUM         69    443 PM  86    1995  66      3       62
  MINIMUM         59   1143 PM  49    1897  55      4       54
  AVERAGE         64                        61      3       58

PRECIPITATION (IN)
  YESTERDAY        0.00          0.02 1858   0.00   0.00     0.00
  MONTH TO DATE    0.08                      0.00   0.08     0.00
  SINCE JUL 1      0.08                      0.00   0.08     0.00
  SINCE JAN 1     10.54                     14.54  -4.00     3.51

DEGREE DAYS
 HEATING
  YESTERDAY        1                        MM     MM        7
  MONTH TO DATE   62                        MM     MM      135
  SINCE JUN 1    213                        MM     MM      274
  SINCE JUL 1     62                        MM     MM      135

 COOLING
  YESTERDAY        0                        MM     MM        0
  MONTH TO DATE   16                         0     16        5
  SINCE JUN 1     17                         0     17       12
  SINCE JAN 1     66                         0     66       25
..................................................................







THE SAN FRANCISCO DWTN CA CLIMATE NORMALS FOR TODAY
                         NORMAL    RECORD    YEAR
 MAXIMUM TEMPERATURE (F)   66        84      1954
 MINIMUM TEMPERATURE (F)   55        48      1897


SUNRISE AND SUNSET
JULY 28 2014..........SUNRISE   610 AM PDT   SUNSET   822 PM PDT
JULY 29 2014..........SUNRISE   611 AM PDT   SUNSET   821 PM PDT


-  INDICATES NEGATIVE NUMBERS.
R  INDICATES RECORD WAS SET OR TIED.
MM INDICATES DATA IS MISSING.
T  INDICATES TRACE AMOUNT.




$$
