000
CDUS46 KMTR 300845
CLISFD


CLIMATE REPORT
NATIONAL WEATHER SERVICE SAN FRANCISCO BAY AREA
145 AM PDT SUN AUG 30 2015


...................................

...THE SAN FRANCISCO DWTN CA CLIMATE SUMMARY FOR AUGUST 29 2015...

CLIMATE NORMAL PERIOD 1981 TO 2010
CLIMATE RECORD PERIOD 1850 TO 2015


WEATHER ITEM   OBSERVED TIME   RECORD YEAR NORMAL DEPARTURE LAST
                VALUE   (LST)  VALUE       VALUE  FROM      YEAR
                                                  NORMAL
..................................................................
TEMPERATURE (F)
 YESTERDAY
  MAXIMUM         MM        MM  96    1968  69     MM       69
  MINIMUM         MM        MM  48    1955  55     MM       58
  AVERAGE         MM                        62     MM       64

PRECIPITATION (IN)
  YESTERDAY       MM             0.10 1951   0.00  MM        0.00
  MONTH TO DATE    0.02                      0.05  -0.03     0.01
  SINCE OCT 1     17.66                     23.43  -5.77    12.20
  SINCE JAN 1      3.21                     14.59 -11.38    10.55

DEGREE DAYS
 HEATING
  YESTERDAY       MM                        MM     MM        1
  MONTH TO DATE   16                        MM     MM       56
  SINCE JUN 1    195                        MM     MM      281
  SINCE JUL 1     59                        MM     MM      130

 COOLING
  YESTERDAY       MM                        MM     MM        0
  MONTH TO DATE   48                         0     48        0
  SINCE JUN 1     69                         0     69       17
  SINCE JAN 1     83                         0     83       66
..................................................................







THE SAN FRANCISCO DWTN CA CLIMATE NORMALS FOR TODAY
                         NORMAL    RECORD    YEAR
 MAXIMUM TEMPERATURE (F)   70        89      1879
 MINIMUM TEMPERATURE (F)   55        49      1911


SUNRISE AND SUNSET
AUGUST 30 2015........SUNRISE   638 AM PDT   SUNSET   742 PM PDT
AUGUST 31 2015........SUNRISE   639 AM PDT   SUNSET   741 PM PDT


-  INDICATES NEGATIVE NUMBERS.
R  INDICATES RECORD WAS SET OR TIED.
MM INDICATES DATA IS MISSING.
T  INDICATES TRACE AMOUNT.




$$
