000
CDUS46 KMTR 260835
CLISFD


CLIMATE REPORT
NATIONAL WEATHER SERVICE SAN FRANCISCO BAY AREA
1226 AM PST WED NOV 26 2014


...................................

...THE SAN FRANCISCO DWTN CA CLIMATE SUMMARY FOR NOVEMBER 25 2014...

CLIMATE NORMAL PERIOD 1981 TO 2010
CLIMATE RECORD PERIOD 1850 TO 2014


WEATHER ITEM   OBSERVED TIME   RECORD YEAR NORMAL DEPARTURE LAST
                VALUE   (LST)  VALUE       VALUE  FROM      YEAR
                                                  NORMAL
..................................................................
TEMPERATURE (F)
 YESTERDAY
  MAXIMUM         65    243 PM  76    1975  61      4       62
  MINIMUM         52    443 AM  42    2010  49      3       47
                                      1892
  AVERAGE         59                        55      4       55

PRECIPITATION (IN)
  YESTERDAY        0.00          1.73 1859   0.12  -0.12     0.00
  MONTH TO DATE    1.36                      2.52  -1.16     1.26
  SINCE JUL 1      2.46                      3.91  -1.45     1.69
  SINCE JAN 1     12.92                     18.45  -5.53     5.20

DEGREE DAYS
 HEATING
  YESTERDAY        6                        MM     MM       10
  MONTH TO DATE  121                        MM     MM      174
  SINCE SEP 1    208                        MM     MM      407
  SINCE JUL 1    338                        MM     MM      677

 COOLING
  YESTERDAY        0                        MM     MM        0
  MONTH TO DATE    2                         0      2        0
  SINCE SEP 1     96                         0     96       43
  SINCE JAN 1    163                         0    163       71
..................................................................







THE SAN FRANCISCO DWTN CA CLIMATE NORMALS FOR TODAY
                         NORMAL    RECORD    YEAR
 MAXIMUM TEMPERATURE (F)   60        77      1959
 MINIMUM TEMPERATURE (F)   49        41      1919


SUNRISE AND SUNSET
NOVEMBER 26 2014......SUNRISE   701 AM PST   SUNSET   452 PM PST
NOVEMBER 27 2014......SUNRISE   702 AM PST   SUNSET   452 PM PST


-  INDICATES NEGATIVE NUMBERS.
R  INDICATES RECORD WAS SET OR TIED.
MM INDICATES DATA IS MISSING.
T  INDICATES TRACE AMOUNT.




$$
