000
CDUS46 KMTR 300047
CLISFD


CLIMATE REPORT
NATIONAL WEATHER SERVICE SAN FRANCISCO BAY AREA
547 PM PDT FRI MAY 29 2015


...................................

...THE SAN FRANCISCO DWTN CA CLIMATE SUMMARY FOR MAY 29 2015...
VALID TODAY AS OF 0500 PM LOCAL TIME.

CLIMATE NORMAL PERIOD 1981 TO 2010
CLIMATE RECORD PERIOD 1850 TO 2015


WEATHER ITEM   OBSERVED TIME   RECORD YEAR NORMAL DEPARTURE LAST
                VALUE   (LST)  VALUE       VALUE  FROM      YEAR
                                                  NORMAL
..................................................................
TEMPERATURE (F)
 TODAY
  MAXIMUM         57    343 PM  93    1975  65     -8       72
  MINIMUM         50    743 AM  46    1893  52     -2       52
  AVERAGE         54                        59     -5       62

PRECIPITATION (IN)
  TODAY            0.00          0.33 1948   0.01  -0.01     0.00
  MONTH TO DATE    0.09                      0.67  -0.58     0.03
  SINCE OCT 1     17.43                     23.19  -5.76    12.10
  SINCE JAN 1      2.98                     14.35 -11.37    10.45

DEGREE DAYS
 HEATING
  TODAY           11                        MM     MM        3
  MONTH TO DATE  258                        MM     MM      151
  SINCE MAR 1    655                        MM     MM      572
  SINCE JUL 1   1729                        MM     MM     2235

 COOLING
  TODAY            0                        MM     MM        0
  MONTH TO DATE    0                         0      0       32
  SINCE MAR 1     14                         0     14       49
  SINCE JAN 1     14                         0     14       49
..................................................................







THE SAN FRANCISCO DWTN CA CLIMATE NORMALS FOR TOMORROW
                         NORMAL    RECORD    YEAR
 MAXIMUM TEMPERATURE (F)   65       101      2001
 MINIMUM TEMPERATURE (F)   52        47      1899


SUNRISE AND SUNSET
MAY 29 2015...........SUNRISE   551 AM PDT   SUNSET   824 PM PDT
MAY 30 2015...........SUNRISE   550 AM PDT   SUNSET   825 PM PDT


-  INDICATES NEGATIVE NUMBERS.
R  INDICATES RECORD WAS SET OR TIED.
MM INDICATES DATA IS MISSING.
T  INDICATES TRACE AMOUNT.




$$
