000
CDUS46 KOTX 240822
CLISFF


CLIMATE REPORT
NATIONAL WEATHER SERVICE SPOKANE, WA
122 AM PDT TUE MAY 24 2016


...................................

...THE SPOKANE WA FELTS AIRPORT CLIMATE SUMMARY FOR MAY 23 2016...

CLIMATE NORMAL PERIOD 1981 TO 2010
CLIMATE RECORD PERIOD 9999 TO 9999


WEATHER ITEM   OBSERVED TIME   RECORD YEAR NORMAL DEPARTURE LAST
                VALUE   (LST)  VALUE       VALUE  FROM      YEAR
                                                  NORMAL
..................................................................
TEMPERATURE (F)
 YESTERDAY
  MAXIMUM         56    208 PM  MM      MM  69    -13       85
  MINIMUM         48    506 AM  MM      MM  44      4       52
  AVERAGE         52                        57     -5       69

PRECIPITATION (IN)
  YESTERDAY        0.11         MM      MM   0.06   0.05     0.00
  MONTH TO DATE    1.59                      1.22   0.37     0.60
  SINCE OCT 1     14.12                     13.56   0.56    11.75
  SINCE JAN 1      8.58                      7.36   1.22     7.02

SNOWFALL (IN)
  YESTERDAY       MM

DEGREE DAYS
 HEATING
  YESTERDAY       13                         8      5        0
  MONTH TO DATE  117                       260   -143      132
  SINCE MAR 1   1048                      1544   -496     1203
  SINCE JUL 1   4953                      6115  -1162     5021

 COOLING
  YESTERDAY        0                         0      0        4
  MONTH TO DATE   10                         0     10       14
  SINCE MAR 1     15                         0     15       14
  SINCE JAN 1     15                         0     15       14
..................................................................


WIND (MPH)
  HIGHEST WIND SPEED    17   HIGHEST WIND DIRECTION    SW (230)
  HIGHEST GUST SPEED    24   HIGHEST GUST DIRECTION    SW (210)
  AVERAGE WIND SPEED     7.2


SKY COVER
  POSSIBLE SUNSHINE  MM
  AVERAGE SKY COVER 0.9


WEATHER CONDITIONS
 THE FOLLOWING WEATHER WAS RECORDED YESTERDAY.
  LIGHT RAIN


RELATIVE HUMIDITY (PERCENT)
 HIGHEST    89           800 PM
 LOWEST     54          1200 AM
 AVERAGE    72

..........................................................


THE SPOKANE WA FELTS AIRPORT CLIMATE NORMALS FOR TODAY
                         NORMAL    RECORD    YEAR
 MAXIMUM TEMPERATURE (F)   70        MM        MM
 MINIMUM TEMPERATURE (F)   45        MM        MM


SUNRISE AND SUNSET
MAY 24 2016...........SUNRISE   501 AM PDT   SUNSET   832 PM PDT
MAY 25 2016...........SUNRISE   500 AM PDT   SUNSET   833 PM PDT


-  INDICATES NEGATIVE NUMBERS.
R  INDICATES RECORD WAS SET OR TIED.
MM INDICATES DATA IS MISSING.
T  INDICATES TRACE AMOUNT.




$$
