000
CDUS46 KOTX 250825
CLISFF


CLIMATE REPORT
NATIONAL WEATHER SERVICE SPOKANE, WA
125 AM PDT THU MAY 25 2017


...................................

...THE SPOKANE WA FELTS AIRPORT CLIMATE SUMMARY FOR MAY 24 2017...

CLIMATE NORMAL PERIOD 1981 TO 2010
CLIMATE RECORD PERIOD 9999 TO 9999


WEATHER ITEM   OBSERVED TIME   RECORD YEAR NORMAL DEPARTURE LAST
                VALUE   (LST)  VALUE       VALUE  FROM      YEAR
                                                  NORMAL
..................................................................
TEMPERATURE (F)
 YESTERDAY
  MAXIMUM         65   1248 PM  MM      MM  70     -5       67
  MINIMUM         45   1128 PM  MM      MM  45      0       49
  AVERAGE         55                        57     -2       58

PRECIPITATION (IN)
  YESTERDAY        0.00         MM      MM   0.06  -0.06     0.01
  MONTH TO DATE    1.40                      1.28   0.12     1.60
  SINCE OCT 1     21.00                     13.62   7.38    14.13
  SINCE JAN 1     11.91                      7.42   4.49     8.59

SNOWFALL (IN)
  YESTERDAY       MM

DEGREE DAYS
 HEATING
  YESTERDAY       10                         8      2        7
  MONTH TO DATE  239                       268    -29      124
  SINCE MAR 1   1434                      1552   -118     1055
  SINCE JUL 1   6030                      6123    -93     4960

 COOLING
  YESTERDAY        0                         0      0        0
  MONTH TO DATE    7                         0      7       10
  SINCE MAR 1      7                         0      7       15
  SINCE JAN 1      7                         0      7       15
..................................................................


WIND (MPH)
  HIGHEST WIND SPEED    24   HIGHEST WIND DIRECTION    SW (230)
  HIGHEST GUST SPEED    30   HIGHEST GUST DIRECTION    SW (240)
  AVERAGE WIND SPEED     9.3


SKY COVER
  POSSIBLE SUNSHINE  MM
  AVERAGE SKY COVER 0.3


WEATHER CONDITIONS
 THE FOLLOWING WEATHER WAS RECORDED YESTERDAY.
  NO SIGNIFICANT WEATHER WAS OBSERVED.


RELATIVE HUMIDITY (PERCENT)
 HIGHEST    71          1100 PM
 LOWEST     24           100 PM
 AVERAGE    48

..........................................................


THE SPOKANE WA FELTS AIRPORT CLIMATE NORMALS FOR TODAY
                         NORMAL    RECORD    YEAR
 MAXIMUM TEMPERATURE (F)   70        MM        MM
 MINIMUM TEMPERATURE (F)   45        MM        MM


SUNRISE AND SUNSET
MAY 25 2017...........SUNRISE   501 AM PDT   SUNSET   833 PM PDT
MAY 26 2017...........SUNRISE   500 AM PDT   SUNSET   834 PM PDT


-  INDICATES NEGATIVE NUMBERS.
R  INDICATES RECORD WAS SET OR TIED.
MM INDICATES DATA IS MISSING.
T  INDICATES TRACE AMOUNT.




$$
