000
CDUS46 KMTR 050846
CLISFO


CLIMATE REPORT
NATIONAL WEATHER SERVICE SAN FRANCISCO BAY AREA
1246 AM PST THU MAR 5 2015


...................................

...THE SAN FRANCISCO AIRPORT CLIMATE SUMMARY FOR MARCH 4 2015...

CLIMATE NORMAL PERIOD 1981 TO 2010
CLIMATE RECORD PERIOD 1927 TO 2015


WEATHER ITEM   OBSERVED TIME   RECORD YEAR NORMAL DEPARTURE LAST
                VALUE   (LST)  VALUE       VALUE  FROM      YEAR
                                                  NORMAL
..................................................................
TEMPERATURE (F)
 YESTERDAY
  MAXIMUM         66        MM  77    1959  61      5       62
  MINIMUM         46    500 AM  35    1966  47     -1       53
  AVERAGE         56                        54      2       58

PRECIPITATION (IN)
  YESTERDAY        0.00          1.36 1996   0.12  -0.12      T
  MONTH TO DATE    0.00                      0.50  -0.50     0.25
  SINCE OCT 1     14.97                     16.11  -1.14     5.28
  SINCE JAN 1      2.01                      8.75  -6.74     4.02

SNOWFALL (IN)
  YESTERDAY        0.0           0.0
  MONTH TO DATE    0.0
  SINCE MAR 1      0.0
  SINCE JUL 1      0.0

DEGREE DAYS
 HEATING
  YESTERDAY        9                        11     -2        7
  MONTH TO DATE   35                        44     -9       33
  SINCE MAR 1     35                        44     -9       33
  SINCE JUL 1    982                      1850   -868     1578

 COOLING
  YESTERDAY        0                         0      0        0
  MONTH TO DATE    0                         0      0        0
  SINCE MAR 1      0                         0      0        0
  SINCE JAN 1      0                         0      0        0
..................................................................


WIND (MPH)
  RESULTANT WIND SPEED   2   RESULTANT WIND DIRECTION   W (280)
  HIGHEST WIND SPEED    12   HIGHEST WIND DIRECTION     W (280)
  HIGHEST GUST SPEED    MM   HIGHEST GUST DIRECTION    MM
  AVERAGE WIND SPEED     4.6


SKY COVER
  POSSIBLE SUNSHINE  MM
  AVERAGE SKY COVER 0.1


WEATHER CONDITIONS
 THE FOLLOWING WEATHER WAS RECORDED YESTERDAY.
  NO SIGNIFICANT WEATHER WAS OBSERVED.


RELATIVE HUMIDITY (PERCENT)
 HIGHEST    86           500 AM
 LOWEST     43           600 PM
 AVERAGE    65

..........................................................


THE SAN FRANCISCO AIRPORT CLIMATE NORMALS FOR TODAY
                         NORMAL    RECORD    YEAR
 MAXIMUM TEMPERATURE (F)   61        76      1959
 MINIMUM TEMPERATURE (F)   47        35      1955


SUNRISE AND SUNSET
MARCH  5 2015.........SUNRISE   635 AM PST   SUNSET   607 PM PST
MARCH  6 2015.........SUNRISE   634 AM PST   SUNSET   608 PM PST


-  INDICATES NEGATIVE NUMBERS.
R  INDICATES RECORD WAS SET OR TIED.
MM INDICATES DATA IS MISSING.
T  INDICATES TRACE AMOUNT.




$$
