000
CDUS46 KMTR 280836
CLISFO


CLIMATE REPORT
NATIONAL WEATHER SERVICE SAN FRANCISCO BAY AREA
1235 AM PST FRI NOV 28 2014


...................................

...THE SAN FRANCISCO AIRPORT CLIMATE SUMMARY FOR NOVEMBER 27 2014...

CLIMATE NORMAL PERIOD 1981 TO 2010
CLIMATE RECORD PERIOD 1927 TO 2014


WEATHER ITEM   OBSERVED TIME   RECORD YEAR NORMAL DEPARTURE LAST
                VALUE   (LST)  VALUE       VALUE  FROM      YEAR
                                                  NORMAL
..................................................................
TEMPERATURE (F)
 YESTERDAY
  MAXIMUM         64    318 PM  69    2002  60      4       62
                                      1891
  MINIMUM         50   1159 PM  37    1952  47      3       48
                                      1948
  AVERAGE         57                        53      4       55

PRECIPITATION (IN)
  YESTERDAY        0.00          1.11 1970   0.10  -0.10     0.00
  MONTH TO DATE    0.87                      2.08  -1.21     0.91
  SINCE JUL 1      1.60                      3.24  -1.64     1.14
  SINCE JAN 1      8.91                     16.32  -7.41     3.03

SNOWFALL (IN)
  YESTERDAY        0.0           0.0
  MONTH TO DATE    0.0
  SINCE SEP 1      0.0
  SINCE JUL 1      0.0

DEGREE DAYS
 HEATING
  YESTERDAY        8                        12     -4       10
  MONTH TO DATE  132                       241   -109      196
  SINCE SEP 1    147                       415   -268      357
  SINCE JUL 1    167                       528   -361      472

 COOLING
  YESTERDAY        0                         0      0        0
  MONTH TO DATE    0                         0      0        0
  SINCE SEP 1    244                        66    178       64
  SINCE JAN 1    497                       163    334      164
..................................................................


WIND (MPH)
  RESULTANT WIND SPEED   2   RESULTANT WIND DIRECTION  NW (310)
  HIGHEST WIND SPEED    15   HIGHEST WIND DIRECTION     W (270)
  HIGHEST GUST SPEED    17   HIGHEST GUST DIRECTION     W (270)
  AVERAGE WIND SPEED     3.6


SKY COVER
  POSSIBLE SUNSHINE  MM
  AVERAGE SKY COVER 0.4


WEATHER CONDITIONS
 THE FOLLOWING WEATHER WAS RECORDED YESTERDAY.
  FOG
  HAZE


RELATIVE HUMIDITY (PERCENT)
 HIGHEST   100           800 AM
 LOWEST     72           500 PM
 AVERAGE    86

..........................................................


THE SAN FRANCISCO AIRPORT CLIMATE NORMALS FOR TODAY
                         NORMAL    RECORD    YEAR
 MAXIMUM TEMPERATURE (F)   60        70      1995
                                             1890
 MINIMUM TEMPERATURE (F)   47        32      1952


SUNRISE AND SUNSET
NOVEMBER 28 2014......SUNRISE   703 AM PST   SUNSET   452 PM PST
NOVEMBER 29 2014......SUNRISE   704 AM PST   SUNSET   452 PM PST


-  INDICATES NEGATIVE NUMBERS.
R  INDICATES RECORD WAS SET OR TIED.
MM INDICATES DATA IS MISSING.
T  INDICATES TRACE AMOUNT.




$$
