415
CDUS43 KSGF 210640
CLISGF


CLIMATE REPORT
NATIONAL WEATHER SERVICE SPRINGFIELD MO
1238 AM CST TUE NOV 21 2017


...................................

...THE SPRINGFIELD MO CLIMATE SUMMARY FOR NOVEMBER 20 2017...

CLIMATE NORMAL PERIOD 1981 TO 2010
CLIMATE RECORD PERIOD 1888 TO 2017


WEATHER ITEM   OBSERVED TIME   RECORD YEAR NORMAL DEPARTURE LAST
                VALUE   (LST)  VALUE       VALUE  FROM      YEAR
                                                  NORMAL
..................................................................
TEMPERATURE (F)
 YESTERDAY
  MAXIMUM         62    259 PM  77    1897  55      7       55
  MINIMUM         35    336 AM  13    1937  33      2       25
                                      1914
  AVERAGE         49                        44      5       40

PRECIPITATION (IN)
  YESTERDAY        0.00          1.89 1992   0.15  -0.15     0.00
  MONTH TO DATE    0.37                      2.85  -2.48     2.21
  SINCE SEP 1      3.45                     11.05  -7.60     9.90
  SINCE JAN 1     46.03                     41.16   4.87    35.52

SNOWFALL (IN)
  YESTERDAY        0.0
  MONTH TO DATE    0.0
  SINCE SEP 1      0.0
  SINCE JUL 1      0.0
  SNOW DEPTH       0

DEGREE DAYS
 HEATING
  YESTERDAY       16                        21     -5       25
  MONTH TO DATE  292                       335    -43      213
  SINCE SEP 1    531                       641   -110      315
  SINCE JUL 1    531                       643   -112      315

 COOLING
  YESTERDAY        0                         0      0        0
  MONTH TO DATE    4                         0      4       17
  SINCE SEP 1    309                       201    108      376
  SINCE JAN 1   1467                      1387     80     1808
..................................................................


WIND (MPH)
  HIGHEST WIND SPEED    25   HIGHEST WIND DIRECTION     S (190)
  HIGHEST GUST SPEED    33   HIGHEST GUST DIRECTION     S (200)
  AVERAGE WIND SPEED    14.1


SKY COVER
  AVERAGE SKY COVER 0.0


WEATHER CONDITIONS
 THE FOLLOWING WEATHER WAS RECORDED YESTERDAY.
  NO SIGNIFICANT WEATHER WAS OBSERVED.


RELATIVE HUMIDITY (PERCENT)
 HIGHEST    75           300 AM
 LOWEST     25           300 PM
 AVERAGE    50

..........................................................


THE SPRINGFIELD MO CLIMATE NORMALS FOR TODAY
                         NORMAL    RECORD    YEAR
 MAXIMUM TEMPERATURE (F)   54        75      1913
 MINIMUM TEMPERATURE (F)   33         9      1937


SUNRISE AND SUNSET
NOVEMBER 21 2017......SUNRISE   659 AM CST   SUNSET   500 PM CST
NOVEMBER 22 2017......SUNRISE   700 AM CST   SUNSET   459 PM CST


-  INDICATES NEGATIVE NUMBERS.
R  INDICATES RECORD WAS SET OR TIED.
MM INDICATES DATA IS MISSING.
T  INDICATES TRACE AMOUNT.




$$
