000
CDUS43 KSGF 122227
CLISGF


CLIMATE REPORT
NATIONAL WEATHER SERVICE SPRINGFIELD MO
527 PM CDT SAT JUL 12 2014


...................................

...THE SPRINGFIELD MO CLIMATE SUMMARY FOR JULY 12 2014...
VALID TODAY AS OF 0500 PM LOCAL TIME.

CLIMATE NORMAL PERIOD 1981 TO 2010
CLIMATE RECORD PERIOD 1888 TO 2014


WEATHER ITEM   OBSERVED TIME   RECORD YEAR NORMAL DEPARTURE LAST
                VALUE   (LST)  VALUE       VALUE  FROM      YEAR
                                                  NORMAL
..................................................................
TEMPERATURE (F)
 TODAY
  MAXIMUM         91    224 PM 108    1954  89      2       88
  MINIMUM         71    543 AM  52    1975  68      3       67
  AVERAGE         81                        78      3       78

PRECIPITATION (IN)
  TODAY            0.00          1.92 1961   0.13  -0.13     0.00
  MONTH TO DATE    1.72                      1.61   0.11     1.22
  SINCE JUN 1      7.95                      6.46   1.49     3.48
  SINCE JAN 1     19.43                     24.49  -5.06    27.20

SNOWFALL (IN)
  TODAY            0.0
  MONTH TO DATE    0.0
  SINCE JUN 1      0.0
  SINCE JUL 1      0.0
  SNOW DEPTH       0

DEGREE DAYS
 HEATING
  TODAY            0                         0      0        0
  MONTH TO DATE    0                         0      0        0
  SINCE JUN 1      0                         9     -9       14
  SINCE JUL 1      0                         0      0        0

 COOLING
  TODAY           16                        13      3       13
  MONTH TO DATE  114                       151    -37      142
  SINCE JUN 1    408                       414     -6      426
  SINCE JAN 1    601                       529     72      553
..................................................................


WIND (MPH)
  HIGHEST WIND SPEED    18   HIGHEST WIND DIRECTION    SW (220)
  HIGHEST GUST SPEED    23   HIGHEST GUST DIRECTION    SW (210)


SKY COVER
  AVERAGE SKY COVER 0.0


WEATHER CONDITIONS
 THE FOLLOWING WEATHER WAS RECORDED TODAY.
  NO SIGNIFICANT WEATHER WAS OBSERVED.


RELATIVE HUMIDITY (PERCENT)
 HIGHEST    93           600 AM
 LOWEST     47           300 PM
 AVERAGE    70

..........................................................


THE SPRINGFIELD MO CLIMATE NORMALS FOR TOMORROW
                         NORMAL    RECORD    YEAR
 MAXIMUM TEMPERATURE (F)   89       108      1954
 MINIMUM TEMPERATURE (F)   68        49      1975


SUNRISE AND SUNSET
JULY 12 2014..........SUNRISE   603 AM CDT   SUNSET   835 PM CDT
JULY 13 2014..........SUNRISE   604 AM CDT   SUNSET   835 PM CDT


-  INDICATES NEGATIVE NUMBERS.
R  INDICATES RECORD WAS SET OR TIED.
MM INDICATES DATA IS MISSING.
T  INDICATES TRACE AMOUNT.




$$
