994
CDUS43 KSGF 120704
CLISGF


CLIMATE REPORT
NATIONAL WEATHER SERVICE SPRINGFIELD MO
104 AM CST FRI FEB 12 2016


...................................

...THE SPRINGFIELD MO CLIMATE SUMMARY FOR FEBRUARY 11 2016...

CLIMATE NORMAL PERIOD 1981 TO 2010
CLIMATE RECORD PERIOD 1888 TO 2016


WEATHER ITEM   OBSERVED TIME   RECORD YEAR NORMAL DEPARTURE LAST
                VALUE   (LST)  VALUE       VALUE  FROM      YEAR
                                                  NORMAL
..................................................................
TEMPERATURE (F)
 YESTERDAY
  MAXIMUM         49    321 PM  73    1938  47      2       48
  MINIMUM         24    709 AM -16    1899  25     -1       24
  AVERAGE         37                        36      1       36

PRECIPITATION (IN)
  YESTERDAY        0.00          1.41 1998   0.09  -0.09     0.00
  MONTH TO DATE    0.05                      0.88  -0.83     0.40
  SINCE DEC 1     12.40                      6.39   6.01     2.98
  SINCE JAN 1      0.97                      3.35  -2.38     1.21

SNOWFALL (IN)
  YESTERDAY        0.0
  MONTH TO DATE    T
  SINCE DEC 1      3.0
  SINCE JUL 1      3.0
  SNOW DEPTH       0

DEGREE DAYS
 HEATING
  YESTERDAY       28                        29     -1       29
  MONTH TO DATE  306                       332    -26      302
  SINCE DEC 1   1900                      2266   -366     2060
  SINCE JUL 1   2545                      3145   -600     3010

 COOLING
  YESTERDAY        0                         0      0        0
  MONTH TO DATE    0                         0      0        0
  SINCE DEC 1      0                         0      0        0
  SINCE JAN 1      0                         0      0        0
..................................................................


WIND (MPH)
  HIGHEST WIND SPEED    13   HIGHEST WIND DIRECTION    NE (30)
  HIGHEST GUST SPEED    18   HIGHEST GUST DIRECTION    NE (60)
  AVERAGE WIND SPEED     6.6


SKY COVER
  AVERAGE SKY COVER 0.0


WEATHER CONDITIONS
 THE FOLLOWING WEATHER WAS RECORDED YESTERDAY.
  NO SIGNIFICANT WEATHER WAS OBSERVED.


RELATIVE HUMIDITY (PERCENT)
 HIGHEST    68           700 AM
 LOWEST     29           300 PM
 AVERAGE    49

..........................................................


THE SPRINGFIELD MO CLIMATE NORMALS FOR TODAY
                         NORMAL    RECORD    YEAR
 MAXIMUM TEMPERATURE (F)   47        81      1962
 MINIMUM TEMPERATURE (F)   25       -29      1899


SUNRISE AND SUNSET
FEBRUARY 12 2016......SUNRISE   706 AM CST   SUNSET   550 PM CST
FEBRUARY 13 2016......SUNRISE   705 AM CST   SUNSET   551 PM CST


-  INDICATES NEGATIVE NUMBERS.
R  INDICATES RECORD WAS SET OR TIED.
MM INDICATES DATA IS MISSING.
T  INDICATES TRACE AMOUNT.




$$
