000
CDUS45 KBYZ 220723
CLISHR


CLIMATE REPORT
NATIONAL WEATHER SERVICE BILLINGS MT
123 AM MDT TUE AUG 22 2017


...................................

...THE SHERIDAN WY CLIMATE SUMMARY FOR AUGUST 21 2017...

CLIMATE NORMAL PERIOD 1981 TO 2010
CLIMATE RECORD PERIOD 1907 TO 2017


WEATHER ITEM   OBSERVED TIME   RECORD YEAR NORMAL DEPARTURE LAST
                VALUE   (LST)  VALUE       VALUE  FROM      YEAR
                                                  NORMAL
..................................................................
TEMPERATURE (F)
 YESTERDAY
  MAXIMUM         82    418 PM 101    2010  86     -4       92
  MINIMUM         50   1153 PM  38    1974  51     -1       43
                                      1907
  AVERAGE         66                        68     -2       68

PRECIPITATION (IN)
  YESTERDAY        0.00          0.92 1983   0.02  -0.02     0.00
  MONTH TO DATE    0.42                      0.47  -0.05     1.44
  SINCE OCT 1     17.61                     12.48   5.13    11.66
  SINCE JAN 1     13.88                      9.80   4.08     9.51

DEGREE DAYS
 HEATING
  YESTERDAY        0                         1     -1        0
  MONTH TO DATE   24                        15      9       16
  SINCE JUN 1    102                       190    -88       38
  SINCE JUL 1     24                        41    -17       22

 COOLING
  YESTERDAY        1                         4     -3        3
  MONTH TO DATE   40                       125    -85      120
  SINCE JUN 1    365                       353     12      481
  SINCE JAN 1    365                       357      8      483
..................................................................


WIND (MPH)
  HIGHEST WIND SPEED     9   HIGHEST WIND DIRECTION    NE (60)
  HIGHEST GUST SPEED    13   HIGHEST GUST DIRECTION    NE (50)
  AVERAGE WIND SPEED     3.0


SKY COVER
  POSSIBLE SUNSHINE  MM
  AVERAGE SKY COVER 0.0


WEATHER CONDITIONS
 THE FOLLOWING WEATHER WAS RECORDED YESTERDAY.
  NO SIGNIFICANT WEATHER WAS OBSERVED.


RELATIVE HUMIDITY (PERCENT)
 HIGHEST    68          1000 PM
 LOWEST     16           300 PM
 AVERAGE    42

..........................................................


THE SHERIDAN WY CLIMATE NORMALS FOR TODAY
                         NORMAL    RECORD    YEAR
 MAXIMUM TEMPERATURE (F)   85       100      2006
 MINIMUM TEMPERATURE (F)   51        35      1966


SUNRISE AND SUNSET
AUGUST 22 2017........SUNRISE   619 AM MDT   SUNSET   802 PM MDT
AUGUST 23 2017........SUNRISE   620 AM MDT   SUNSET   800 PM MDT


-  INDICATES NEGATIVE NUMBERS.
R  INDICATES RECORD WAS SET OR TIED.
MM INDICATES DATA IS MISSING.
T  INDICATES TRACE AMOUNT.




$$
