000
CDUS45 KBYZ 191033
CLISHR


CLIMATE REPORT
NATIONAL WEATHER SERVICE BILLINGS MT
331 AM MST THU JAN 19 2017


...................................

...THE SHERIDAN WY CLIMATE SUMMARY FOR JANUARY 18 2017...

CLIMATE NORMAL PERIOD 1981 TO 2010
CLIMATE RECORD PERIOD 1907 TO 2017


WEATHER ITEM   OBSERVED TIME   RECORD YEAR NORMAL DEPARTURE LAST
                VALUE   (LST)  VALUE       VALUE  FROM      YEAR
                                                  NORMAL
..................................................................
TEMPERATURE (F)
 YESTERDAY
  MAXIMUM         37    258 PM  60    1920  36      1       37
  MINIMUM         11    600 AM -30    1963  12     -1        3
  AVERAGE         24                        24      0       20

PRECIPITATION (IN)
  YESTERDAY        0.00          0.70 1926   0.02  -0.02      T
  MONTH TO DATE    0.32                      0.31   0.01     0.34
  SINCE OCT 1      4.05                      2.99   1.06     2.49
  SINCE JAN 1      0.32                      0.31   0.01     0.34

DEGREE DAYS
 HEATING
  YESTERDAY       41                        41      0       45
  MONTH TO DATE 1008                       747    261      746
  SINCE DEC 1   2536                      2052    484     1959
  SINCE JUL 1   4013                      3930     83     3511

 COOLING
  YESTERDAY        0                         0      0        0
  MONTH TO DATE    0                         0      0        0
  SINCE DEC 1      0                         0      0        0
  SINCE JAN 1      0                         0      0        0
..................................................................


WIND (MPH)
  HIGHEST WIND SPEED    17   HIGHEST WIND DIRECTION    SW (210)
  HIGHEST GUST SPEED    19   HIGHEST GUST DIRECTION    SE (130)
  AVERAGE WIND SPEED     7.0


SKY COVER
  POSSIBLE SUNSHINE  MM
  AVERAGE SKY COVER 0.0


WEATHER CONDITIONS
 THE FOLLOWING WEATHER WAS RECORDED YESTERDAY.
  NO SIGNIFICANT WEATHER WAS OBSERVED.


RELATIVE HUMIDITY (PERCENT)
 HIGHEST    84           600 AM
 LOWEST     58          1200 PM
 AVERAGE    71

..........................................................


THE SHERIDAN WY CLIMATE NORMALS FOR TODAY
                         NORMAL    RECORD    YEAR
 MAXIMUM TEMPERATURE (F)   36        61      2005
                                             2003
 MINIMUM TEMPERATURE (F)   12       -35      1963


SUNRISE AND SUNSET
JANUARY 19 2017.......SUNRISE   739 AM MST   SUNSET   459 PM MST
JANUARY 20 2017.......SUNRISE   738 AM MST   SUNSET   500 PM MST


-  INDICATES NEGATIVE NUMBERS.
R  INDICATES RECORD WAS SET OR TIED.
MM INDICATES DATA IS MISSING.
T  INDICATES TRACE AMOUNT.




$$
