000
CDUS45 KBYZ 170723
CLISHR


CLIMATE REPORT
NATIONAL WEATHER SERVICE BILLINGS MT
1223 AM MST WED JAN 17 2018


...................................

...THE SHERIDAN WY CLIMATE SUMMARY FOR JANUARY 16 2018...

CLIMATE NORMAL PERIOD 1981 TO 2010
CLIMATE RECORD PERIOD 1907 TO 2018


WEATHER ITEM   OBSERVED TIME   RECORD YEAR NORMAL DEPARTURE LAST
                VALUE   (LST)  VALUE       VALUE  FROM      YEAR
                                                  NORMAL
..................................................................
TEMPERATURE (F)
 YESTERDAY
  MAXIMUM         17    312 PM  64    1974  36    -19       34
  MINIMUM        -15    257 AM -35    1930  12    -27        4
  AVERAGE          1                        24    -23       19

PRECIPITATION (IN)
  YESTERDAY        0.00          0.26 1920   0.02  -0.02     0.00
  MONTH TO DATE    0.42                      0.27   0.15     0.32
  SINCE OCT 1      3.41                      2.95   0.46     4.05
  SINCE JAN 1      0.42                      0.27   0.15     0.32

DEGREE DAYS
 HEATING
  YESTERDAY       64                        41     23       46
  MONTH TO DATE  715                       665     50      922
  SINCE DEC 1   1988                      1970     18     2450
  SINCE JUL 1   3778                      3848    -70     3927

 COOLING
  YESTERDAY        0                         0      0        0
  MONTH TO DATE    0                         0      0        0
  SINCE DEC 1      0                         0      0        0
  SINCE JAN 1      0                         0      0        0
..................................................................


WIND (MPH)
  HIGHEST WIND SPEED    13   HIGHEST WIND DIRECTION     S (190)
  HIGHEST GUST SPEED    13   HIGHEST GUST DIRECTION     S (200)
  AVERAGE WIND SPEED     1.8


SKY COVER
  POSSIBLE SUNSHINE  MM
  AVERAGE SKY COVER 0.0


WEATHER CONDITIONS
 THE FOLLOWING WEATHER WAS RECORDED YESTERDAY.
  FOG
  HAZE


RELATIVE HUMIDITY (PERCENT)
 HIGHEST   100          1000 AM
 LOWEST     59           200 PM
 AVERAGE    80

..........................................................


THE SHERIDAN WY CLIMATE NORMALS FOR TODAY
                         NORMAL    RECORD    YEAR
 MAXIMUM TEMPERATURE (F)   36        64      1923
 MINIMUM TEMPERATURE (F)   12       -36      1930


SUNRISE AND SUNSET
JANUARY 17 2018.......SUNRISE   740 AM MST   SUNSET   456 PM MST
JANUARY 18 2018.......SUNRISE   740 AM MST   SUNSET   457 PM MST


-  INDICATES NEGATIVE NUMBERS.
R  INDICATES RECORD WAS SET OR TIED.
MM INDICATES DATA IS MISSING.
T  INDICATES TRACE AMOUNT.




$$
