000
CDUS45 KBYZ 220723
CLISHR


CLIMATE REPORT
NATIONAL WEATHER SERVICE BILLINGS MT
123 AM MDT MON MAY 22 2017


...................................

...THE SHERIDAN WY CLIMATE SUMMARY FOR MAY 21 2017...

CLIMATE NORMAL PERIOD 1981 TO 2010
CLIMATE RECORD PERIOD 1907 TO 2017


WEATHER ITEM   OBSERVED TIME   RECORD YEAR NORMAL DEPARTURE LAST
                VALUE   (LST)  VALUE       VALUE  FROM      YEAR
                                                  NORMAL
..................................................................
TEMPERATURE (F)
 YESTERDAY
  MAXIMUM         64   1204 PM  88    1986  68     -4       84
                                      1960
                                      1948
  MINIMUM         43   1002 PM  26    1963  40      3       49
                                      1931
  AVERAGE         54                        54      0       67

PRECIPITATION (IN)
  YESTERDAY        0.00          1.31 1981   0.08  -0.08     0.00
  MONTH TO DATE    2.10                      1.60   0.50     0.62
  SINCE OCT 1     15.56                      7.96   7.60     9.17
  SINCE JAN 1     11.83                      5.28   6.55     7.02

DEGREE DAYS
 HEATING
  YESTERDAY       11                        11      0        0
  MONTH TO DATE  254                       295    -41      270
  SINCE MAR 1   1600                      1861   -261     1587
  SINCE JUL 1   7122                      7396   -274     6333

 COOLING
  YESTERDAY        0                         0      0        2
  MONTH TO DATE    0                         0      0        2
  SINCE MAR 1      0                         0      0        2
  SINCE JAN 1      0                         0      0        2
..................................................................


WIND (MPH)
  HIGHEST WIND SPEED    31   HIGHEST WIND DIRECTION     N (340)
  HIGHEST GUST SPEED    37   HIGHEST GUST DIRECTION    NW (330)
  AVERAGE WIND SPEED    12.4


SKY COVER
  POSSIBLE SUNSHINE  MM
  AVERAGE SKY COVER 0.5


WEATHER CONDITIONS
 THE FOLLOWING WEATHER WAS RECORDED YESTERDAY.
  NO SIGNIFICANT WEATHER WAS OBSERVED.


RELATIVE HUMIDITY (PERCENT)
 HIGHEST    80           500 AM
 LOWEST     36           100 PM
 AVERAGE    58

..........................................................


THE SHERIDAN WY CLIMATE NORMALS FOR TODAY
                         NORMAL    RECORD    YEAR
 MAXIMUM TEMPERATURE (F)   68        91      2006
 MINIMUM TEMPERATURE (F)   40        28      1915


SUNRISE AND SUNSET
MAY 22 2017...........SUNRISE   532 AM MDT   SUNSET   838 PM MDT
MAY 23 2017...........SUNRISE   531 AM MDT   SUNSET   839 PM MDT


-  INDICATES NEGATIVE NUMBERS.
R  INDICATES RECORD WAS SET OR TIED.
MM INDICATES DATA IS MISSING.
T  INDICATES TRACE AMOUNT.




$$
