000
CDUS45 KBYZ 310944
CLISHR


CLIMATE REPORT
NATIONAL WEATHER SERVICE BILLINGS MT
343 AM MDT MON AUG 31 2015


...................................

...THE SHERIDAN WY CLIMATE SUMMARY FOR AUGUST 30 2015...

CLIMATE NORMAL PERIOD 1981 TO 2010
CLIMATE RECORD PERIOD 1907 TO 2015


WEATHER ITEM   OBSERVED TIME   RECORD YEAR NORMAL DEPARTURE LAST
                VALUE   (LST)  VALUE       VALUE  FROM      YEAR
                                                  NORMAL
..................................................................
TEMPERATURE (F)
 YESTERDAY
  MAXIMUM         86    231 PM 101    1948  82      4       76
  MINIMUM         60    215 AM  32    1910  48     12       47
  AVERAGE         73                        65      8       62

PRECIPITATION (IN)
  YESTERDAY        0.01          0.53 1967   0.03  -0.02     0.10
  MONTH TO DATE    0.60                      0.69  -0.09     1.00
  SINCE OCT 1     15.86                     12.70   3.16    14.78
  SINCE JAN 1     13.47                     10.02   3.45    11.02

DEGREE DAYS
 HEATING
  YESTERDAY        0                         3     -3        3
  MONTH TO DATE   44                        33     11       37
  SINCE JUN 1    108                       208   -100      228
  SINCE JUL 1     64                        59      5       46

 COOLING
  YESTERDAY        8                         3      5        0
  MONTH TO DATE  180                       156     24      127
  SINCE JUN 1    406                       384     22      310
  SINCE JAN 1    406                       388     18      318
..................................................................


WIND (MPH)
  HIGHEST WIND SPEED    25   HIGHEST WIND DIRECTION    NW (330)
  HIGHEST GUST SPEED    31   HIGHEST GUST DIRECTION    NW (330)
  AVERAGE WIND SPEED     7.0


SKY COVER
  POSSIBLE SUNSHINE  MM
  AVERAGE SKY COVER 0.1


WEATHER CONDITIONS
 THE FOLLOWING WEATHER WAS RECORDED YESTERDAY.
  THUNDERSTORM


RELATIVE HUMIDITY (PERCENT)
 HIGHEST    57           900 PM
 LOWEST     29           100 PM
 AVERAGE    43

..........................................................


THE SHERIDAN WY CLIMATE NORMALS FOR TODAY
                         NORMAL    RECORD    YEAR
 MAXIMUM TEMPERATURE (F)   82       103      1954
 MINIMUM TEMPERATURE (F)   48        31      1910


SUNRISE AND SUNSET
AUGUST 31 2015........SUNRISE   629 AM MDT   SUNSET   747 PM MDT
SEPTEMBER  1 2015.....SUNRISE   630 AM MDT   SUNSET   745 PM MDT


-  INDICATES NEGATIVE NUMBERS.
R  INDICATES RECORD WAS SET OR TIED.
MM INDICATES DATA IS MISSING.
T  INDICATES TRACE AMOUNT.




$$
