000
CDUS45 KBYZ 010934
CLISHR


CLIMATE REPORT
NATIONAL WEATHER SERVICE BILLINGS MT
333 AM MDT WED OCT 1 2014


...................................

...THE SHERIDAN WY CLIMATE SUMMARY FOR SEPTEMBER 30 2014...

CLIMATE NORMAL PERIOD 1981 TO 2010
CLIMATE RECORD PERIOD 1907 TO 2014


WEATHER ITEM   OBSERVED TIME   RECORD YEAR NORMAL DEPARTURE LAST
                VALUE   (LST)  VALUE       VALUE  FROM      YEAR
                                                  NORMAL
..................................................................
TEMPERATURE (F)
 YESTERDAY
  MAXIMUM         64   1136 AM  91    1989  67     -3       75
                                      1963
  MINIMUM         48   1116 PM  18    1985  36     12       38
  AVERAGE         56                        51      5       57

PRECIPITATION (IN)
  YESTERDAY        0.00          0.94 1923   0.05  -0.05      T
  MONTH TO DATE    1.63                      1.43   0.20     4.26
  SINCE OCT 1     16.46                     14.16   2.30    16.79
  SINCE JAN 1     12.70                     11.48   1.22    14.25

SNOWFALL (IN)
  YESTERDAY       MM             1.0  1954   0.2   MM       MM
  MONTH TO DATE   MM                         2.8   MM       MM
  SINCE SEP 1     MM                         2.8   MM       MM
  SINCE JUL 1     MM                         2.8   MM       MM
  SNOW DEPTH      MM

DEGREE DAYS
 HEATING
  YESTERDAY        9                        14     -5        8
  MONTH TO DATE  230                       241    -11      154
  SINCE SEP 1    230                       241    -11      154
  SINCE JUL 1    280                       303    -23      155

 COOLING
  YESTERDAY        0                         0      0        0
  MONTH TO DATE   28                        28      0       82
  SINCE SEP 1     28                        28      0       82
  SINCE JAN 1    346                       418    -72      592
..................................................................


WIND (MPH)
  HIGHEST WIND SPEED    31   HIGHEST WIND DIRECTION    NW (330)
  HIGHEST GUST SPEED    38   HIGHEST GUST DIRECTION    NW (330)
  AVERAGE WIND SPEED    12.1


SKY COVER
  POSSIBLE SUNSHINE  MM
  AVERAGE SKY COVER 0.7


WEATHER CONDITIONS
 THE FOLLOWING WEATHER WAS RECORDED YESTERDAY.
  NO SIGNIFICANT WEATHER WAS OBSERVED.


RELATIVE HUMIDITY (PERCENT)
 HIGHEST    93           400 AM
 LOWEST     43          1200 PM
 AVERAGE    68

..........................................................


THE SHERIDAN WY CLIMATE NORMALS FOR TODAY
                         NORMAL    RECORD    YEAR
 MAXIMUM TEMPERATURE (F)   66        93      2011
 MINIMUM TEMPERATURE (F)   36        22      1985


SUNRISE AND SUNSET
OCTOBER  1 2014.......SUNRISE   706 AM MDT   SUNSET   648 PM MDT
OCTOBER  2 2014.......SUNRISE   707 AM MDT   SUNSET   646 PM MDT


-  INDICATES NEGATIVE NUMBERS.
R  INDICATES RECORD WAS SET OR TIED.
MM INDICATES DATA IS MISSING.
T  INDICATES TRACE AMOUNT.




$$
