461
CDUS45 KBYZ 240855
CLISHR


CLIMATE REPORT
NATIONAL WEATHER SERVICE BILLINGS MT
248 AM MDT TUE OCT 24 2017


...................................

...THE SHERIDAN WY CLIMATE SUMMARY FOR OCTOBER 23 2017...

CLIMATE NORMAL PERIOD 1981 TO 2010
CLIMATE RECORD PERIOD 1907 TO 2017


WEATHER ITEM   OBSERVED TIME   RECORD YEAR NORMAL DEPARTURE LAST
                VALUE   (LST)  VALUE       VALUE  FROM      YEAR
                                                  NORMAL
..................................................................
TEMPERATURE (F)
 YESTERDAY
  MAXIMUM         57    217 PM  81    1915  57      0       64
  MINIMUM         33   1100 PM   9    1916  29      4       29
  AVERAGE         45                        43      2       47

PRECIPITATION (IN)
  YESTERDAY        0.00          0.87 1925   0.04  -0.04     0.00
  MONTH TO DATE    0.15                      1.15  -1.00     0.81
  SINCE OCT 1      0.15                      1.15  -1.00     0.81
  SINCE JAN 1     15.93                     12.63   3.30    14.03

DEGREE DAYS
 HEATING
  YESTERDAY       20                        22     -2       18
  MONTH TO DATE  418                       416      2      385
  SINCE SEP 1    694                       657     37      568
  SINCE JUL 1    718                       719     -1      611

 COOLING
  YESTERDAY        0                         0      0        0
  MONTH TO DATE    0                         0      0        0
  SINCE SEP 1     52                        28     24       30
  SINCE JAN 1    481                       418     63      549
..................................................................


WIND (MPH)
  HIGHEST WIND SPEED    37   HIGHEST WIND DIRECTION    NW (310)
  HIGHEST GUST SPEED    45   HIGHEST GUST DIRECTION    NW (310)
  AVERAGE WIND SPEED    16.5


SKY COVER
  POSSIBLE SUNSHINE  MM
  AVERAGE SKY COVER 0.1


WEATHER CONDITIONS
 THE FOLLOWING WEATHER WAS RECORDED YESTERDAY.
  NO SIGNIFICANT WEATHER WAS OBSERVED.


RELATIVE HUMIDITY (PERCENT)
 HIGHEST    56          1100 PM
 LOWEST     26           100 PM
 AVERAGE    41

..........................................................


THE SHERIDAN WY CLIMATE NORMALS FOR TODAY
                         NORMAL    RECORD    YEAR
 MAXIMUM TEMPERATURE (F)   57        84      2007
 MINIMUM TEMPERATURE (F)   28         7      1916


SUNRISE AND SUNSET
OCTOBER 24 2017.......SUNRISE   736 AM MDT   SUNSET   608 PM MDT
OCTOBER 25 2017.......SUNRISE   737 AM MDT   SUNSET   606 PM MDT


-  INDICATES NEGATIVE NUMBERS.
R  INDICATES RECORD WAS SET OR TIED.
MM INDICATES DATA IS MISSING.
T  INDICATES TRACE AMOUNT.




$$
