000
CDUS45 KBYZ 022234
CLISHR


CLIMATE REPORT
NATIONAL WEATHER SERVICE BILLINGS MT
432 PM MDT TUE SEP 2 2014


...................................

...THE SHERIDAN WY CLIMATE SUMMARY FOR SEPTEMBER 2 2014...
VALID TODAY AS OF 0400 PM LOCAL TIME.

CLIMATE NORMAL PERIOD 1981 TO 2010
CLIMATE RECORD PERIOD 1907 TO 2014


WEATHER ITEM   OBSERVED TIME   RECORD YEAR NORMAL DEPARTURE LAST
                VALUE   (LST)  VALUE       VALUE  FROM      YEAR
                                                  NORMAL
..................................................................
TEMPERATURE (F)
 TODAY
  MAXIMUM         81    255 PM 100    1940  81      0       94
  MINIMUM         43    605 AM  30    1914  47     -4       48
  AVERAGE         62                        64     -2       71

PRECIPITATION (IN)
  TODAY            0.00          1.20 1968   0.04  -0.04      T
  MONTH TO DATE    0.16                      0.07   0.09      T
  SINCE OCT 1     14.99                     12.80   2.19    12.53
  SINCE JAN 1     11.23                     10.12   1.11     9.99

SNOWFALL (IN)
  TODAY           MM             0.0  2002   0.0   MM       MM
                                      2000
  MONTH TO DATE   MM                         0.0   MM       MM
  SINCE SEP 1     MM                         0.0   MM       MM
  SINCE JUL 1     MM                         0.0   MM       MM
  SNOW DEPTH      MM

DEGREE DAYS
 HEATING
  TODAY            3                         3      0        0
  MONTH TO DATE   11                         6      5        0
  SINCE SEP 1     11                         6      5        0
  SINCE JUL 1     61                        68     -7        1

 COOLING
  TODAY            0                         2     -2        6
  MONTH TO DATE    0                         5     -5       10
  SINCE SEP 1      0                         5     -5       10
  SINCE JAN 1    318                       395    -77      520
..................................................................


WIND (MPH)
  HIGHEST WIND SPEED    14   HIGHEST WIND DIRECTION     S (180)
  HIGHEST GUST SPEED    18   HIGHEST GUST DIRECTION     S (180)
  AVERAGE WIND SPEED     4.7


SKY COVER
  POSSIBLE SUNSHINE  MM
  AVERAGE SKY COVER 0.0


WEATHER CONDITIONS
 THE FOLLOWING WEATHER WAS RECORDED TODAY.
  NO SIGNIFICANT WEATHER WAS OBSERVED.


RELATIVE HUMIDITY (PERCENT)
 HIGHEST    83          1200 AM
 LOWEST     25           200 PM
 AVERAGE    54

..........................................................


THE SHERIDAN WY CLIMATE NORMALS FOR TOMORROW
                         NORMAL    RECORD    YEAR
 MAXIMUM TEMPERATURE (F)   81        99      1950
 MINIMUM TEMPERATURE (F)   46        33      1974
                                             1961


SUNRISE AND SUNSET
SEPTEMBER  2 2014.....SUNRISE   631 AM MDT   SUNSET   743 PM MDT
SEPTEMBER  3 2014.....SUNRISE   633 AM MDT   SUNSET   741 PM MDT


-  INDICATES NEGATIVE NUMBERS.
R  INDICATES RECORD WAS SET OR TIED.
MM INDICATES DATA IS MISSING.
T  INDICATES TRACE AMOUNT.




$$
