000
CDUS44 KSHV 242234
CLISHV


CLIMATE REPORT
NATIONAL WEATHER SERVICE SHREVEPORT, LA
433 PM CST SAT FEB 24 2018


...................................

...THE SHREVEPORT CLIMATE SUMMARY FOR FEBRUARY 24 2018...
VALID TODAY AS OF 0400 PM LOCAL TIME.

CLIMATE NORMAL PERIOD 1981 TO 2010
CLIMATE RECORD PERIOD 1874 TO 2018


WEATHER ITEM   OBSERVED TIME   RECORD YEAR NORMAL DEPARTURE LAST
                VALUE   (LST)  VALUE       VALUE  FROM      YEAR
                                                  NORMAL
..................................................................
TEMPERATURE (F)
 TODAY
  MAXIMUM         78    317 PM  85    1918  64     14       80
  MINIMUM         63    140 AM  21    1965  42     21       54
  AVERAGE         71                        53     18       67

PRECIPITATION (IN)
  TODAY            0.02          1.82 1949   0.17  -0.15     0.00
  MONTH TO DATE    8.06                      4.12   3.94     1.37
  SINCE DEC 1     13.59                     13.09   0.50     7.07
  SINCE JAN 1      9.47                      8.32   1.15     3.93

SNOWFALL (IN)
  TODAY            0.0
  MONTH TO DATE    0.0
  SINCE DEC 1      1.8
  SINCE JUL 1      1.8
  SNOW DEPTH       0

DEGREE DAYS
 HEATING
  TODAY            0                        13    -13        0
  MONTH TO DATE  290                       362    -72      134
  SINCE DEC 1   1464                      1463      1      852
  SINCE JUL 1   1737                      1834    -97     1006

 COOLING
  TODAY            6                         0      6        2
  MONTH TO DATE   30                         0     30       38
  SINCE DEC 1     36                        11     25       85
  SINCE JAN 1     33                         4     29       60
..................................................................


WIND (MPH)
  HIGHEST WIND SPEED    28   HIGHEST WIND DIRECTION     S (180)
  HIGHEST GUST SPEED    37   HIGHEST GUST DIRECTION     S (180)
  AVERAGE WIND SPEED     6.6


SKY COVER
  POSSIBLE SUNSHINE  MM
  AVERAGE SKY COVER 0.8


WEATHER CONDITIONS
 THE FOLLOWING WEATHER WAS RECORDED TODAY.
  THUNDERSTORM
  LIGHT RAIN
  FOG


RELATIVE HUMIDITY (PERCENT)
 HIGHEST   100           100 AM
 LOWEST     79           200 PM
 AVERAGE    90

..........................................................


THE SHREVEPORT CLIMATE NORMALS FOR TOMORROW
                         NORMAL    RECORD    YEAR
 MAXIMUM TEMPERATURE (F)   64        89      1977
                                             1918
 MINIMUM TEMPERATURE (F)   42        21      1965


SUNRISE AND SUNSET
FEBRUARY 24 2018......SUNRISE   648 AM CST   SUNSET   609 PM CST
FEBRUARY 25 2018......SUNRISE   647 AM CST   SUNSET   610 PM CST


-  INDICATES NEGATIVE NUMBERS.
R  INDICATES RECORD WAS SET OR TIED.
MM INDICATES DATA IS MISSING.
T  INDICATES TRACE AMOUNT.




$$
