211
CDUS44 KSHV 050731
CLISHV


CLIMATE REPORT
NATIONAL WEATHER SERVICE SHREVEPORT, LA
231 AM CDT THU MAY 5 2016


...................................

...THE SHREVEPORT CLIMATE SUMMARY FOR MAY 4 2016...

CLIMATE NORMAL PERIOD 1981 TO 2010
CLIMATE RECORD PERIOD 1874 TO 2016


WEATHER ITEM   OBSERVED TIME   RECORD YEAR NORMAL DEPARTURE LAST
                VALUE   (LST)  VALUE       VALUE  FROM      YEAR
                                                  NORMAL
..................................................................
TEMPERATURE (F)
 YESTERDAY
  MAXIMUM         82    431 PM  94    1947  81      1       84
  MINIMUM         54    542 AM  39    2013  59     -5       56
  AVERAGE         68                        70     -2       70

PRECIPITATION (IN)
  YESTERDAY        0.00          4.43 1935   0.17  -0.17     0.00
  MONTH TO DATE    1.23                      0.66   0.57     0.00
  SINCE DEC 1     35.27                     22.71  12.56    28.95
  SINCE JAN 1     32.38                     17.94  14.44    25.20

SNOWFALL (IN)
  YESTERDAY        0.0
  MONTH TO DATE    0.0
  SINCE MAR 1      T
  SINCE JUL 1      T
  SNOW DEPTH       0

DEGREE DAYS
 HEATING
  YESTERDAY        0                         1     -1        0
  MONTH TO DATE    2                         4     -2        0
  SINCE MAR 1    148                       341   -193      291
  SINCE JUL 1   1451                      2223   -772     2291

 COOLING
  YESTERDAY        3                         6     -3        5
  MONTH TO DATE   15                        22     -7       19
  SINCE MAR 1    196                       147     49      186
  SINCE JAN 1    214                       157     57      186
..................................................................


WIND (MPH)
  HIGHEST WIND SPEED    22   HIGHEST WIND DIRECTION    NW (310)
  HIGHEST GUST SPEED    32   HIGHEST GUST DIRECTION    NW (320)
  AVERAGE WIND SPEED     8.8


SKY COVER
  POSSIBLE SUNSHINE  MM
  AVERAGE SKY COVER 0.2


WEATHER CONDITIONS
 THE FOLLOWING WEATHER WAS RECORDED YESTERDAY.
  NO SIGNIFICANT WEATHER WAS OBSERVED.


RELATIVE HUMIDITY (PERCENT)
 HIGHEST    86          1200 AM
 LOWEST     36           100 PM
 AVERAGE    61

..........................................................


THE SHREVEPORT CLIMATE NORMALS FOR TODAY
                         NORMAL    RECORD    YEAR
 MAXIMUM TEMPERATURE (F)   81        93      1952
 MINIMUM TEMPERATURE (F)   60        41      2013


SUNRISE AND SUNSET
MAY  5 2016...........SUNRISE   624 AM CDT   SUNSET   800 PM CDT
MAY  6 2016...........SUNRISE   624 AM CDT   SUNSET   801 PM CDT


-  INDICATES NEGATIVE NUMBERS.
R  INDICATES RECORD WAS SET OR TIED.
MM INDICATES DATA IS MISSING.
T  INDICATES TRACE AMOUNT.




$$
