000
CDUS44 KSHV 222239
CLISHV


CLIMATE REPORT
NATIONAL WEATHER SERVICE SHREVEPORT, LA
438 PM CST WED NOV 22 2017


...................................

...THE SHREVEPORT CLIMATE SUMMARY FOR NOVEMBER 22 2017...
VALID TODAY AS OF 0400 PM LOCAL TIME.

CLIMATE NORMAL PERIOD 1981 TO 2010
CLIMATE RECORD PERIOD 1874 TO 2017


WEATHER ITEM   OBSERVED TIME   RECORD YEAR NORMAL DEPARTURE LAST
                VALUE   (LST)  VALUE       VALUE  FROM      YEAR
                                                  NORMAL
..................................................................
TEMPERATURE (F)
 TODAY
  MAXIMUM         62    224 PM  83    1900  65     -3       76
  MINIMUM         48    741 AM  25    1898  43      5       51
  AVERAGE         55                        54      1       64

PRECIPITATION (IN)
  TODAY            0.00          3.30 1940   0.14  -0.14     0.02
  MONTH TO DATE    1.43                      3.33  -1.90     0.87
  SINCE DEC 1     35.80                     50.21 -14.41    55.27
  SINCE JAN 1     32.66                     45.44 -12.78    52.38

SNOWFALL (IN)
  TODAY            0.0
  MONTH TO DATE    0.0
  SINCE SEP 1      0.0
  SINCE JUL 1      0.0
  SNOW DEPTH       0

DEGREE DAYS
 HEATING
  TODAY           10                        11     -1        1
  MONTH TO DATE  109                       182    -73       74
  SINCE SEP 1    188                       268    -80       85
  SINCE JUL 1    188                       268    -80       85

 COOLING
  TODAY            0                         0      0        0
  MONTH TO DATE   82                        23     59       48
  SINCE SEP 1    645                       510    135      768
  SINCE JAN 1   2752                      2472    280     3009
..................................................................


WIND (MPH)
  HIGHEST WIND SPEED    17   HIGHEST WIND DIRECTION    NE (40)
  HIGHEST GUST SPEED    24   HIGHEST GUST DIRECTION    NE (40)
  AVERAGE WIND SPEED    10.0


SKY COVER
  POSSIBLE SUNSHINE  MM
  AVERAGE SKY COVER 0.0


WEATHER CONDITIONS
 THE FOLLOWING WEATHER WAS RECORDED TODAY.
  NO SIGNIFICANT WEATHER WAS OBSERVED.


RELATIVE HUMIDITY (PERCENT)
 HIGHEST   100          1200 AM
 LOWEST     33           100 PM
 AVERAGE    67

..........................................................


THE SHREVEPORT CLIMATE NORMALS FOR TOMORROW
                         NORMAL    RECORD    YEAR
 MAXIMUM TEMPERATURE (F)   65        84      1973
 MINIMUM TEMPERATURE (F)   43        24      1975


SUNRISE AND SUNSET
NOVEMBER 22 2017......SUNRISE   651 AM CST   SUNSET   511 PM CST
NOVEMBER 23 2017......SUNRISE   652 AM CST   SUNSET   511 PM CST


-  INDICATES NEGATIVE NUMBERS.
R  INDICATES RECORD WAS SET OR TIED.
MM INDICATES DATA IS MISSING.
T  INDICATES TRACE AMOUNT.




$$
