000
CDUS44 KSHV 022132
CLISHV


CLIMATE REPORT
NATIONAL WEATHER SERVICE SHREVEPORT, LA
432 PM CDT SUN AUG 2 2015


...................................

...THE SHREVEPORT CLIMATE SUMMARY FOR AUGUST 2 2015...
VALID TODAY AS OF 0400 PM LOCAL TIME.

CLIMATE NORMAL PERIOD 1981 TO 2010
CLIMATE RECORD PERIOD 1874 TO 2015


WEATHER ITEM   OBSERVED TIME   RECORD YEAR NORMAL DEPARTURE LAST
                VALUE   (LST)  VALUE       VALUE  FROM      YEAR
                                                  NORMAL
..................................................................
TEMPERATURE (F)
 TODAY
  MAXIMUM         99    241 PM 108    2011  94      5       81
                                      1998
  MINIMUM         68    506 AM  63    1925  73     -5       69
  AVERAGE         84                        84      0       75

PRECIPITATION (IN)
  TODAY            0.00          1.94 1955   0.10  -0.10      T
  MONTH TO DATE    0.00                      0.20  -0.20     0.14
  SINCE DEC 1     46.49                     36.23  10.26    30.55
  SINCE JAN 1     42.74                     31.46  11.28    25.57

DEGREE DAYS
 HEATING
  TODAY            0                         0      0        0
  MONTH TO DATE    0                         0      0        0
  SINCE JUN 1      0                         0      0        0
  SINCE JUL 1      0                         0      0        0

 COOLING
  TODAY           19                        19      0       10
  MONTH TO DATE   40                        38      2       15
  SINCE JUN 1   1218                      1041    177      970
  SINCE JAN 1   1690                      1439    251     1340
..................................................................


WIND (MPH)
  HIGHEST WIND SPEED    15   HIGHEST WIND DIRECTION     E (80)
  HIGHEST GUST SPEED    20   HIGHEST GUST DIRECTION    NE (50)
  AVERAGE WIND SPEED     3.5


SKY COVER
  POSSIBLE SUNSHINE  MM
  AVERAGE SKY COVER 0.2


WEATHER CONDITIONS
 THE FOLLOWING WEATHER WAS RECORDED TODAY.
  NO SIGNIFICANT WEATHER WAS OBSERVED.


RELATIVE HUMIDITY (PERCENT)
 HIGHEST    84           600 AM
 LOWEST     25           100 PM
 AVERAGE    55

..........................................................


THE SHREVEPORT CLIMATE NORMALS FOR TOMORROW
                         NORMAL    RECORD    YEAR
 MAXIMUM TEMPERATURE (F)   94       109      2011
 MINIMUM TEMPERATURE (F)   73        63      1973


SUNRISE AND SUNSET
AUGUST  2 2015........SUNRISE   630 AM CDT   SUNSET   812 PM CDT
AUGUST  3 2015........SUNRISE   631 AM CDT   SUNSET   812 PM CDT


-  INDICATES NEGATIVE NUMBERS.
R  INDICATES RECORD WAS SET OR TIED.
MM INDICATES DATA IS MISSING.
T  INDICATES TRACE AMOUNT.




$$
