000
CDUS44 KSHV 110757
CLISHV


CLIMATE REPORT
NATIONAL WEATHER SERVICE SHREVEPORT, LA
254 AM CDT FRI JUL 11 2014


...................................

...THE SHREVEPORT CLIMATE SUMMARY FOR JULY 10 2014...

CLIMATE NORMAL PERIOD 1981 TO 2010
CLIMATE RECORD PERIOD 1874 TO 2014


WEATHER ITEM   OBSERVED TIME   RECORD YEAR NORMAL DEPARTURE LAST
                VALUE   (LST)  VALUE       VALUE  FROM      YEAR
                                                  NORMAL
..................................................................
TEMPERATURE (F)
 YESTERDAY
  MAXIMUM         94    409 PM 105    1998  93      1       97
  MINIMUM         76    616 AM  63    1947  73      3       76
  AVERAGE         85                        83      2       87

PRECIPITATION (IN)
  YESTERDAY        0.00          3.36 1874   0.12  -0.12     0.00
  MONTH TO DATE    0.00                      1.37  -1.37      T
  SINCE DEC 1     26.15                     33.75  -7.60    30.26
  SINCE JAN 1     21.17                     28.98  -7.81    24.60

SNOWFALL (IN)
  YESTERDAY        0.0
  MONTH TO DATE    0.0
  SINCE JUN 1      0.0
  SINCE JUL 1      0.0
  SNOW DEPTH       0

DEGREE DAYS
 HEATING
  YESTERDAY        0                         0      0        0
  MONTH TO DATE    0                         0      0        0
  SINCE JUN 1      0                         0      0        0
  SINCE JUL 1      0                         0      0        0

 COOLING
  YESTERDAY       20                        18      2       22
  MONTH TO DATE  171                       175     -4      159
  SINCE JUN 1    640                       619     21      657
  SINCE JAN 1   1010                      1017     -7     1044
..................................................................


WIND (MPH)
  HIGHEST WIND SPEED    14   HIGHEST WIND DIRECTION    SW (210)
  HIGHEST GUST SPEED    17   HIGHEST GUST DIRECTION    SW (210)
  AVERAGE WIND SPEED     5.0


SKY COVER
  POSSIBLE SUNSHINE  MM
  AVERAGE SKY COVER 0.7


WEATHER CONDITIONS
 THE FOLLOWING WEATHER WAS RECORDED YESTERDAY.
  NO SIGNIFICANT WEATHER WAS OBSERVED.


RELATIVE HUMIDITY (PERCENT)
 HIGHEST    87           400 AM
 LOWEST     41           200 PM
 AVERAGE    64

..........................................................


THE SHREVEPORT CLIMATE NORMALS FOR TODAY
                         NORMAL    RECORD    YEAR
 MAXIMUM TEMPERATURE (F)   93       105      1998
 MINIMUM TEMPERATURE (F)   73        62      1899


SUNRISE AND SUNSET
JULY 11 2014..........SUNRISE   617 AM CDT   SUNSET   825 PM CDT
JULY 12 2014..........SUNRISE   617 AM CDT   SUNSET   824 PM CDT


-  INDICATES NEGATIVE NUMBERS.
R  INDICATES RECORD WAS SET OR TIED.
MM INDICATES DATA IS MISSING.
T  INDICATES TRACE AMOUNT.




$$
