000
CDUS44 KSHV 230745
CLISHV


CLIMATE REPORT
NATIONAL WEATHER SERVICE SHREVEPORT, LA
244 AM CDT SAT SEP 23 2017


...................................

...THE SHREVEPORT CLIMATE SUMMARY FOR SEPTEMBER 22 2017...

CLIMATE NORMAL PERIOD 1981 TO 2010
CLIMATE RECORD PERIOD 1874 TO 2017


WEATHER ITEM   OBSERVED TIME   RECORD YEAR NORMAL DEPARTURE LAST
                VALUE   (LST)  VALUE       VALUE  FROM      YEAR
                                                  NORMAL
..................................................................
TEMPERATURE (F)
 YESTERDAY
  MAXIMUM         90    100 PM 101    2005  86      4       94
  MINIMUM         69        MM  43    1983  63      6       67
  AVERAGE         80                        75      5       81

PRECIPITATION (IN)
  YESTERDAY        0.00          2.47 1965   0.11  -0.11     0.00
  MONTH TO DATE    T                         2.22  -2.22     0.16
  SINCE DEC 1     33.24                     40.98  -7.74    53.42
  SINCE JAN 1     30.10                     36.21  -6.11    50.53

SNOWFALL (IN)
  YESTERDAY        0.0
  MONTH TO DATE    0.0
  SINCE SEP 1      0.0
  SINCE JUL 1      0.0
  SNOW DEPTH       0

DEGREE DAYS
 HEATING
  YESTERDAY        0                         0      0        0
  MONTH TO DATE    0                         0      0        0
  SINCE SEP 1      0                         0      0        0
  SINCE JUL 1      0                         0      0        0

 COOLING
  YESTERDAY       15                        10      5       16
  MONTH TO DATE  255                       294    -39      394
  SINCE SEP 1    255                       294    -39      394
  SINCE JAN 1   2362                      2256    106     2635
..................................................................


WIND (MPH)
  HIGHEST WIND SPEED     7   HIGHEST WIND DIRECTION     E (110)
  HIGHEST GUST SPEED    MM   HIGHEST GUST DIRECTION    MM
  AVERAGE WIND SPEED     1.9


SKY COVER
  POSSIBLE SUNSHINE  MM
  AVERAGE SKY COVER 0.2


WEATHER CONDITIONS
 THE FOLLOWING WEATHER WAS RECORDED YESTERDAY.
  FOG


RELATIVE HUMIDITY (PERCENT)
 HIGHEST   100           300 AM
 LOWEST     56          1200 PM
 AVERAGE    78

..........................................................


THE SHREVEPORT CLIMATE NORMALS FOR TODAY
                         NORMAL    RECORD    YEAR
 MAXIMUM TEMPERATURE (F)   86        99      2000
 MINIMUM TEMPERATURE (F)   63        45      1994
                                             1982


SUNRISE AND SUNSET
SEPTEMBER 23 2017.....SUNRISE   704 AM CDT   SUNSET   710 PM CDT
SEPTEMBER 24 2017.....SUNRISE   705 AM CDT   SUNSET   709 PM CDT


-  INDICATES NEGATIVE NUMBERS.
R  INDICATES RECORD WAS SET OR TIED.
MM INDICATES DATA IS MISSING.
T  INDICATES TRACE AMOUNT.




$$
