000
CDUS46 KMFR 120837
CLISIY


CLIMATE REPORT
NATIONAL WEATHER SERVICE MEDFORD, OR
1236 AM PST FRI FEB 12 2016


...................................

...THE MONTAGUE CA CLIMATE SUMMARY FOR FEBRUARY 11 2016...

CLIMATE NORMAL PERIOD 1981 TO 2010
CLIMATE RECORD PERIOD 1948 TO 2016


WEATHER ITEM   OBSERVED TIME   RECORD YEAR NORMAL DEPARTURE LAST
                VALUE   (LST)  VALUE       VALUE  FROM      YEAR
                                                  NORMAL
..................................................................
TEMPERATURE (F)
 YESTERDAY
  MAXIMUM         68    439 PM  69    1971  49     19       51
  MINIMUM         37    717 AM  15    2009  27     10       30
  AVERAGE         53                        38     15       41

PRECIPITATION (IN)
  YESTERDAY        0.00          0.55 1981   0.06  -0.06     0.00
  MONTH TO DATE    0.01                      0.71  -0.70     3.04
  SINCE OCT 1      8.67                      9.74  -1.07     9.66
  SINCE JAN 1      3.58                      2.91   0.67     3.75

SNOWFALL (IN)
  YESTERDAY       MM                        MM     MM       MM
  MONTH TO DATE   MM                        MM     MM       MM
  SINCE JUL 1     MM                        MM     MM       MM
  SNOW DEPTH      MM

DEGREE DAYS
 HEATING
  YESTERDAY       12                        27    -15       24
  MONTH TO DATE  259                       305    -46      212
  SINCE DEC 1   1952                      2151   -199     1755
  SINCE JUL 1   3035                      3457   -422     2760

 COOLING
  YESTERDAY        0                         0      0        0
  MONTH TO DATE    0                         0      0        0
  SINCE DEC 1      0                         0      0        0
  SINCE JAN 1      0                         0      0        0
..................................................................


WIND (MPH)
  HIGHEST WIND SPEED    14   HIGHEST WIND DIRECTION     S (170)
  HIGHEST GUST SPEED    16   HIGHEST GUST DIRECTION     S (170)
  AVERAGE WIND SPEED     3.3


SKY COVER
  POSSIBLE SUNSHINE  MM
  AVERAGE SKY COVER 0.0


WEATHER CONDITIONS
 THE FOLLOWING WEATHER WAS RECORDED YESTERDAY.
  NO SIGNIFICANT WEATHER WAS OBSERVED.


RELATIVE HUMIDITY (PERCENT)
 HIGHEST    92           100 AM
 LOWEST     29           500 PM

..........................................................


THE MONTAGUE CA CLIMATE NORMALS FOR TODAY
                         NORMAL    RECORD    YEAR
 MAXIMUM TEMPERATURE (F)   50        66      1971
 MINIMUM TEMPERATURE (F)   27        13      1949


SUNRISE AND SUNSET
FEBRUARY 12 2016......SUNRISE   710 AM PST   SUNSET   539 PM PST
FEBRUARY 13 2016......SUNRISE   709 AM PST   SUNSET   540 PM PST


-  INDICATES NEGATIVE NUMBERS.
R  INDICATES RECORD WAS SET OR TIED.
MM INDICATES DATA IS MISSING.
T  INDICATES TRACE AMOUNT.




$$
