000
CDUS46 KMFR 260835
CLISIY


CLIMATE REPORT
NATIONAL WEATHER SERVICE MEDFORD, OR
135 AM PDT MON SEP 26 2016


...................................

...THE MONTAGUE CA CLIMATE SUMMARY FOR SEPTEMBER 25 2016...

CLIMATE NORMAL PERIOD 1981 TO 2010
CLIMATE RECORD PERIOD 1948 TO 2016


WEATHER ITEM   OBSERVED TIME   RECORD YEAR NORMAL DEPARTURE LAST
                VALUE   (LST)  VALUE       VALUE  FROM      YEAR
                                                  NORMAL
..................................................................
TEMPERATURE (F)
 YESTERDAY
  MAXIMUM         87    423 PM  98    1994  78      9       88
  MINIMUM         36    609 AM  31    1948  40     -4       46
  AVERAGE         62                        59      3       67

PRECIPITATION (IN)
  YESTERDAY        0.00          0.47 1990   0.03  -0.03     0.00
  MONTH TO DATE    0.18                      0.48  -0.30      T
  SINCE OCT 1     15.32                     18.31  -2.99    13.13
  SINCE JAN 1     10.23                     11.48  -1.25     7.22

SNOWFALL (IN)
  YESTERDAY       MM                        MM     MM       MM
  MONTH TO DATE   MM                        MM     MM       MM
  SINCE JUL 1     MM                        MM     MM       MM
  SNOW DEPTH      MM

DEGREE DAYS
 HEATING
  YESTERDAY        3                         6     -3        0
  MONTH TO DATE   92                        89      3       79
  SINCE SEP 1     92                        89      3       79
  SINCE JUL 1    105                       106     -1       80

 COOLING
  YESTERDAY        0                         1     -1        2
  MONTH TO DATE   21                        41    -20       74
  SINCE SEP 1     21                        41    -20       74
  SINCE JAN 1    675                       542    133      911
..................................................................


WIND (MPH)
  HIGHEST WIND SPEED     9   HIGHEST WIND DIRECTION     S (190)
  HIGHEST GUST SPEED    11   HIGHEST GUST DIRECTION     S (180)
  AVERAGE WIND SPEED     2.8


SKY COVER
  POSSIBLE SUNSHINE  MM
  AVERAGE SKY COVER 0.0


WEATHER CONDITIONS
 THE FOLLOWING WEATHER WAS RECORDED YESTERDAY.
  NO SIGNIFICANT WEATHER WAS OBSERVED.


RELATIVE HUMIDITY (PERCENT)
 HIGHEST    83           700 AM
 LOWEST     18           300 PM

..........................................................


THE MONTAGUE CA CLIMATE NORMALS FOR TODAY
                         NORMAL    RECORD    YEAR
 MAXIMUM TEMPERATURE (F)   78        98      1994
 MINIMUM TEMPERATURE (F)   40        31      1948


SUNRISE AND SUNSET
SEPTEMBER 26 2016.....SUNRISE   702 AM PDT   SUNSET   659 PM PDT
SEPTEMBER 27 2016.....SUNRISE   703 AM PDT   SUNSET   657 PM PDT


-  INDICATES NEGATIVE NUMBERS.
R  INDICATES RECORD WAS SET OR TIED.
MM INDICATES DATA IS MISSING.
T  INDICATES TRACE AMOUNT.




$$
