000
CDUS46 KMFR 260836
CLISIY


CLIMATE REPORT
NATIONAL WEATHER SERVICE MEDFORD, OR
136 AM PDT FRI AUG 26 2016


...................................

...THE MONTAGUE CA CLIMATE SUMMARY FOR AUGUST 25 2016...

CLIMATE NORMAL PERIOD 1981 TO 2010
CLIMATE RECORD PERIOD 1948 TO 2016


WEATHER ITEM   OBSERVED TIME   RECORD YEAR NORMAL DEPARTURE LAST
                VALUE   (LST)  VALUE       VALUE  FROM      YEAR
                                                  NORMAL
..................................................................
TEMPERATURE (F)
 YESTERDAY
  MAXIMUM         93    354 PM 101    2010  87      6       95
  MINIMUM         56    619 AM  35    1993  50      6       54
  AVERAGE         75                        68      7       75

PRECIPITATION (IN)
  YESTERDAY        0.00          0.59 1965   0.00   0.00     0.00
  MONTH TO DATE    0.02                      0.31  -0.29     0.01
  SINCE OCT 1     15.14                     17.80  -2.66    13.13
  SINCE JAN 1     10.05                     10.97  -0.92     7.22

SNOWFALL (IN)
  YESTERDAY       MM                        MM     MM       MM
  MONTH TO DATE   MM                        MM     MM       MM
  SINCE JUL 1     MM                        MM     MM       MM
  SNOW DEPTH      MM

DEGREE DAYS
 HEATING
  YESTERDAY        0                         1     -1        0
  MONTH TO DATE    0                         3     -3        0
  SINCE JUN 1     85                       100    -15       17
  SINCE JUL 1     12                         7      5        0

 COOLING
  YESTERDAY       10                         4      6       10
  MONTH TO DATE  239                       167     72      230
  SINCE JUN 1    617                       467    150      788
  SINCE JAN 1    621                       480    141      803
..................................................................


WIND (MPH)
  HIGHEST WIND SPEED    17   HIGHEST WIND DIRECTION     N (360)
  HIGHEST GUST SPEED    23   HIGHEST GUST DIRECTION     N (10)
  AVERAGE WIND SPEED     5.6


SKY COVER
  POSSIBLE SUNSHINE  MM
  AVERAGE SKY COVER 0.0


WEATHER CONDITIONS
 THE FOLLOWING WEATHER WAS RECORDED YESTERDAY.
  NO SIGNIFICANT WEATHER WAS OBSERVED.


RELATIVE HUMIDITY (PERCENT)
 HIGHEST    40           600 AM
 LOWEST      9           300 PM

..........................................................


THE MONTAGUE CA CLIMATE NORMALS FOR TODAY
                         NORMAL    RECORD    YEAR
 MAXIMUM TEMPERATURE (F)   87        97      1988
 MINIMUM TEMPERATURE (F)   49        33      1993


SUNRISE AND SUNSET
AUGUST 26 2016........SUNRISE   630 AM PDT   SUNSET   752 PM PDT
AUGUST 27 2016........SUNRISE   631 AM PDT   SUNSET   750 PM PDT


-  INDICATES NEGATIVE NUMBERS.
R  INDICATES RECORD WAS SET OR TIED.
MM INDICATES DATA IS MISSING.
T  INDICATES TRACE AMOUNT.




$$
