903
CDUS46 KMFR 280838
CLISIY


CLIMATE REPORT
NATIONAL WEATHER SERVICE MEDFORD, OR
138 AM PDT FRI APR 28 2017


...................................

...THE MONTAGUE CA CLIMATE SUMMARY FOR APRIL 27 2017...

CLIMATE NORMAL PERIOD 1981 TO 2010
CLIMATE RECORD PERIOD 1948 TO 2017


WEATHER ITEM   OBSERVED TIME   RECORD YEAR NORMAL DEPARTURE LAST
                VALUE   (LST)  VALUE       VALUE  FROM      YEAR
                                                  NORMAL
..................................................................
TEMPERATURE (F)
 YESTERDAY
  MAXIMUM         57    224 PM  90    1987  65     -8       59
  MINIMUM         31    447 AM  18    1955  36     -5       36
  AVERAGE         44                        50     -6       48

PRECIPITATION (IN)
  YESTERDAY        0.00          0.44 2005   0.07  -0.07      T
  MONTH TO DATE    1.03                      1.36  -0.33     0.78
  SINCE OCT 1     14.90                     14.71   0.19    13.11
  SINCE JAN 1      6.69                      7.88  -1.19     8.02

SNOWFALL (IN)
  YESTERDAY       MM                        MM     MM       MM
  MONTH TO DATE   MM                        MM     MM       MM
  SINCE JUL 1     MM                        MM     MM       MM
  SNOW DEPTH      MM

DEGREE DAYS
 HEATING
  YESTERDAY       21                        14      7       17
  MONTH TO DATE  519                       498     21      319
  SINCE MAR 1   1128                      1180    -52      902
  SINCE JUL 1   5025                      5057    -32     4319

 COOLING
  YESTERDAY        0                         0      0        0
  MONTH TO DATE    0                         0      0        0
  SINCE MAR 1      0                         0      0        0
  SINCE JAN 1      0                         0      0        0
..................................................................


WIND (MPH)
  HIGHEST WIND SPEED    18   HIGHEST WIND DIRECTION     N (360)
  HIGHEST GUST SPEED    23   HIGHEST GUST DIRECTION     N (340)
  AVERAGE WIND SPEED     8.7


SKY COVER
  POSSIBLE SUNSHINE  MM
  AVERAGE SKY COVER 0.3


WEATHER CONDITIONS
 THE FOLLOWING WEATHER WAS RECORDED YESTERDAY.
  NO SIGNIFICANT WEATHER WAS OBSERVED.


RELATIVE HUMIDITY (PERCENT)
 HIGHEST    92           200 AM
 LOWEST     43           100 PM

..........................................................


THE MONTAGUE CA CLIMATE NORMALS FOR TODAY
                         NORMAL    RECORD    YEAR
 MAXIMUM TEMPERATURE (F)   65        84      2006
 MINIMUM TEMPERATURE (F)   36        21      1955


SUNRISE AND SUNSET
APRIL 28 2017.........SUNRISE   610 AM PDT   SUNSET   805 PM PDT
APRIL 29 2017.........SUNRISE   608 AM PDT   SUNSET   806 PM PDT


-  INDICATES NEGATIVE NUMBERS.
R  INDICATES RECORD WAS SET OR TIED.
MM INDICATES DATA IS MISSING.
T  INDICATES TRACE AMOUNT.




$$
