045
CDUS46 KMFR 220904
CLISIY


CLIMATE REPORT
NATIONAL WEATHER SERVICE MEDFORD, OR
103 AM PST SUN JAN 22 2017


...................................

...THE MONTAGUE CA CLIMATE SUMMARY FOR JANUARY 21 2017...

CLIMATE NORMAL PERIOD 1981 TO 2010
CLIMATE RECORD PERIOD 1948 TO 2017


WEATHER ITEM   OBSERVED TIME   RECORD YEAR NORMAL DEPARTURE LAST
                VALUE   (LST)  VALUE       VALUE  FROM      YEAR
                                                  NORMAL
..................................................................
TEMPERATURE (F)
 YESTERDAY
  MAXIMUM         46    323 PM  59    1961  45      1       55
  MINIMUM         30    155 AM   1    1962  26      4       36
  AVERAGE         38                        35      3       46

PRECIPITATION (IN)
  YESTERDAY        0.02          2.35 1964   0.05  -0.03      T
  MONTH TO DATE    1.51                      1.77  -0.26     2.17
  SINCE OCT 1      9.72                      8.60   1.12     7.26
  SINCE JAN 1      1.51                      1.77  -0.26     2.17

SNOWFALL (IN)
  YESTERDAY       MM                        MM     MM       MM
  MONTH TO DATE   MM                        MM     MM       MM
  SINCE JUL 1     MM                        MM     MM       MM
  SNOW DEPTH      MM

DEGREE DAYS
 HEATING
  YESTERDAY       27                        30     -3       19
  MONTH TO DATE  745                       630    115      583
  SINCE DEC 1   1759                      1557    202     1443
  SINCE JUL 1   2889                      2863     26     2526

 COOLING
  YESTERDAY        0                         0      0        0
  MONTH TO DATE    0                         0      0        0
  SINCE DEC 1      0                         0      0        0
  SINCE JAN 1      0                         0      0        0
..................................................................


WIND (MPH)
  HIGHEST WIND SPEED    41   HIGHEST WIND DIRECTION     S (170)
  HIGHEST GUST SPEED    54   HIGHEST GUST DIRECTION     S (170)
  AVERAGE WIND SPEED    13.6


SKY COVER
  POSSIBLE SUNSHINE  MM
  AVERAGE SKY COVER 0.7


WEATHER CONDITIONS
 THE FOLLOWING WEATHER WAS RECORDED YESTERDAY.
  LIGHT RAIN


RELATIVE HUMIDITY (PERCENT)
 HIGHEST    92           200 AM
 LOWEST     58           400 PM

..........................................................


THE MONTAGUE CA CLIMATE NORMALS FOR TODAY
                         NORMAL    RECORD    YEAR
 MAXIMUM TEMPERATURE (F)   45        62      1981
 MINIMUM TEMPERATURE (F)   26        -2      1962


SUNRISE AND SUNSET
JANUARY 22 2017.......SUNRISE   730 AM PST   SUNSET   513 PM PST
JANUARY 23 2017.......SUNRISE   730 AM PST   SUNSET   514 PM PST


-  INDICATES NEGATIVE NUMBERS.
R  INDICATES RECORD WAS SET OR TIED.
MM INDICATES DATA IS MISSING.
T  INDICATES TRACE AMOUNT.




$$
