000
CDUS46 KMFR 281751
CLISIY


CLIMATE REPORT
NATIONAL WEATHER SERVICE MEDFORD, OR
1050 AM PDT TUE JUL 28 2015


...................................

...THE MONTAGUE CA CLIMATE SUMMARY FOR JULY 27 2015...

CLIMATE NORMAL PERIOD 1981 TO 2010
CLIMATE RECORD PERIOD 1948 TO 2015


WEATHER ITEM   OBSERVED TIME   RECORD YEAR NORMAL DEPARTURE LAST
                VALUE   (LST)  VALUE       VALUE  FROM      YEAR
                                                  NORMAL
..................................................................
TEMPERATURE (F)
 YESTERDAY
  MAXIMUM         84    312 PM 106    1973  93     -9       97
  MINIMUM         50    503 AM  42    1955  55     -5       62
  AVERAGE         67                        74     -7       80

PRECIPITATION (IN)
  YESTERDAY        0.00          0.02 1997   0.02  -0.02     0.00
  MONTH TO DATE    0.80                      0.37   0.43     0.13
  SINCE OCT 1     13.12                     17.41  -4.29     6.80
  SINCE JAN 1      7.21                     10.58  -3.37     6.16

SNOWFALL (IN)
  YESTERDAY       MM                        MM     MM       MM
  MONTH TO DATE   MM                        MM     MM       MM
  SINCE JUL 1     MM                        MM     MM       MM
  SNOW DEPTH      MM

DEGREE DAYS
 HEATING
  YESTERDAY        0                         0      0        0
  MONTH TO DATE    0                         1     -1        0
  SINCE JUN 1     17                        94    -77       46
  SINCE JUL 1      0                         1     -1        0

 COOLING
  YESTERDAY        2                         9     -7       15
  MONTH TO DATE  270                       206     64      372
  SINCE JUN 1    504                       264    240      455
  SINCE JAN 1    519                       277    242      462
..................................................................


WIND (MPH)
  HIGHEST WIND SPEED    20   HIGHEST WIND DIRECTION     N (350)
  HIGHEST GUST SPEED    23   HIGHEST GUST DIRECTION     N (350)
  AVERAGE WIND SPEED     9.2


SKY COVER
  POSSIBLE SUNSHINE  MM
  AVERAGE SKY COVER 0.0


WEATHER CONDITIONS
 THE FOLLOWING WEATHER WAS RECORDED YESTERDAY.
  NO SIGNIFICANT WEATHER WAS OBSERVED.


RELATIVE HUMIDITY (PERCENT)
 HIGHEST    74           500 AM
 LOWEST     16           400 PM

..........................................................


THE MONTAGUE CA CLIMATE NORMALS FOR TODAY
                         NORMAL    RECORD    YEAR
 MAXIMUM TEMPERATURE (F)   93       105      2009
 MINIMUM TEMPERATURE (F)   55        42      1948


SUNRISE AND SUNSET
JULY 28 2015..........SUNRISE   600 AM PDT   SUNSET   832 PM PDT
JULY 29 2015..........SUNRISE   601 AM PDT   SUNSET   831 PM PDT


-  INDICATES NEGATIVE NUMBERS.
R  INDICATES RECORD WAS SET OR TIED.
MM INDICATES DATA IS MISSING.
T  INDICATES TRACE AMOUNT.




$$
