000
CDUS46 KMFR 280037
CLISIY


CLIMATE REPORT
NATIONAL WEATHER SERVICE MEDFORD, OR
536 PM PDT WED AUG 27 2014


...................................

...THE MONTAGUE CA CLIMATE SUMMARY FOR AUGUST 27 2014...
VALID TODAY AS OF 0500 PM LOCAL TIME.

CLIMATE NORMAL PERIOD 1981 TO 2010
CLIMATE RECORD PERIOD 1948 TO 2014


WEATHER ITEM   OBSERVED TIME   RECORD YEAR NORMAL DEPARTURE LAST
                VALUE   (LST)  VALUE       VALUE  FROM      YEAR
                                                  NORMAL
..................................................................
TEMPERATURE (F)
 TODAY
  MAXIMUM         97    142 PM  99    1971  87     10       88
  MINIMUM         55    553 AM  40    1960  49      6       48
  AVERAGE         76                        68      8       68

PRECIPITATION (IN)
  TODAY            0.00          0.48 1954   0.00   0.00     0.00
  MONTH TO DATE    T                         0.32  -0.32     0.50
  SINCE SEP 1      7.55                     18.45 -10.90     9.15
  SINCE JAN 1      6.17                     10.98  -4.81     4.33

SNOWFALL (IN)
  TODAY           MM                        MM     MM       MM
  MONTH TO DATE   MM                        MM     MM       MM
  SINCE JUL 1     MM                        MM     MM       MM
  SNOW DEPTH      MM

DEGREE DAYS
 HEATING
  TODAY            0                         1     -1        0
  MONTH TO DATE    0                         5     -5        0
  SINCE JUN 1     46                       102    -56       70
  SINCE JUL 1      0                         9     -9        0

 COOLING
  TODAY           11                         4      7        3
  MONTH TO DATE  261                       175     86      165
  SINCE JUN 1    775                       475    300      652
  SINCE JAN 1    782                       488    294      664
..................................................................


WIND (MPH)
  HIGHEST WIND SPEED    18   HIGHEST WIND DIRECTION    NW (310)
  HIGHEST GUST SPEED    22   HIGHEST GUST DIRECTION    NW (310)
  AVERAGE WIND SPEED     3.5


SKY COVER
  POSSIBLE SUNSHINE  MM
  AVERAGE SKY COVER 0.1


WEATHER CONDITIONS
 THE FOLLOWING WEATHER WAS RECORDED TODAY.
  HAZE


RELATIVE HUMIDITY (PERCENT)
 HIGHEST    47           500 AM
 LOWEST     14           400 PM

..........................................................


THE MONTAGUE CA CLIMATE NORMALS FOR TOMORROW
                         NORMAL    RECORD    YEAR
 MAXIMUM TEMPERATURE (F)   87       103      1988
 MINIMUM TEMPERATURE (F)   49        41      1990


SUNRISE AND SUNSET
AUGUST 27 2014........SUNRISE   631 AM PDT   SUNSET   751 PM PDT
AUGUST 28 2014........SUNRISE   632 AM PDT   SUNSET   750 PM PDT


-  INDICATES NEGATIVE NUMBERS.
R  INDICATES RECORD WAS SET OR TIED.
MM INDICATES DATA IS MISSING.
T  INDICATES TRACE AMOUNT.




$$
