000
CDUS46 KMFR 190902
CLISIY


CLIMATE REPORT
NATIONAL WEATHER SERVICE MEDFORD, OR
102 AM PST FRI DEC 19 2014


...................................

...THE MONTAGUE CA CLIMATE SUMMARY FOR DECEMBER 18 2014...

CLIMATE NORMAL PERIOD 1981 TO 2010
CLIMATE RECORD PERIOD 1948 TO 2014


WEATHER ITEM   OBSERVED TIME   RECORD YEAR NORMAL DEPARTURE LAST
                VALUE   (LST)  VALUE       VALUE  FROM      YEAR
                                                  NORMAL
..................................................................
TEMPERATURE (F)
 YESTERDAY
  MAXIMUM         51    234 PM  53    1976  44      7       40
  MINIMUM         34    744 AM  13    2008  26      8       17
                                      1965
  AVERAGE         43                        35      8       29

PRECIPITATION (IN)
  YESTERDAY        0.08          1.16 1967   0.10  -0.02     0.00
  MONTH TO DATE    1.97                      1.53   0.44     0.09
  SINCE SEP 1      6.54                      6.34   0.20     1.38
  SINCE JAN 1     12.71                     17.34  -4.63     5.71

SNOWFALL (IN)
  YESTERDAY       MM                        MM     MM       MM
  MONTH TO DATE   MM                        MM     MM       MM
  SINCE JUL 1     MM                        MM     MM        0.0
  SNOW DEPTH      MM

DEGREE DAYS
 HEATING
  YESTERDAY       22                        30     -8       36
  MONTH TO DATE  391                       538   -147      740
  SINCE DEC 1    391                       538   -147      740
  SINCE JUL 1   1396                      1844   -448     2060

 COOLING
  YESTERDAY        0                         0      0        0
  MONTH TO DATE    0                         0      0        0
  SINCE DEC 1      0                         0      0        0
  SINCE JAN 1    913                       544    369      776
..................................................................


WIND (MPH)
  HIGHEST WIND SPEED    24   HIGHEST WIND DIRECTION     S (180)
  HIGHEST GUST SPEED    30   HIGHEST GUST DIRECTION     S (180)
  AVERAGE WIND SPEED    10.3


SKY COVER
  POSSIBLE SUNSHINE  MM
  AVERAGE SKY COVER 0.6


WEATHER CONDITIONS
 THE FOLLOWING WEATHER WAS RECORDED YESTERDAY.
  RAIN
  LIGHT RAIN
  FOG


RELATIVE HUMIDITY (PERCENT)
 HIGHEST   100           100 AM
 LOWEST     59           200 PM

..........................................................


THE MONTAGUE CA CLIMATE NORMALS FOR TODAY
                         NORMAL    RECORD    YEAR
 MAXIMUM TEMPERATURE (F)   44        60      1953
 MINIMUM TEMPERATURE (F)   26         8      1967


SUNRISE AND SUNSET
DECEMBER 19 2014......SUNRISE   733 AM PST   SUNSET   441 PM PST
DECEMBER 20 2014......SUNRISE   733 AM PST   SUNSET   442 PM PST


-  INDICATES NEGATIVE NUMBERS.
R  INDICATES RECORD WAS SET OR TIED.
MM INDICATES DATA IS MISSING.
T  INDICATES TRACE AMOUNT.




$$
