000
CDUS46 KMTR 250839
CLISJC


CLIMATE REPORT
NATIONAL WEATHER SERVICE SAN FRANCISCO BAY AREA
139 AM PDT SAT OCT 25 2014


...................................

...THE SAN JOSE AIRPORT CLIMATE SUMMARY FOR OCTOBER 24 2014...

CLIMATE NORMAL PERIOD 1981 TO 2010
CLIMATE RECORD PERIOD 1893 TO 2014


WEATHER ITEM   OBSERVED TIME   RECORD YEAR NORMAL DEPARTURE LAST
                VALUE   (LST)  VALUE       VALUE  FROM      YEAR
                                                  NORMAL
..................................................................
TEMPERATURE (F)
 YESTERDAY
  MAXIMUM         78   1242 PM  90    1959  74      4       60
  MINIMUM         51    605 AM  38    1935  51      0       50
  AVERAGE         65                        63      2       55

PRECIPITATION (IN)
  YESTERDAY        0.00          0.60 1998   0.03  -0.03     0.00
  MONTH TO DATE    T                         0.54  -0.54     0.00
  SINCE JUL 1      0.36                      0.77  -0.41     0.66
  SINCE JAN 1      5.15                     10.66  -5.51     2.90

SNOWFALL (IN)
  YESTERDAY        0.0                      MM     MM        0.0
  MONTH TO DATE    0.0                      MM     MM        0.0
  SINCE SEP 1      0.0                      MM     MM        0.0
  SINCE JUL 1      0.0                      MM     MM        0.0

DEGREE DAYS
 HEATING
  YESTERDAY        0                         3     -3       10
  MONTH TO DATE   21                        42    -21       66
  SINCE SEP 1     23                        52    -29       74
  SINCE JUL 1     23                        55    -32       75

 COOLING
  YESTERDAY        0                         1     -1        0
  MONTH TO DATE   71                        42     29       13
  SINCE SEP 1    181                       179      2      124
  SINCE JAN 1    682                       725    -43      549
..................................................................


WIND (MPH)
  RESULTANT WIND SPEED   0   RESULTANT WIND DIRECTION   S (180)
  HIGHEST WIND SPEED    20   HIGHEST WIND DIRECTION     E (110)
  HIGHEST GUST SPEED    29   HIGHEST GUST DIRECTION     E (110)
  AVERAGE WIND SPEED     5.9


SKY COVER
  POSSIBLE SUNSHINE  MM
  AVERAGE SKY COVER 0.3


WEATHER CONDITIONS
 THE FOLLOWING WEATHER WAS RECORDED YESTERDAY.
  NO SIGNIFICANT WEATHER WAS OBSERVED.


RELATIVE HUMIDITY (PERCENT)
 HIGHEST    96           500 AM
 LOWEST     41          1200 PM
 AVERAGE    69

..........................................................


THE SAN JOSE AIRPORT CLIMATE NORMALS FOR TODAY
                         NORMAL    RECORD    YEAR
 MAXIMUM TEMPERATURE (F)   74        89      2003
 MINIMUM TEMPERATURE (F)   51        37      1893


SUNRISE AND SUNSET
OCTOBER 25 2014.......SUNRISE   725 AM PDT   SUNSET   618 PM PDT
OCTOBER 26 2014.......SUNRISE   726 AM PDT   SUNSET   616 PM PDT


-  INDICATES NEGATIVE NUMBERS.
R  INDICATES RECORD WAS SET OR TIED.
MM INDICATES DATA IS MISSING.
T  INDICATES TRACE AMOUNT.




$$
