690
CDUS46 KMTR 270828
CLISJC


CLIMATE REPORT
NATIONAL WEATHER SERVICE SAN FRANCISCO BAY AREA
128 AM PDT FRI MAY 27 2016


...................................

...THE SAN JOSE AIRPORT CLIMATE SUMMARY FOR MAY 26 2016...

CLIMATE NORMAL PERIOD 1981 TO 2010
CLIMATE RECORD PERIOD 1893 TO 2016


WEATHER ITEM   OBSERVED TIME   RECORD YEAR NORMAL DEPARTURE LAST
                VALUE   (LST)  VALUE       VALUE  FROM      YEAR
                                                  NORMAL
..................................................................
TEMPERATURE (F)
 YESTERDAY
  MAXIMUM         78    108 PM  95    1896  77      1       69
  MINIMUM         50    501 AM  40    1897  54     -4       57
  AVERAGE         64                        65     -1       63

PRECIPITATION (IN)
  YESTERDAY        0.00          0.40 1946   0.00   0.00     0.00
  MONTH TO DATE    0.32                      0.36  -0.04     0.50
  SINCE OCT 1     14.91                     14.55   0.36    13.26
  SINCE JAN 1     10.21                      9.77   0.44     3.31

SNOWFALL (IN)
  YESTERDAY        0.0                      MM     MM        0.0
  MONTH TO DATE    0.0                      MM     MM        0.0
  SINCE MAR 1      0.0                      MM     MM        0.0
  SINCE JUL 1      0.0                      MM     MM        0.0

DEGREE DAYS
 HEATING
  YESTERDAY        1                         2     -1        2
  MONTH TO DATE   57                        74    -17      121
  SINCE MAR 1    374                       515   -141      422
  SINCE JUL 1   1744                      1978   -234     1642

 COOLING
  YESTERDAY        0                         2     -2        0
  MONTH TO DATE   25                        41    -16        6
  SINCE MAR 1     54                        60     -6       27
  SINCE JAN 1     54                        60     -6       27
..................................................................


WIND (MPH)
  RESULTANT WIND SPEED   3   RESULTANT WIND DIRECTION  NW (320)
  HIGHEST WIND SPEED    21   HIGHEST WIND DIRECTION    NW (320)
  HIGHEST GUST SPEED    25   HIGHEST GUST DIRECTION    NW (310)
  AVERAGE WIND SPEED     7.5


SKY COVER
  POSSIBLE SUNSHINE  MM
  AVERAGE SKY COVER 0.1


WEATHER CONDITIONS
 THE FOLLOWING WEATHER WAS RECORDED YESTERDAY.
  NO SIGNIFICANT WEATHER WAS OBSERVED.


RELATIVE HUMIDITY (PERCENT)
 HIGHEST    77           100 AM
 LOWEST     40           100 PM
 AVERAGE    59

..........................................................


THE SAN JOSE AIRPORT CLIMATE NORMALS FOR TODAY
                         NORMAL    RECORD    YEAR
 MAXIMUM TEMPERATURE (F)   77       101      1984
 MINIMUM TEMPERATURE (F)   54        41      1900


SUNRISE AND SUNSET
MAY 27 2016...........SUNRISE   550 AM PDT   SUNSET   820 PM PDT
MAY 28 2016...........SUNRISE   550 AM PDT   SUNSET   820 PM PDT


-  INDICATES NEGATIVE NUMBERS.
R  INDICATES RECORD WAS SET OR TIED.
MM INDICATES DATA IS MISSING.
T  INDICATES TRACE AMOUNT.




$$
