000
CDUS46 KMTR 200035
CLISJC


CLIMATE REPORT
NATIONAL WEATHER SERVICE SAN FRANCISCO BAY AREA
535 PM PDT FRI SEP 19 2014


...................................

...THE SAN JOSE CA CLIMATE SUMMARY FOR SEPTEMBER 19 2014...
VALID TODAY AS OF 0500 PM LOCAL TIME.

CLIMATE NORMAL PERIOD 1981 TO 2010
CLIMATE RECORD PERIOD 1893 TO 2014


WEATHER ITEM   OBSERVED TIME   RECORD YEAR NORMAL DEPARTURE LAST
                VALUE   (LST)  VALUE       VALUE  FROM      YEAR
                                                  NORMAL
..................................................................
TEMPERATURE (F)
 TODAY
  MAXIMUM         77    220 PM  99    2000  82     -5       87
  MINIMUM         63    626 AM  39    1893  56      7       54
  AVERAGE         70                        69      1       71

PRECIPITATION (IN)
  TODAY            0.00          0.58 1977   0.01  -0.01     0.00
  MONTH TO DATE    T                         0.07  -0.07      T
  SINCE JUL 1      T                         0.07  -0.07      T
  SINCE JAN 1      4.79                      9.96  -5.17     2.24

SNOWFALL (IN)
  TODAY            0.0           0.0  1947
  MONTH TO DATE    0.0
  SINCE SEP 1      0.0
  SINCE JUL 1      0.0

DEGREE DAYS
 HEATING
  TODAY            0                         0      0        0
  MONTH TO DATE    2                         0      2        0
  SINCE SEP 1      2                         0      2        0
  SINCE JUL 1      2                         3     -1        1

 COOLING
  TODAY            5                         4      1        6
  MONTH TO DATE   82                        98    -16      101
  SINCE SEP 1     82                        98    -16      101
  SINCE JAN 1    583                       644    -61      526
..................................................................


WIND (MPH)
  RESULTANT WIND SPEED   4   RESULTANT WIND DIRECTION  NW (310)
  HIGHEST WIND SPEED    16   HIGHEST WIND DIRECTION    NW (310)
  HIGHEST GUST SPEED    21   HIGHEST GUST DIRECTION     W (290)
  AVERAGE WIND SPEED     5.0


SKY COVER
  POSSIBLE SUNSHINE  MM
  AVERAGE SKY COVER 0.5


WEATHER CONDITIONS
 THE FOLLOWING WEATHER WAS RECORDED TODAY.
  NO SIGNIFICANT WEATHER WAS OBSERVED.


RELATIVE HUMIDITY (PERCENT)
 HIGHEST    93           500 AM
 LOWEST     58          1200 PM
 AVERAGE    76

..........................................................


THE SAN JOSE CA CLIMATE NORMALS FOR TOMORROW
                         NORMAL    RECORD    YEAR
 MAXIMUM TEMPERATURE (F)   82       100      1939
 MINIMUM TEMPERATURE (F)   56        40      1895


SUNRISE AND SUNSET
SEPTEMBER 19 2014.....SUNRISE   653 AM PDT   SUNSET   709 PM PDT
SEPTEMBER 20 2014.....SUNRISE   654 AM PDT   SUNSET   708 PM PDT


-  INDICATES NEGATIVE NUMBERS.
R  INDICATES RECORD WAS SET OR TIED.
MM INDICATES DATA IS MISSING.
T  INDICATES TRACE AMOUNT.




$$
