000
CDUS46 KMTR 270839
CLISJC


CLIMATE REPORT
NATIONAL WEATHER SERVICE SAN FRANCISCO BAY AREA
139 AM PDT TUE JUN 27 2017


...................................

...THE SAN JOSE AIRPORT CLIMATE SUMMARY FOR JUNE 26 2017...

CLIMATE NORMAL PERIOD 1981 TO 2010
CLIMATE RECORD PERIOD 1893 TO 2017


WEATHER ITEM   OBSERVED TIME   RECORD YEAR NORMAL DEPARTURE LAST
                VALUE   (LST)  VALUE       VALUE  FROM      YEAR
                                                  NORMAL
..................................................................
TEMPERATURE (F)
 YESTERDAY
  MAXIMUM         76    241 PM 102    2003  81     -5       88
  MINIMUM         60    130 AM  39    1894  57      3       59
  AVERAGE         68                        69     -1       74

PRECIPITATION (IN)
  YESTERDAY        0.00          0.13 2001   0.00   0.00     0.00
  MONTH TO DATE    0.02                      0.09  -0.07      T
  SINCE OCT 1     18.42                     15.59   2.83    14.91
  SINCE JAN 1     14.04                     10.50   3.54    10.21

SNOWFALL (IN)
  YESTERDAY        0.0                       0.0    0.0      0.0
  MONTH TO DATE    0.0                       0.0    0.0      0.0
  SINCE JUN 1      0.0                       0.0    0.0      0.0
  SINCE JUL 1      0.0                       0.0    0.0      0.0

DEGREE DAYS
 HEATING
  YESTERDAY        0                         0      0        0
  MONTH TO DATE   13                        25    -12        6
  SINCE JUN 1     13                        25    -12        6
  SINCE JUL 1   1865                      2259   -394     1750

 COOLING
  YESTERDAY        3                         4     -1        9
  MONTH TO DATE  130                        82     48      126
  SINCE JUN 1    130                        82     48      126
  SINCE JAN 1    203                       145     58      208
..................................................................


WIND (MPH)
  RESULTANT WIND SPEED   9   RESULTANT WIND DIRECTION  NW (310)
  HIGHEST WIND SPEED    18   HIGHEST WIND DIRECTION    NW (320)
  HIGHEST GUST SPEED    24   HIGHEST GUST DIRECTION    NW (310)
  AVERAGE WIND SPEED     9.6


SKY COVER
  POSSIBLE SUNSHINE  MM
  AVERAGE SKY COVER 0.4


WEATHER CONDITIONS
 THE FOLLOWING WEATHER WAS RECORDED YESTERDAY.
  NO SIGNIFICANT WEATHER WAS OBSERVED.


RELATIVE HUMIDITY (PERCENT)
 HIGHEST    84           100 AM
 LOWEST     54           200 PM
 AVERAGE    69

..........................................................


THE SAN JOSE AIRPORT CLIMATE NORMALS FOR TODAY
                         NORMAL    RECORD    YEAR
 MAXIMUM TEMPERATURE (F)   81       102      1976
 MINIMUM TEMPERATURE (F)   57        39      1893


SUNRISE AND SUNSET
JUNE 27 2017..........SUNRISE   549 AM PDT   SUNSET   832 PM PDT
JUNE 28 2017..........SUNRISE   550 AM PDT   SUNSET   832 PM PDT


-  INDICATES NEGATIVE NUMBERS.
R  INDICATES RECORD WAS SET OR TIED.
MM INDICATES DATA IS MISSING.
T  INDICATES TRACE AMOUNT.




$$
