000
CDUS46 KMTR 240036
CLISJC


CLIMATE REPORT
NATIONAL WEATHER SERVICE SAN FRANCISCO BAY AREA
536 PM PDT WED APR 23 2014


...................................

...THE SAN JOSE CA CLIMATE SUMMARY FOR APRIL 23 2014...
VALID TODAY AS OF 0500 PM LOCAL TIME.

CLIMATE NORMAL PERIOD 1981 TO 2010
CLIMATE RECORD PERIOD 1893 TO 2014


WEATHER ITEM   OBSERVED TIME   RECORD YEAR NORMAL DEPARTURE LAST
                VALUE   (LST)  VALUE       VALUE  FROM      YEAR
                                                  NORMAL
..................................................................
TEMPERATURE (F)
 TODAY
  MAXIMUM         67    231 PM  90    1946  72     -5       81
  MINIMUM         47    543 AM  34    1894  49     -2       53
  AVERAGE         57                        60     -3       67

PRECIPITATION (IN)
  TODAY            0.00          0.60 1896   0.04  -0.04     0.00
  MONTH TO DATE    0.39                      0.88  -0.49     0.26
  SINCE JUL 1      6.07                     14.24  -8.17     9.38
  SINCE JAN 1      4.51                      9.23  -4.72     2.19

SNOWFALL (IN)
  TODAY            0.0           0.0  1947
  MONTH TO DATE    0.0
  SINCE MAR 1      0.0
  SINCE JUL 1      0.0

DEGREE DAYS
 HEATING
  TODAY            8                         5      3        0
  MONTH TO DATE  101                       152    -51      102
  SINCE MAR 1    271                       407   -136      354
  SINCE JUL 1   1812                      1870    -58     1960

 COOLING
  TODAY            0                         1     -1        2
  MONTH TO DATE   11                         8      3       13
  SINCE MAR 1     15                        12      3       14
  SINCE JAN 1     15                        12      3       14
..................................................................


WIND (MPH)
  RESULTANT WIND SPEED   8   RESULTANT WIND DIRECTION  NW (300)
  HIGHEST WIND SPEED    18   HIGHEST WIND DIRECTION    NW (310)
  HIGHEST GUST SPEED    23   HIGHEST GUST DIRECTION     N (350)
  AVERAGE WIND SPEED     7.9


SKY COVER
  POSSIBLE SUNSHINE  MM
  AVERAGE SKY COVER 0.5


WEATHER CONDITIONS
 THE FOLLOWING WEATHER WAS RECORDED TODAY.
  NO SIGNIFICANT WEATHER WAS OBSERVED.


RELATIVE HUMIDITY (PERCENT)
 HIGHEST    71           200 AM
 LOWEST     34           200 PM
 AVERAGE    53

..........................................................


THE SAN JOSE CA CLIMATE NORMALS FOR TOMORROW
                         NORMAL    RECORD    YEAR
 MAXIMUM TEMPERATURE (F)   72        92      1966
 MINIMUM TEMPERATURE (F)   50        34      1894


SUNRISE AND SUNSET
APRIL 23 2014.........SUNRISE   622 AM PDT   SUNSET   750 PM PDT
APRIL 24 2014.........SUNRISE   621 AM PDT   SUNSET   751 PM PDT


-  INDICATES NEGATIVE NUMBERS.
R  INDICATES RECORD WAS SET OR TIED.
MM INDICATES DATA IS MISSING.
T  INDICATES TRACE AMOUNT.




$$
