000
CDUS46 KMTR 200832
CLISJC


CLIMATE REPORT
NATIONAL WEATHER SERVICE SAN FRANCISCO BAY AREA
1232 AM PST THU NOV 20 2014


...................................

...THE SAN JOSE AIRPORT CLIMATE SUMMARY FOR NOVEMBER 19 2014...

CLIMATE NORMAL PERIOD 1981 TO 2010
CLIMATE RECORD PERIOD 1893 TO 2014


WEATHER ITEM   OBSERVED TIME   RECORD YEAR NORMAL DEPARTURE LAST
                VALUE   (LST)  VALUE       VALUE  FROM      YEAR
                                                  NORMAL
..................................................................
TEMPERATURE (F)
 YESTERDAY
  MAXIMUM         66    253 PM  79    1936  66      0       65
  MINIMUM         52    110 AM  28    1893  46      6       48
  AVERAGE         59                        56      3       57

PRECIPITATION (IN)
  YESTERDAY        T             1.34 1913   0.06  -0.06     0.29
  MONTH TO DATE    0.16                      1.17  -1.01     0.29
  SINCE JUL 1      1.14                      2.18  -1.04     0.95
  SINCE JAN 1      5.93                     12.07  -6.14     3.19

SNOWFALL (IN)
  YESTERDAY        0.0                      MM     MM        0.0
  MONTH TO DATE    0.0                      MM     MM        0.0
  SINCE SEP 1      0.0                      MM     MM        0.0
  SINCE JUL 1      0.0                      MM     MM        0.0

DEGREE DAYS
 HEATING
  YESTERDAY        6                         9     -3        8
  MONTH TO DATE  125                       131     -6      145
  SINCE SEP 1    174                       210    -36      269
  SINCE JUL 1    174                       213    -39      270

 COOLING
  YESTERDAY        0                         0      0        0
  MONTH TO DATE    0                         0      0        0
  SINCE SEP 1    184                       182      2      124
  SINCE JAN 1    685                       728    -43      549
..................................................................


WIND (MPH)
  RESULTANT WIND SPEED   7   RESULTANT WIND DIRECTION  SE (120)
  HIGHEST WIND SPEED    21   HIGHEST WIND DIRECTION    SE (130)
  HIGHEST GUST SPEED    28   HIGHEST GUST DIRECTION    SE (130)
  AVERAGE WIND SPEED     7.7


SKY COVER
  POSSIBLE SUNSHINE  MM
  AVERAGE SKY COVER 0.7


WEATHER CONDITIONS
 THE FOLLOWING WEATHER WAS RECORDED YESTERDAY.
  LIGHT RAIN
  FOG


RELATIVE HUMIDITY (PERCENT)
 HIGHEST   100          1100 PM
 LOWEST     27           900 AM
 AVERAGE    64

..........................................................


THE SAN JOSE AIRPORT CLIMATE NORMALS FOR TODAY
                         NORMAL    RECORD    YEAR
 MAXIMUM TEMPERATURE (F)   66        74      1936
 MINIMUM TEMPERATURE (F)   45        22      1893


SUNRISE AND SUNSET
NOVEMBER 20 2014......SUNRISE   652 AM PST   SUNSET   454 PM PST
NOVEMBER 21 2014......SUNRISE   653 AM PST   SUNSET   454 PM PST


-  INDICATES NEGATIVE NUMBERS.
R  INDICATES RECORD WAS SET OR TIED.
MM INDICATES DATA IS MISSING.
T  INDICATES TRACE AMOUNT.




$$
