000
CDUS46 KMTR 020025
CLISJC


CLIMATE REPORT
NATIONAL WEATHER SERVICE SAN FRANCISCO BAY AREA
425 PM PST SUN MAR 1 2015


...................................

...THE SAN JOSE CA CLIMATE SUMMARY FOR MARCH 1 2015...
VALID TODAY AS OF 0400 PM LOCAL TIME.

CLIMATE NORMAL PERIOD 1981 TO 2010
CLIMATE RECORD PERIOD 1893 TO 2015


WEATHER ITEM   OBSERVED TIME   RECORD YEAR NORMAL DEPARTURE LAST
                VALUE   (LST)  VALUE       VALUE  FROM      YEAR
                                                  NORMAL
..................................................................
TEMPERATURE (F)
 TODAY
  MAXIMUM         64    318 PM  79    1895  66     -2       66
  MINIMUM         39    540 AM  26    1896  47     -8       52
  AVERAGE         52                        56     -4       59

PRECIPITATION (IN)
  TODAY            0.00          1.17 1983   0.11  -0.11     0.21
  MONTH TO DATE    0.00                      0.11  -0.11     0.21
  SINCE OCT 1     11.69                     11.20   0.49     3.88
  SINCE JAN 1      1.74                      6.42  -4.68     2.98

SNOWFALL (IN)
  TODAY            0.0           0.0  1947
  MONTH TO DATE    0.0
  SINCE MAR 1      0.0
  SINCE JUL 1      0.0

DEGREE DAYS
 HEATING
  TODAY           13                         9      4        6
  MONTH TO DATE   13                         9      4        6
  SINCE MAR 1     13                         9      4        6
  SINCE JUL 1   1233                      1472   -239     1547

 COOLING
  TODAY            0                         0      0        0
  MONTH TO DATE    0                         0      0        0
  SINCE MAR 1      0                         0      0        0
  SINCE JAN 1      0                         0      0        0
..................................................................


WIND (MPH)
  RESULTANT WIND SPEED   0   RESULTANT WIND DIRECTION   W (270)
  HIGHEST WIND SPEED    10   HIGHEST WIND DIRECTION     W (290)
  HIGHEST GUST SPEED    18   HIGHEST GUST DIRECTION    NW (300)
  AVERAGE WIND SPEED     1.7


SKY COVER
  POSSIBLE SUNSHINE  MM
  AVERAGE SKY COVER 0.2


WEATHER CONDITIONS
 THE FOLLOWING WEATHER WAS RECORDED TODAY.
  NO SIGNIFICANT WEATHER WAS OBSERVED.


RELATIVE HUMIDITY (PERCENT)
 HIGHEST    92           100 AM
 LOWEST     36           200 PM
 AVERAGE    64

..........................................................


THE SAN JOSE CA CLIMATE NORMALS FOR TOMORROW
                         NORMAL    RECORD    YEAR
 MAXIMUM TEMPERATURE (F)   66        80      1936
 MINIMUM TEMPERATURE (F)   47        31      1971


SUNRISE AND SUNSET
MARCH  1 2015.........SUNRISE   639 AM PST   SUNSET   602 PM PST
MARCH  2 2015.........SUNRISE   638 AM PST   SUNSET   602 PM PST


-  INDICATES NEGATIVE NUMBERS.
R  INDICATES RECORD WAS SET OR TIED.
MM INDICATES DATA IS MISSING.
T  INDICATES TRACE AMOUNT.




$$
