000
CDUS44 KSJT 012033
CLISJT


CLIMATE REPORT
NATIONAL WEATHER SERVICE SAN ANGELO TX
232 PM CST SUN MAR 1 2015


...................................

...THE SAN ANGELO CLIMATE SUMMARY FOR FEBRUARY 28 2015...

CLIMATE NORMAL PERIOD 1981 TO 2010
CLIMATE RECORD PERIOD 1907 TO 2015


WEATHER ITEM   OBSERVED TIME   RECORD YEAR NORMAL DEPARTURE LAST
                VALUE   (LST)  VALUE       VALUE  FROM      YEAR
                                                  NORMAL
..................................................................
TEMPERATURE (F)
 YESTERDAY
  MAXIMUM         31   1159 PM  89    2006  67    -36       86
  MINIMUM         24    518 AM  14    1924  40    -16       41
  AVERAGE         28                        53    -25       64

PRECIPITATION (IN)
  YESTERDAY        T             0.59 1981   0.05  -0.05     0.00
  MONTH TO DATE    0.27                      1.35  -1.08     0.06
  SINCE DEC 1      2.66                      3.13  -0.47     1.21
  SINCE JAN 1      2.30                      2.28   0.02     0.06

SNOWFALL (IN)
  YESTERDAY       MM             0.0  2011   0.0   MM        0.0
  MONTH TO DATE    1.4                       0.3    1.1      0.1
  SINCE NOV 1      1.4                       2.1   -0.7      1.6
  SINCE JUL 1      1.4                       2.1   -0.7      1.6
  SNOW DEPTH       0

DEGREE DAYS
 HEATING
  YESTERDAY       37                        12     25        1
  MONTH TO DATE  456                       416     40      432
  SINCE DEC 1   1477                      1561    -84     1644
  SINCE JUL 1   1847                      1961   -114     2120

 COOLING
  YESTERDAY        0                         0      0        0
  MONTH TO DATE    2                         4     -2        3
  SINCE DEC 1      3                         6     -3        6
  SINCE JAN 1      2                         5     -3        3
..................................................................


WIND (MPH)
  HIGHEST WIND SPEED    14   HIGHEST WIND DIRECTION     E (70)
  HIGHEST GUST SPEED    16   HIGHEST GUST DIRECTION     E (80)
  AVERAGE WIND SPEED     9.0


SKY COVER
  POSSIBLE SUNSHINE  MM
  AVERAGE SKY COVER 1.0


WEATHER CONDITIONS
 THE FOLLOWING WEATHER WAS RECORDED YESTERDAY.
  LT FREEZING RAIN
  FOG


RELATIVE HUMIDITY (PERCENT)
 HIGHEST   100           200 PM
 LOWEST     88          1200 AM
 AVERAGE    94

..........................................................


THE SAN ANGELO CLIMATE NORMALS FOR TODAY
                         NORMAL    RECORD    YEAR
 MAXIMUM TEMPERATURE (F)   67        95      2006
 MINIMUM TEMPERATURE (F)   41        10      1922


SUNRISE AND SUNSET
MARCH  1 2015.........SUNRISE   709 AM CST   SUNSET   640 PM CST
MARCH  2 2015.........SUNRISE   708 AM CST   SUNSET   641 PM CST


-  INDICATES NEGATIVE NUMBERS.
R  INDICATES RECORD WAS SET OR TIED.
MM INDICATES DATA IS MISSING.
T  INDICATES TRACE AMOUNT.




$$
