634
CDUS44 KSJT 020658
CLISJT


CLIMATE REPORT
NATIONAL WEATHER SERVICE SAN ANGELO TX
158 AM CDT MON MAY 2 2016


...................................

...THE SAN ANGELO CLIMATE SUMMARY FOR MAY 1 2016...

CLIMATE NORMAL PERIOD 1981 TO 2010
CLIMATE RECORD PERIOD 1907 TO 2016


WEATHER ITEM   OBSERVED TIME   RECORD YEAR NORMAL DEPARTURE LAST
                VALUE   (LST)  VALUE       VALUE  FROM      YEAR
                                                  NORMAL
..................................................................
TEMPERATURE (F)
 YESTERDAY
  MAXIMUM         68    152 PM 104    2002  84    -16       87
                                      1928
  MINIMUM         56    824 AM  40    1909  57     -1       44
  AVERAGE         62                        70     -8       66

PRECIPITATION (IN)
  YESTERDAY        T             1.24 1966   0.07  -0.07     0.00
  MONTH TO DATE    T                         0.07  -0.07     0.00
  SINCE MAR 1      8.43                      2.99   5.44     3.48
  SINCE JAN 1      9.23                      5.27   3.96     5.74

DEGREE DAYS
 HEATING
  YESTERDAY        3                         1      2        0
  MONTH TO DATE    3                         1      2        0
  SINCE MAR 1    213                       346   -133      330
  SINCE JUL 1   1806                      2307   -501     2177

 COOLING
  YESTERDAY        0                         6     -6        1
  MONTH TO DATE    0                         6     -6        1
  SINCE MAR 1    124                       157    -33      195
  SINCE JAN 1    134                       162    -28      197
..................................................................


WIND (MPH)
  HIGHEST WIND SPEED    24   HIGHEST WIND DIRECTION    NE (40)
  HIGHEST GUST SPEED    31   HIGHEST GUST DIRECTION    NE (40)
  AVERAGE WIND SPEED    14.4


SKY COVER
  POSSIBLE SUNSHINE  MM
  AVERAGE SKY COVER 0.7


WEATHER CONDITIONS
 THE FOLLOWING WEATHER WAS RECORDED YESTERDAY.
  NO SIGNIFICANT WEATHER WAS OBSERVED.


RELATIVE HUMIDITY (PERCENT)
 HIGHEST    86           300 AM
 LOWEST     45           200 PM
 AVERAGE    66

..........................................................


THE SAN ANGELO CLIMATE NORMALS FOR TODAY
                         NORMAL    RECORD    YEAR
 MAXIMUM TEMPERATURE (F)   84        99      1998
                                             1996
 MINIMUM TEMPERATURE (F)   57        35      1967


SUNRISE AND SUNSET
MAY  2 2016...........SUNRISE   656 AM CDT   SUNSET   823 PM CDT
MAY  3 2016...........SUNRISE   655 AM CDT   SUNSET   823 PM CDT


-  INDICATES NEGATIVE NUMBERS.
R  INDICATES RECORD WAS SET OR TIED.
MM INDICATES DATA IS MISSING.
T  INDICATES TRACE AMOUNT.




$$
