000
CDUS44 KSJT 230829
CLISJT


CLIMATE REPORT
NATIONAL WEATHER SERVICE SAN ANGELO TX
328 AM CDT WED AUG 23 2017


...................................

...THE SAN ANGELO CLIMATE SUMMARY FOR AUGUST 22 2017...

CLIMATE NORMAL PERIOD 1981 TO 2010
CLIMATE RECORD PERIOD 1907 TO 2017


WEATHER ITEM   OBSERVED TIME   RECORD YEAR NORMAL DEPARTURE LAST
                VALUE   (LST)  VALUE       VALUE  FROM      YEAR
                                                  NORMAL
..................................................................
TEMPERATURE (F)
 YESTERDAY
  MAXIMUM         99    209 PM 105    2010  94      5       90
                                      1934
                                      1910
  MINIMUM         69    548 AM  60    1981  70     -1       69
  AVERAGE         84                        82      2       80

PRECIPITATION (IN)
  YESTERDAY        0.09          1.00 1942   0.08   0.01     0.01
  MONTH TO DATE    1.79                      1.43   0.36     2.87
  SINCE JUN 1      5.00                      5.22  -0.22     9.89
  SINCE JAN 1     11.48                     13.24  -1.76    25.52

DEGREE DAYS
 HEATING
  YESTERDAY        0                         0      0        0
  MONTH TO DATE    0                         0      0        0
  SINCE JUN 1      0                         0      0        0
  SINCE JUL 1      0                         0      0        0

 COOLING
  YESTERDAY       19                        17      2       15
  MONTH TO DATE  408                       404      4      448
  SINCE JUN 1   1582                      1431    151     1595
  SINCE JAN 1   2158                      1891    267     2006
..................................................................


WIND (MPH)
  HIGHEST WIND SPEED    32   HIGHEST WIND DIRECTION     N (350)
  HIGHEST GUST SPEED    38   HIGHEST GUST DIRECTION     N (350)
  AVERAGE WIND SPEED     7.6


SKY COVER
  POSSIBLE SUNSHINE  MM
  AVERAGE SKY COVER 0.1


WEATHER CONDITIONS
 THE FOLLOWING WEATHER WAS RECORDED YESTERDAY.
  LIGHT RAIN


RELATIVE HUMIDITY (PERCENT)
 HIGHEST    79           700 AM
 LOWEST     26           600 PM
 AVERAGE    53

..........................................................


THE SAN ANGELO CLIMATE NORMALS FOR TODAY
                         NORMAL    RECORD    YEAR
 MAXIMUM TEMPERATURE (F)   94       107      2010
 MINIMUM TEMPERATURE (F)   70        60      1961


SUNRISE AND SUNSET
AUGUST 23 2017........SUNRISE   713 AM CDT   SUNSET   816 PM CDT
AUGUST 24 2017........SUNRISE   713 AM CDT   SUNSET   815 PM CDT


-  INDICATES NEGATIVE NUMBERS.
R  INDICATES RECORD WAS SET OR TIED.
MM INDICATES DATA IS MISSING.
T  INDICATES TRACE AMOUNT.




$$
