000
CDUS44 KSJT 242320
CLISJT


CLIMATE REPORT
NATIONAL WEATHER SERVICE SAN ANGELO TX
519 PM CST TUE JAN 24 2017


...................................

...THE SAN ANGELO CLIMATE SUMMARY FOR JANUARY 24 2017...
VALID TODAY AS OF 0500 PM LOCAL TIME.

CLIMATE NORMAL PERIOD 1981 TO 2010
CLIMATE RECORD PERIOD 1907 TO 2017


WEATHER ITEM   OBSERVED TIME   RECORD YEAR NORMAL DEPARTURE LAST
                VALUE   (LST)  VALUE       VALUE  FROM      YEAR
                                                  NORMAL
..................................................................
TEMPERATURE (F)
 TODAY
  MAXIMUM         85    149 PM  89    1943  60     25       71
  MINIMUM         56   1220 AM   6    1963  34     22       39
  AVERAGE         71                        47     24       55

PRECIPITATION (IN)
  TODAY            0.00          1.08 1926   0.04  -0.04     0.00
  MONTH TO DATE    1.35                      0.70   0.65      T
  SINCE DEC 1      2.09                      1.55   0.54     2.26
  SINCE JAN 1      1.35                      0.70   0.65      T

SNOWFALL (IN)
  TODAY            0.0           9.0  1926   0.0    0.0      0.0
  MONTH TO DATE    T                         1.0   -1.0      0.0
  SINCE NOV 1      T                         1.6   -1.6      3.1
  SINCE JUL 1      T                         1.6   -1.6      3.1

DEGREE DAYS
 HEATING
  TODAY            0                        18    -18       10
  MONTH TO DATE  350                       451   -101      467
  SINCE DEC 1    824                      1018   -194      887
  SINCE JUL 1    992                      1418   -426     1173

 COOLING
  TODAY            6                         0      6        0
  MONTH TO DATE    6                         0      6        0
  SINCE DEC 1      7                         1      6        0
  SINCE JAN 1      6                         0      6        0
..................................................................


WIND (MPH)
  HIGHEST WIND SPEED    30   HIGHEST WIND DIRECTION    SW (230)
  HIGHEST GUST SPEED    36   HIGHEST GUST DIRECTION    SW (220)
  AVERAGE WIND SPEED    16.2


SKY COVER
  POSSIBLE SUNSHINE  MM
  AVERAGE SKY COVER 0.0


WEATHER CONDITIONS
 THE FOLLOWING WEATHER WAS RECORDED TODAY.
  NO SIGNIFICANT WEATHER WAS OBSERVED.


RELATIVE HUMIDITY (PERCENT)
 HIGHEST    43          1200 AM
 LOWEST     13           200 PM
 AVERAGE    28

..........................................................


THE SAN ANGELO CLIMATE NORMALS FOR TOMORROW
                         NORMAL    RECORD    YEAR
 MAXIMUM TEMPERATURE (F)   60        82      1950
 MINIMUM TEMPERATURE (F)   34         4      1926


SUNRISE AND SUNSET
JANUARY 24 2017.......SUNRISE   739 AM CST   SUNSET   610 PM CST
JANUARY 25 2017.......SUNRISE   738 AM CST   SUNSET   611 PM CST


-  INDICATES NEGATIVE NUMBERS.
R  INDICATES RECORD WAS SET OR TIED.
MM INDICATES DATA IS MISSING.
T  INDICATES TRACE AMOUNT.




$$
