000
CDUS44 KSJT 220653
CLISJT


CLIMATE REPORT
NATIONAL WEATHER SERVICE SAN ANGELO TX
152 AM CDT TUE JUL 22 2014


...................................

...THE SAN ANGELO CLIMATE SUMMARY FOR JULY 21 2014...

CLIMATE NORMAL PERIOD 1981 TO 2010
CLIMATE RECORD PERIOD 1907 TO 2014


WEATHER ITEM   OBSERVED TIME   RECORD YEAR NORMAL DEPARTURE LAST
                VALUE   (LST)  VALUE       VALUE  FROM      YEAR
                                                  NORMAL
..................................................................
TEMPERATURE (F)
 YESTERDAY
  MAXIMUM        100    345 PM 104    1936  96      4       93
                                      1925
                                      1912
  MINIMUM         76    617 AM  61    1917  71      5       71
  AVERAGE         88                        84      4       82

PRECIPITATION (IN)
  YESTERDAY        0.00          1.19 1919   0.03  -0.03      T
  MONTH TO DATE    0.77                      0.84  -0.07     3.14
  SINCE JUN 1      3.06                      3.43  -0.37     4.54
  SINCE JAN 1     11.33                     11.45  -0.12    10.92

DEGREE DAYS
 HEATING
  YESTERDAY        0                         0      0        0
  MONTH TO DATE    0                         0      0        0
  SINCE JUN 1      0                         0      0        0
  SINCE JUL 1      0                         0      0        0

 COOLING
  YESTERDAY       23                        18      5       17
  MONTH TO DATE  368                       374     -6      345
  SINCE JUN 1    852                       838     14      906
  SINCE JAN 1   1454                      1298    156     1502
..................................................................


WIND (MPH)
  HIGHEST WIND SPEED    17   HIGHEST WIND DIRECTION    SE (120)
  HIGHEST GUST SPEED    22   HIGHEST GUST DIRECTION    SE (120)
  AVERAGE WIND SPEED     8.6


SKY COVER
  POSSIBLE SUNSHINE  MM
  AVERAGE SKY COVER 0.1


WEATHER CONDITIONS
 THE FOLLOWING WEATHER WAS RECORDED YESTERDAY.
  NO SIGNIFICANT WEATHER WAS OBSERVED.


RELATIVE HUMIDITY (PERCENT)
 HIGHEST    82           600 AM
 LOWEST     35           200 PM
 AVERAGE    59

..........................................................


THE SAN ANGELO CLIMATE NORMALS FOR TODAY
                         NORMAL    RECORD    YEAR
 MAXIMUM TEMPERATURE (F)   96       105      2012
 MINIMUM TEMPERATURE (F)   72        59      1988


SUNRISE AND SUNSET
JULY 22 2014..........SUNRISE   652 AM CDT   SUNSET   844 PM CDT
JULY 23 2014..........SUNRISE   653 AM CDT   SUNSET   844 PM CDT


-  INDICATES NEGATIVE NUMBERS.
R  INDICATES RECORD WAS SET OR TIED.
MM INDICATES DATA IS MISSING.
T  INDICATES TRACE AMOUNT.




$$
