717
CDUS44 KSJT 200755
CLISJT


CLIMATE REPORT
NATIONAL WEATHER SERVICE SAN ANGELO TX
254 AM CDT FRI OCT 20 2017


...................................

...THE SAN ANGELO CLIMATE SUMMARY FOR OCTOBER 19 2017...

CLIMATE NORMAL PERIOD 1981 TO 2010
CLIMATE RECORD PERIOD 1907 TO 2017


WEATHER ITEM   OBSERVED TIME   RECORD YEAR NORMAL DEPARTURE LAST
                VALUE   (LST)  VALUE       VALUE  FROM      YEAR
                                                  NORMAL
..................................................................
TEMPERATURE (F)
 YESTERDAY
  MAXIMUM         80    410 PM  95    1995  78      2       89
  MINIMUM         52    710 AM  28    1989  53     -1       65
  AVERAGE         66                        65      1       77

PRECIPITATION (IN)
  YESTERDAY        0.00          0.48 1930   0.10  -0.10     0.00
  MONTH TO DATE    0.79                      1.75  -0.96     1.49
  SINCE SEP 1      4.25                      4.21   0.04     6.73
  SINCE JAN 1     16.35                     18.28  -1.93    32.25

SNOWFALL (IN)
  YESTERDAY        0.0           0.0  2002   0.0    0.0      0.0
  MONTH TO DATE    0.0                       0.0    0.0      0.0
  SINCE NOV 1      T                         2.2   -2.2      3.1
  SINCE JUL 1      0.0                       0.0    0.0      0.0
  SNOW DEPTH       0

DEGREE DAYS
 HEATING
  YESTERDAY        0                         3     -3        0
  MONTH TO DATE   22                        32    -10        4
  SINCE SEP 1     22                        41    -19        4
  SINCE JUL 1     22                        41    -19        4

 COOLING
  YESTERDAY        1                         3     -2       12
  MONTH TO DATE  138                        90     48      172
  SINCE SEP 1    513                       419     94      571
  SINCE JAN 1   2787                      2455    332     2731
..................................................................


WIND (MPH)
  HIGHEST WIND SPEED    18   HIGHEST WIND DIRECTION     S (170)
  HIGHEST GUST SPEED    24   HIGHEST GUST DIRECTION     S (170)
  AVERAGE WIND SPEED     5.8


SKY COVER
  POSSIBLE SUNSHINE  MM
  AVERAGE SKY COVER 0.1


WEATHER CONDITIONS
 THE FOLLOWING WEATHER WAS RECORDED YESTERDAY.
  NO SIGNIFICANT WEATHER WAS OBSERVED.


RELATIVE HUMIDITY (PERCENT)
 HIGHEST    83           700 AM
 LOWEST     37           400 PM
 AVERAGE    60

..........................................................


THE SAN ANGELO CLIMATE NORMALS FOR TODAY
                         NORMAL    RECORD    YEAR
 MAXIMUM TEMPERATURE (F)   78        93      1940
 MINIMUM TEMPERATURE (F)   53        31      1916


SUNRISE AND SUNSET
OCTOBER 20 2017.......SUNRISE   749 AM CDT   SUNSET   704 PM CDT
OCTOBER 21 2017.......SUNRISE   749 AM CDT   SUNSET   703 PM CDT


-  INDICATES NEGATIVE NUMBERS.
R  INDICATES RECORD WAS SET OR TIED.
MM INDICATES DATA IS MISSING.
T  INDICATES TRACE AMOUNT.




$$
