304
CDUS44 KSJT 140752
CLISJT


CLIMATE REPORT
NATIONAL WEATHER SERVICE SAN ANGELO TX
151 AM CST SUN FEB 14 2016


...................................

...THE SAN ANGELO CLIMATE SUMMARY FOR FEBRUARY 13 2016...

CLIMATE NORMAL PERIOD 1981 TO 2010
CLIMATE RECORD PERIOD 1907 TO 2016


WEATHER ITEM   OBSERVED TIME   RECORD YEAR NORMAL DEPARTURE LAST
                VALUE   (LST)  VALUE       VALUE  FROM      YEAR
                                                  NORMAL
..................................................................
TEMPERATURE (F)
 YESTERDAY
  MAXIMUM         80    355 PM  86    1922  63     17       73
  MINIMUM         32    643 AM  18    1963  37     -5       42
  AVERAGE         56                        50      6       58

PRECIPITATION (IN)
  YESTERDAY        0.00          0.91 1969   0.06  -0.06     0.00
  MONTH TO DATE    0.00                      0.58  -0.58      T
  SINCE DEC 1      2.29                      2.36  -0.07     2.39
  SINCE JAN 1      0.03                      1.51  -1.48     2.03

SNOWFALL (IN)
  YESTERDAY        0.0           1.7  1951   0.1   -0.1      0.0
  MONTH TO DATE    0.0                       0.2   -0.2      0.0
  SINCE NOV 1      3.1                       2.0    1.1       T
  SINCE JUL 1      3.1                       2.0    1.1       T
  SNOW DEPTH       0

DEGREE DAYS
 HEATING
  YESTERDAY        9                        15     -6        7
  MONTH TO DATE  194                       213    -19      156
  SINCE DEC 1   1169                      1357   -188     1177
  SINCE JUL 1   1455                      1757   -302     1547

 COOLING
  YESTERDAY        0                         0      0        0
  MONTH TO DATE    0                         0      0        0
  SINCE DEC 1      0                         2     -2        1
  SINCE JAN 1      0                         1     -1        0
..................................................................


WIND (MPH)
  HIGHEST WIND SPEED    22   HIGHEST WIND DIRECTION     S (160)
  HIGHEST GUST SPEED    28   HIGHEST GUST DIRECTION    SW (210)
  AVERAGE WIND SPEED     8.5


SKY COVER
  POSSIBLE SUNSHINE  MM
  AVERAGE SKY COVER 0.0


WEATHER CONDITIONS
 THE FOLLOWING WEATHER WAS RECORDED YESTERDAY.
  NO SIGNIFICANT WEATHER WAS OBSERVED.


RELATIVE HUMIDITY (PERCENT)
 HIGHEST    82           800 AM
 LOWEST     21           600 PM
 AVERAGE    52

..........................................................


THE SAN ANGELO CLIMATE NORMALS FOR TODAY
                         NORMAL    RECORD    YEAR
 MAXIMUM TEMPERATURE (F)   63        87      1979
 MINIMUM TEMPERATURE (F)   37        19      1951


SUNRISE AND SUNSET
FEBRUARY 14 2016......SUNRISE   725 AM CST   SUNSET   628 PM CST
FEBRUARY 15 2016......SUNRISE   724 AM CST   SUNSET   629 PM CST


-  INDICATES NEGATIVE NUMBERS.
R  INDICATES RECORD WAS SET OR TIED.
MM INDICATES DATA IS MISSING.
T  INDICATES TRACE AMOUNT.




$$
