000
CDUS44 KSJT 112229
CLISJT


CLIMATE REPORT
NATIONAL WEATHER SERVICE SAN ANGELO TX
529 PM CDT FRI JUL 11 2014


...................................

...THE SAN ANGELO CLIMATE SUMMARY FOR JULY 11 2014...
VALID TODAY AS OF 0500 PM LOCAL TIME.

CLIMATE NORMAL PERIOD 1981 TO 2010
CLIMATE RECORD PERIOD 1907 TO 2014


WEATHER ITEM   OBSERVED TIME   RECORD YEAR NORMAL DEPARTURE LAST
                VALUE   (LST)  VALUE       VALUE  FROM      YEAR
                                                  NORMAL
..................................................................
TEMPERATURE (F)
 TODAY
  MAXIMUM         91    422 PM 108    1917  95     -4       99
  MINIMUM         68    543 AM  62    1961  71     -3       77
  AVERAGE         80                        83     -3       88

PRECIPITATION (IN)
  TODAY            0.00          1.51 1937   0.04  -0.04     0.00
  MONTH TO DATE    0.00                      0.50  -0.50     0.01
  SINCE JUN 1      2.29                      3.09  -0.80     1.41
  SINCE JAN 1     10.56                     11.11  -0.55     7.79

DEGREE DAYS
 HEATING
  TODAY            0                         0      0        0
  MONTH TO DATE    0                         0      0        0
  SINCE JUN 1      0                         0      0        0
  SINCE JUL 1      0                         0      0        0

 COOLING
  TODAY           15                        18     -3       23
  MONTH TO DATE  199                       194      5      195
  SINCE JUN 1    683                       658     25      756
  SINCE JAN 1   1285                      1118    167     1352
..................................................................


WIND (MPH)
  HIGHEST WIND SPEED    21   HIGHEST WIND DIRECTION     S (180)
  HIGHEST GUST SPEED    27   HIGHEST GUST DIRECTION     S (160)
  AVERAGE WIND SPEED    10.6


SKY COVER
  POSSIBLE SUNSHINE  MM
  AVERAGE SKY COVER 0.5


WEATHER CONDITIONS
 THE FOLLOWING WEATHER WAS RECORDED TODAY.
  NO SIGNIFICANT WEATHER WAS OBSERVED.


RELATIVE HUMIDITY (PERCENT)
 HIGHEST    79           700 AM
 LOWEST     38           300 PM
 AVERAGE    59

..........................................................


THE SAN ANGELO CLIMATE NORMALS FOR TOMORROW
                         NORMAL    RECORD    YEAR
 MAXIMUM TEMPERATURE (F)   95       108      1917
 MINIMUM TEMPERATURE (F)   71        62      1912


SUNRISE AND SUNSET
JULY 11 2014..........SUNRISE   646 AM CDT   SUNSET   849 PM CDT
JULY 12 2014..........SUNRISE   646 AM CDT   SUNSET   849 PM CDT


-  INDICATES NEGATIVE NUMBERS.
R  INDICATES RECORD WAS SET OR TIED.
MM INDICATES DATA IS MISSING.
T  INDICATES TRACE AMOUNT.




$$
