000
CDUS44 KSJT 011438
CLISJT


CLIMATE REPORT
NATIONAL WEATHER SERVICE SAN ANGELO TX
838 AM CST SUN FEB 1 2015


...................................

...THE SAN ANGELO CLIMATE SUMMARY FOR JANUARY 31 2015...

CLIMATE NORMAL PERIOD 1981 TO 2010
CLIMATE RECORD PERIOD 1907 TO 2015


WEATHER ITEM   OBSERVED TIME   RECORD YEAR NORMAL DEPARTURE LAST
                VALUE   (LST)  VALUE       VALUE  FROM      YEAR
                                                  NORMAL
..................................................................
TEMPERATURE (F)
 YESTERDAY
  MAXIMUM         59   1101 PM  91    1911  61     -2       85
  MINIMUM         46   1244 AM   7    1949  34     12       39
  AVERAGE         53                        48      5       62

PRECIPITATION (IN)
  YESTERDAY        0.52          2.05 1913   0.03   0.49     0.00
  MONTH TO DATE    2.03                      0.93   1.10      T
  SINCE DEC 1      2.39                      1.78   0.61     1.15
  SINCE JAN 1      2.03                      0.93   1.10      T

SNOWFALL (IN)
  YESTERDAY        0.0           2.9  1972   0.0    0.0      0.0
  MONTH TO DATE    T                         1.2   -1.2       T
  SINCE NOV 1      T                         1.8   -1.8      1.5
  SINCE JUL 1      T                         1.8   -1.8      1.5
  SNOW DEPTH       0

DEGREE DAYS
 HEATING
  YESTERDAY       12                        17     -5        3
  MONTH TO DATE  630                       576     54      589
  SINCE DEC 1   1021                      1144   -123     1212
  SINCE JUL 1   1391                      1544   -153     1688

 COOLING
  YESTERDAY        0                         0      0        0
  MONTH TO DATE    0                         1     -1        0
  SINCE DEC 1      1                         2     -1        3
  SINCE JAN 1      0                         1     -1        0
..................................................................


WIND (MPH)
  HIGHEST WIND SPEED    22   HIGHEST WIND DIRECTION     S (170)
  HIGHEST GUST SPEED    28   HIGHEST GUST DIRECTION     S (170)
  AVERAGE WIND SPEED     9.1


SKY COVER
  POSSIBLE SUNSHINE  MM
  AVERAGE SKY COVER 1.0


WEATHER CONDITIONS
 THE FOLLOWING WEATHER WAS RECORDED YESTERDAY.
  HEAVY RAIN
  RAIN
  LIGHT RAIN
  FOG


RELATIVE HUMIDITY (PERCENT)
 HIGHEST    93           800 AM
 LOWEST     61          1200 AM
 AVERAGE    77

..........................................................


THE SAN ANGELO CLIMATE NORMALS FOR TODAY
                         NORMAL    RECORD    YEAR
 MAXIMUM TEMPERATURE (F)   61        90      1911
 MINIMUM TEMPERATURE (F)   34         5      1985
                                             1951


SUNRISE AND SUNSET
FEBRUARY  1 2015......SUNRISE   735 AM CST   SUNSET   617 PM CST
FEBRUARY  2 2015......SUNRISE   734 AM CST   SUNSET   618 PM CST


-  INDICATES NEGATIVE NUMBERS.
R  INDICATES RECORD WAS SET OR TIED.
MM INDICATES DATA IS MISSING.
T  INDICATES TRACE AMOUNT.




$$
