000
CDUS44 KSJT 102327
CLISJT


CLIMATE REPORT
NATIONAL WEATHER SERVICE SAN ANGELO TX
526 PM CST SUN DEC 10 2017


...................................

...THE SAN ANGELO CLIMATE SUMMARY FOR DECEMBER 10 2017...
VALID TODAY AS OF 0500 PM LOCAL TIME.

CLIMATE NORMAL PERIOD 1981 TO 2010
CLIMATE RECORD PERIOD 1907 TO 2017


WEATHER ITEM   OBSERVED TIME   RECORD YEAR NORMAL DEPARTURE LAST
                VALUE   (LST)  VALUE       VALUE  FROM      YEAR
                                                  NORMAL
..................................................................
TEMPERATURE (F)
 TODAY
  MAXIMUM         72    329 PM  83    1989  61     11       58
  MINIMUM         25    715 AM  14    1917  34     -9       31
  AVERAGE         49                        47      2       45

PRECIPITATION (IN)
  TODAY            0.00          0.33 1988   0.03  -0.03     0.00
  MONTH TO DATE    0.42                      0.25   0.17     0.73
  SINCE DEC 1      0.42                      0.25   0.17     0.73
  SINCE JAN 1     17.77                     20.65  -2.88    35.71

SNOWFALL (IN)
  TODAY            0.0           3.3  1986   0.0    0.0      0.0
  MONTH TO DATE    T                         0.1   -0.1       T
  SINCE NOV 1      T                         0.4   -0.4       T
  SINCE JUL 1      T                         0.4   -0.4       T

DEGREE DAYS
 HEATING
  TODAY           16                        18     -2       20
  MONTH TO DATE  133                       168    -35      203
  SINCE DEC 1    133                       168    -35      203
  SINCE JUL 1    433                       568   -135      371

 COOLING
  TODAY            0                         0      0        0
  MONTH TO DATE    3                         0      3        0
  SINCE DEC 1      3                         0      3        0
  SINCE JAN 1   2876                      2502    374     2829
..................................................................


WIND (MPH)
  HIGHEST WIND SPEED     9   HIGHEST WIND DIRECTION    SW (240)
  HIGHEST GUST SPEED    12   HIGHEST GUST DIRECTION     W (290)
  AVERAGE WIND SPEED     4.7


SKY COVER
  POSSIBLE SUNSHINE  MM
  AVERAGE SKY COVER 0.0


WEATHER CONDITIONS
 THE FOLLOWING WEATHER WAS RECORDED TODAY.
  NO SIGNIFICANT WEATHER WAS OBSERVED.


RELATIVE HUMIDITY (PERCENT)
 HIGHEST    81           400 AM
 LOWEST     12           200 PM
 AVERAGE    47

..........................................................


THE SAN ANGELO CLIMATE NORMALS FOR TOMORROW
                         NORMAL    RECORD    YEAR
 MAXIMUM TEMPERATURE (F)   60        87      2015
 MINIMUM TEMPERATURE (F)   34        17      1919


SUNRISE AND SUNSET
DECEMBER 10 2017......SUNRISE   730 AM CST   SUNSET   540 PM CST
DECEMBER 11 2017......SUNRISE   731 AM CST   SUNSET   540 PM CST


-  INDICATES NEGATIVE NUMBERS.
R  INDICATES RECORD WAS SET OR TIED.
MM INDICATES DATA IS MISSING.
T  INDICATES TRACE AMOUNT.




$$
