000
CDCA42 TJSJ 220506
CLISJU


CLIMATE REPORT
NATIONAL WEATHER SERVICE SAN JUAN, PR
105 AM AST FRI AUG 22 2014


...................................

...THE SAN JUAN/P.R. CLIMATE SUMMARY FOR AUGUST 21 2014...

CLIMATE NORMAL PERIOD 1981 TO 2010
CLIMATE RECORD PERIOD 1898 TO 2014


WEATHER ITEM   OBSERVED TIME   RECORD YEAR NORMAL DEPARTURE LAST
                VALUE   (LST)  VALUE       VALUE  FROM      YEAR
                                                  NORMAL
..................................................................
TEMPERATURE (F)
 YESTERDAY
  MAXIMUM         88    340 PM  97    1980  89     -1       89
  MINIMUM         79    703 PM  72    1956  78      1       74
  AVERAGE         84                        84      0       82

PRECIPITATION (IN)
  YESTERDAY        0.19          2.72 1983   0.18   0.01     0.17
  MONTH TO DATE    4.28                      3.45   0.83     5.25
  SINCE JUN 1      8.62                     12.93  -4.31    30.71
  SINCE JAN 1     27.14                     31.61  -4.47    55.46

SNOWFALL (IN)
  YESTERDAY        0.0
  MONTH TO DATE    0.0
  SINCE JUN 1      0.0
  SINCE JUL 1      0.0

DEGREE DAYS
 HEATING
  YESTERDAY        0                         0      0        0
  MONTH TO DATE    0                         0      0        0
  SINCE JUN 1      0                         0      0        0
  SINCE JUL 1      0                         0      0        0

 COOLING
  YESTERDAY       19                        19      0       17
  MONTH TO DATE  384                       399    -15      397
  SINCE JUN 1   1621                      1518    103     1472
  SINCE JAN 1   4027                      3683    344     3720
..................................................................


WIND (MPH)
  RESULTANT WIND SPEED  11   RESULTANT WIND DIRECTION  NE (50)
  HIGHEST WIND SPEED    25   HIGHEST WIND DIRECTION    NE (60)
  HIGHEST GUST SPEED    31   HIGHEST GUST DIRECTION     E (70)
  AVERAGE WIND SPEED    12.3


SKY COVER
  POSSIBLE SUNSHINE  MM
  AVERAGE SKY COVER 0.5


WEATHER CONDITIONS
 THE FOLLOWING WEATHER WAS RECORDED YESTERDAY.
  LIGHT RAIN
  FOG


RELATIVE HUMIDITY (PERCENT)
 HIGHEST    88
 LOWEST     70
 AVERAGE    79

..........................................................


THE SAN JUAN/P.R. CLIMATE NORMALS FOR TODAY
                         NORMAL    RECORD    YEAR
 MAXIMUM TEMPERATURE (F)   89        93      2007
 MINIMUM TEMPERATURE (F)   78        70      1916


SUNRISE AND SUNSET
AUGUST 22 2014........SUNRISE   607 AM AST   SUNSET   646 PM AST
AUGUST 23 2014........SUNRISE   608 AM AST   SUNSET   645 PM AST


-  INDICATES NEGATIVE NUMBERS.
R  INDICATES RECORD WAS SET OR TIED.
MM INDICATES DATA IS MISSING.
T  INDICATES TRACE AMOUNT.




$$
