000
CDCA42 TJSJ 280437
CLISJU


CLIMATE REPORT
NATIONAL WEATHER SERVICE SAN JUAN, PR
1236 AM AST WED JAN 28 2015


...................................

...THE SAN JUAN AREA/PR CLIMATE SUMMARY FOR JANUARY 27 2015...

CLIMATE NORMAL PERIOD 1981 TO 2010
CLIMATE RECORD PERIOD 1898 TO 2015


WEATHER ITEM   OBSERVED TIME   RECORD YEAR NORMAL DEPARTURE LAST
                VALUE   (LST)  VALUE       VALUE  FROM      YEAR
                                                  NORMAL
..................................................................
TEMPERATURE (F)
 YESTERDAY
  MAXIMUM         88    303 PM  89    1966  83      5       87
  MINIMUM         74    501 AM  63    1986  72      2       73
  AVERAGE         81                        78      3       80

PRECIPITATION (IN)
  YESTERDAY        0.00          1.01 1905   0.10  -0.10     0.00
  MONTH TO DATE    4.73                      3.39   1.34     1.96
  SINCE DEC 1     10.24                      8.41   1.83     9.58
  SINCE JAN 1      4.73                      3.39   1.34     1.96

SNOWFALL (IN)
  YESTERDAY        0.0                       0.0    0.0      0.0
  MONTH TO DATE    0.0                       0.0    0.0      0.0
  SINCE DEC 1      0.0                       0.0    0.0      0.0
  SINCE JUL 1      0.0                       0.0    0.0      0.0

DEGREE DAYS
 HEATING
  YESTERDAY        0                         0      0        0
  MONTH TO DATE    0                         0      0        0
  SINCE DEC 1      0                         0      0        0
  SINCE JUL 1      0                         0      0        0

 COOLING
  YESTERDAY       16                        12      4       15
  MONTH TO DATE  380                       342     38      419
  SINCE DEC 1    831                       765     66      899
  SINCE JAN 1    380                       342     38      419
..................................................................


WIND (MPH)
  HIGHEST WIND SPEED    13   HIGHEST WIND DIRECTION    NE (60)
  HIGHEST GUST SPEED    18   HIGHEST GUST DIRECTION    SE (150)
  AVERAGE WIND SPEED     4.6


SKY COVER
  AVERAGE SKY COVER  MM


WEATHER CONDITIONS
 THE FOLLOWING WEATHER WAS RECORDED YESTERDAY.
  HAZE


RELATIVE HUMIDITY (PERCENT)
 HIGHEST    MM
 LOWEST     MM
 AVERAGE    MM

..........................................................


THE SAN JUAN AREA/PR CLIMATE NORMALS FOR TODAY
                         NORMAL    RECORD    YEAR
 MAXIMUM TEMPERATURE (F)   83        91      1983
 MINIMUM TEMPERATURE (F)   72        62      1965


SUNRISE AND SUNSET
JANUARY 28 2015.......SUNRISE   658 AM AST   SUNSET   616 PM AST
JANUARY 29 2015.......SUNRISE   658 AM AST   SUNSET   616 PM AST


-  INDICATES NEGATIVE NUMBERS.
R  INDICATES RECORD WAS SET OR TIED.
MM INDICATES DATA IS MISSING.
T  INDICATES TRACE AMOUNT.




$$
