938
CDCA42 TJSJ 020442
CLISJU


CLIMATE REPORT
NATIONAL WEATHER SERVICE SAN JUAN, PR
1241 AM AST MON MAY 2 2016


...................................

...THE SAN JUAN AREA/PR CLIMATE SUMMARY FOR MAY 1 2016...

CLIMATE NORMAL PERIOD 1981 TO 2010
CLIMATE RECORD PERIOD 1898 TO 2016


WEATHER ITEM   OBSERVED TIME   RECORD YEAR NORMAL DEPARTURE LAST
                VALUE   (LST)  VALUE       VALUE  FROM      YEAR
                                                  NORMAL
..................................................................
TEMPERATURE (F)
 YESTERDAY
  MAXIMUM         83    917 AM  94    1995  87     -4       93
  MINIMUM         73   1047 PM  68    1951  75     -2       76
  AVERAGE         78                        81     -3       85

PRECIPITATION (IN)
  YESTERDAY        0.04          1.90 2011   0.20  -0.16     0.00
  MONTH TO DATE    0.04                      0.20  -0.16     0.00
  SINCE MAR 1     12.28                      6.83   5.45     2.88
  SINCE JAN 1     17.76                     12.98   4.78    11.11

SNOWFALL (IN)
  YESTERDAY        0.0                       0.0    0.0      0.0
  MONTH TO DATE    0.0                       0.0    0.0      0.0
  SINCE MAR 1      0.0                       0.0    0.0      0.0
  SINCE JUL 1      0.0                       0.0    0.0      0.0

DEGREE DAYS
 HEATING
  YESTERDAY        0                         0      0        0
  MONTH TO DATE    0                         0      0        0
  SINCE MAR 1      0                         0      0        0
  SINCE JUL 1      0                         0      0        0

 COOLING
  YESTERDAY       13                        16     -3       20
  MONTH TO DATE   13                        16     -3       20
  SINCE MAR 1    916                       906     10      953
  SINCE JAN 1   1759                      1657    102     1793
..................................................................


WIND (MPH)
  HIGHEST WIND SPEED    18   HIGHEST WIND DIRECTION     E (80)
  HIGHEST GUST SPEED    23   HIGHEST GUST DIRECTION    SE (130)
  AVERAGE WIND SPEED     4.4


SKY COVER
  AVERAGE SKY COVER 0.5


WEATHER CONDITIONS
 THE FOLLOWING WEATHER WAS RECORDED YESTERDAY.
  THUNDERSTORM
  LIGHT RAIN
  FOG


RELATIVE HUMIDITY (PERCENT)
 HIGHEST    94
 LOWEST     74
 AVERAGE    84

..........................................................


THE SAN JUAN AREA/PR CLIMATE NORMALS FOR TODAY
                         NORMAL    RECORD    YEAR
 MAXIMUM TEMPERATURE (F)   87        95      1980
 MINIMUM TEMPERATURE (F)   75        68      1963


SUNRISE AND SUNSET
MAY  2 2016...........SUNRISE   556 AM AST   SUNSET   646 PM AST
MAY  3 2016...........SUNRISE   555 AM AST   SUNSET   646 PM AST


-  INDICATES NEGATIVE NUMBERS.
R  INDICATES RECORD WAS SET OR TIED.
MM INDICATES DATA IS MISSING.
T  INDICATES TRACE AMOUNT.




$$
