000
CDUS45 KSLC 181230
CLISLC


CLIMATE REPORT
NATIONAL WEATHER SERVICE SALT LAKE CITY UT
630 AM MDT FRI APR 18 2014


...................................

...THE SALT LAKE CITY UT CLIMATE SUMMARY FOR APRIL 17 2014...

CLIMATE NORMAL PERIOD 1981 TO 2010
CLIMATE RECORD PERIOD 1874 TO 2014


WEATHER ITEM   OBSERVED TIME   RECORD YEAR NORMAL DEPARTURE LAST
                VALUE   (LST)  VALUE       VALUE  FROM      YEAR
                                                  NORMAL
..................................................................
TEMPERATURE (F)
 YESTERDAY
  MAXIMUM         71    545 PM  85    1987  62      9       48
  MINIMUM         37    459 AM  24    1960  40     -3       30
                                      1922
  AVERAGE         54                        51      3       39

PRECIPITATION (IN)
  YESTERDAY        0.00          0.89 1953   0.07  -0.07     0.00
  MONTH TO DATE    0.25                      1.12  -0.87     1.70
  SINCE OCT 1      7.14                      9.79  -2.65     9.18
  SINCE JAN 1      4.13                      5.41  -1.28     4.61

SNOWFALL (IN)
  YESTERDAY        0.0           3.7  1944   0.1   -0.1      0.0
  MONTH TO DATE    T                         2.9   -2.9      0.1
  SINCE OCT 1     35.5                      54.8  -19.3     69.9
  SINCE JUL 1     35.5                      54.8  -19.3     69.9
  SNOW DEPTH       0

DEGREE DAYS
 HEATING
  YESTERDAY       11                        14     -3       26
  MONTH TO DATE  212                       275    -63      287
  SINCE MAR 1    699                       937   -238      913
  SINCE JUL 1   4686                      5193   -507     5145

 COOLING
  YESTERDAY        0                         0      0        0
  MONTH TO DATE    0                         0      0        0
  SINCE MAR 1      0                         0      0        0
  SINCE JAN 1      0                         0      0        0
..................................................................


WIND (MPH)
  RESULTANT WIND SPEED  11   RESULTANT WIND DIRECTION   S (160)
  HIGHEST WIND SPEED    23   HIGHEST WIND DIRECTION     S (180)
  HIGHEST GUST SPEED    29   HIGHEST GUST DIRECTION     S (180)
  AVERAGE WIND SPEED    12.6


SKY COVER
  POSSIBLE SUNSHINE  MM
  AVERAGE SKY COVER 0.0


WEATHER CONDITIONS
 THE FOLLOWING WEATHER WAS RECORDED YESTERDAY.
  NO SIGNIFICANT WEATHER WAS OBSERVED.


RELATIVE HUMIDITY (PERCENT)
 HIGHEST    48           500 AM
 LOWEST     19          1100 AM
 AVERAGE    34

..........................................................


THE SALT LAKE CITY UT CLIMATE NORMALS FOR TODAY
                         NORMAL    RECORD    YEAR
 MAXIMUM TEMPERATURE (F)   62        84      1962
 MINIMUM TEMPERATURE (F)   40        27      2013
                                             1941


SUNRISE AND SUNSET
APRIL 18 2014.........SUNRISE   644 AM MDT   SUNSET   811 PM MDT
APRIL 19 2014.........SUNRISE   643 AM MDT   SUNSET   812 PM MDT


-  INDICATES NEGATIVE NUMBERS.
R  INDICATES RECORD WAS SET OR TIED.
MM INDICATES DATA IS MISSING.
T  INDICATES TRACE AMOUNT.




$$
