000
CDUS45 KSLC 060027
CLISLC


CLIMATE REPORT
NATIONAL WEATHER SERVICE SALT LAKE CITY UT
526 PM MST MON DEC 5 2016


...................................

...THE SALT LAKE CITY UT CLIMATE SUMMARY FOR DECEMBER 5 2016...
VALID TODAY AS OF 0500 PM LOCAL TIME.

CLIMATE NORMAL PERIOD 1981 TO 2010
CLIMATE RECORD PERIOD 1874 TO 2016


WEATHER ITEM   OBSERVED TIME   RECORD YEAR NORMAL DEPARTURE LAST
                VALUE   (LST)  VALUE       VALUE  FROM      YEAR
                                                  NORMAL
..................................................................
TEMPERATURE (F)
 TODAY
  MAXIMUM         48   1255 AM  60    1946  40      8       48
  MINIMUM         30    945 AM  -3    1972  24      6       23
  AVERAGE         39                        32      7       36

PRECIPITATION (IN)
  TODAY            0.02          0.72 1956   0.05  -0.03     0.00
  MONTH TO DATE    0.04                      0.24  -0.20     0.00
  SINCE OCT 1      2.70                      3.21  -0.51     1.02
  SINCE JAN 1     12.90                     14.93  -2.03    13.91

SNOWFALL (IN)
  TODAY            0.2           7.8  1996   0.4   -0.2      0.0
  MONTH TO DATE    0.4                       2.0   -1.6      0.0
  SINCE OCT 1      6.1                      11.0   -4.9      1.4
  SINCE JUL 1      6.1                      11.0   -4.9      1.4
  SNOW DEPTH       0

DEGREE DAYS
 HEATING
  TODAY           26                        33     -7       29
  MONTH TO DATE  155                       162     -7      164
  SINCE DEC 1    155                       162     -7      164
  SINCE JUL 1    954                      1380   -426     1106

 COOLING
  TODAY            0                         0      0        0
  MONTH TO DATE    0                         0      0        0
  SINCE DEC 1      0                         0      0        0
  SINCE JAN 1   1619                      1160    459     1444
..................................................................


WIND (MPH)
  RESULTANT WIND SPEED   9   RESULTANT WIND DIRECTION   N (350)
  HIGHEST WIND SPEED    31   HIGHEST WIND DIRECTION     N (340)
  HIGHEST GUST SPEED    37   HIGHEST GUST DIRECTION     N (340)
  AVERAGE WIND SPEED    10.7


SKY COVER
  POSSIBLE SUNSHINE  MM
  AVERAGE SKY COVER 0.6


WEATHER CONDITIONS
 THE FOLLOWING WEATHER WAS RECORDED TODAY.
  LIGHT SNOW


RELATIVE HUMIDITY (PERCENT)
 HIGHEST    70           400 AM
 LOWEST     35           200 PM
 AVERAGE    53

..........................................................


THE SALT LAKE CITY UT CLIMATE NORMALS FOR TOMORROW
                         NORMAL    RECORD    YEAR
 MAXIMUM TEMPERATURE (F)   40        58      2014
                                             1987
 MINIMUM TEMPERATURE (F)   24         9      1992
                                             1931


SUNRISE AND SUNSET
DECEMBER  5 2016......SUNRISE   737 AM MST   SUNSET   500 PM MST
DECEMBER  6 2016......SUNRISE   738 AM MST   SUNSET   500 PM MST


-  INDICATES NEGATIVE NUMBERS.
R  INDICATES RECORD WAS SET OR TIED.
MM INDICATES DATA IS MISSING.
T  INDICATES TRACE AMOUNT.




$$
