195
CDUS45 KSLC 201229
CLISLC


CLIMATE REPORT
NATIONAL WEATHER SERVICE SALT LAKE CITY UT
529 AM MST FRI JAN 20 2017


...................................

...THE SALT LAKE CITY UT CLIMATE SUMMARY FOR JANUARY 19 2017...

CLIMATE NORMAL PERIOD 1981 TO 2010
CLIMATE RECORD PERIOD 1874 TO 2017


WEATHER ITEM   OBSERVED TIME   RECORD YEAR NORMAL DEPARTURE LAST
                VALUE   (LST)  VALUE       VALUE  FROM      YEAR
                                                  NORMAL
..................................................................
TEMPERATURE (F)
 YESTERDAY
  MAXIMUM         35    313 PM  56    1909  37     -2       41
  MINIMUM         25    306 AM -15    1963  22      3       26
  AVERAGE         30                        30      0       34

PRECIPITATION (IN)
  YESTERDAY        0.14          0.63 1906   0.04   0.10      T
  MONTH TO DATE    1.15                      0.79   0.36     0.74
  SINCE OCT 1      5.79                      5.17   0.62     3.99
  SINCE JAN 1      1.15                      0.79   0.36     0.74

SNOWFALL (IN)
  YESTERDAY        1.1           7.5  1973   0.4    0.7      0.0
  MONTH TO DATE   13.7                       8.1    5.6      2.7
  SINCE OCT 1     30.5                      30.3    0.2     20.0
  SINCE JUL 1     30.5                      30.3    0.2     20.0
  SNOW DEPTH       0

DEGREE DAYS
 HEATING
  YESTERDAY       35                        36     -1       31
  MONTH TO DATE  714                       684     30      681
  SINCE DEC 1   1807                      1760     47     1716
  SINCE JUL 1   2606                      2978   -372     2658

 COOLING
  YESTERDAY        0                         0      0        0
  MONTH TO DATE    0                         0      0        0
  SINCE DEC 1      0                         0      0        0
  SINCE JAN 1      0                         0      0        0
..................................................................


WIND (MPH)
  RESULTANT WIND SPEED   3   RESULTANT WIND DIRECTION  NW (320)
  HIGHEST WIND SPEED    10   HIGHEST WIND DIRECTION    NW (300)
  HIGHEST GUST SPEED    12   HIGHEST GUST DIRECTION    NW (300)
  AVERAGE WIND SPEED     4.1


SKY COVER
  POSSIBLE SUNSHINE  MM
  AVERAGE SKY COVER 0.9


WEATHER CONDITIONS
 THE FOLLOWING WEATHER WAS RECORDED YESTERDAY.
  LIGHT SNOW
  FOG
  FOG W/VISIBILITY <= 1/4 MILE
  HAZE


RELATIVE HUMIDITY (PERCENT)
 HIGHEST   100          1100 PM
 LOWEST     81          1200 AM
 AVERAGE    91

..........................................................


THE SALT LAKE CITY UT CLIMATE NORMALS FOR TODAY
                         NORMAL    RECORD    YEAR
 MAXIMUM TEMPERATURE (F)   38        58      1953
 MINIMUM TEMPERATURE (F)   22       -20      1883


SUNRISE AND SUNSET
JANUARY 20 2017.......SUNRISE   747 AM MST   SUNSET   531 PM MST
JANUARY 21 2017.......SUNRISE   747 AM MST   SUNSET   532 PM MST


-  INDICATES NEGATIVE NUMBERS.
R  INDICATES RECORD WAS SET OR TIED.
MM INDICATES DATA IS MISSING.
T  INDICATES TRACE AMOUNT.




$$
