000
CDUS45 KSLC 010028
CLISLC


CLIMATE REPORT
NATIONAL WEATHER SERVICE SALT LAKE CITY UT
628 PM MDT SUN APR 30 2017


...................................

...THE SALT LAKE CITY UT CLIMATE SUMMARY FOR APRIL 30 2017...
VALID TODAY AS OF 0500 PM LOCAL TIME.

CLIMATE NORMAL PERIOD 1981 TO 2010
CLIMATE RECORD PERIOD 1874 TO 2017


WEATHER ITEM   OBSERVED TIME   RECORD YEAR NORMAL DEPARTURE LAST
                VALUE   (LST)  VALUE       VALUE  FROM      YEAR
                                                  NORMAL
..................................................................
TEMPERATURE (F)
 TODAY
  MAXIMUM         62    302 PM  84    1959  66     -4       62
  MINIMUM         38    504 AM  28    1972  43     -5       43
                                      1962
  AVERAGE         50                        55     -5       53

PRECIPITATION (IN)
  TODAY            0.00          0.61 1887   0.07  -0.07     0.00
  MONTH TO DATE    3.22                      1.99   1.23     1.39
  SINCE OCT 1     15.03                     10.66   4.37     9.32
  SINCE JAN 1     10.39                      6.28   4.11     6.07

SNOWFALL (IN)
  TODAY            0.0           3.5  1970   0.1   -0.1      0.0
  MONTH TO DATE    1.0                       4.0   -3.0       T
  SINCE OCT 1     51.3                      55.9   -4.6     34.3
  SINCE JUL 1     51.3                      55.9   -4.6     34.3
  SNOW DEPTH       0

DEGREE DAYS
 HEATING
  TODAY           15                        11      4       12
  MONTH TO DATE  432                       438     -6      298
  SINCE MAR 1    888                      1100   -212      844
  SINCE JUL 1   4641                      5356   -715     4689

 COOLING
  TODAY            0                         0      0        0
  MONTH TO DATE    0                         4     -4       10
  SINCE MAR 1      2                         4     -2       10
  SINCE JAN 1      2                         4     -2       10
..................................................................


WIND (MPH)
  RESULTANT WIND SPEED   5   RESULTANT WIND DIRECTION  SE (140)
  HIGHEST WIND SPEED    14   HIGHEST WIND DIRECTION    SE (140)
  HIGHEST GUST SPEED    16   HIGHEST GUST DIRECTION    SE (150)
  AVERAGE WIND SPEED     7.2


SKY COVER
  POSSIBLE SUNSHINE  MM
  AVERAGE SKY COVER 0.4


WEATHER CONDITIONS
 THE FOLLOWING WEATHER WAS RECORDED TODAY.
  NO SIGNIFICANT WEATHER WAS OBSERVED.


RELATIVE HUMIDITY (PERCENT)
 HIGHEST    70           300 AM
 LOWEST     27           100 PM
 AVERAGE    49

..........................................................


THE SALT LAKE CITY UT CLIMATE NORMALS FOR TOMORROW
                         NORMAL    RECORD    YEAR
 MAXIMUM TEMPERATURE (F)   67        87      2007
                                             1981
 MINIMUM TEMPERATURE (F)   44        27      1967
                                             1946


SUNRISE AND SUNSET
APRIL 30 2017.........SUNRISE   627 AM MDT   SUNSET   823 PM MDT
MAY  1 2017...........SUNRISE   626 AM MDT   SUNSET   824 PM MDT


-  INDICATES NEGATIVE NUMBERS.
R  INDICATES RECORD WAS SET OR TIED.
MM INDICATES DATA IS MISSING.
T  INDICATES TRACE AMOUNT.




$$
