000
CDUS45 KSLC 210053
CLISLC


CLIMATE REPORT
NATIONAL WEATHER SERVICE SALT LAKE CITY UT
653 PM MDT SAT SEP 20 2014


...................................

...THE SALT LAKE CITY UT CLIMATE SUMMARY FOR SEPTEMBER 20 2014...
VALID TODAY AS OF 0500 PM LOCAL TIME.

CLIMATE NORMAL PERIOD 1981 TO 2010
CLIMATE RECORD PERIOD 1874 TO 2014


WEATHER ITEM   OBSERVED TIME   RECORD YEAR NORMAL DEPARTURE LAST
                VALUE   (LST)  VALUE       VALUE  FROM      YEAR
                                                  NORMAL
..................................................................
TEMPERATURE (F)
 TODAY
  MAXIMUM         84    359 PM  91    1933  77      7       82
  MINIMUM         56    643 AM  30    1965  51      5       48
  AVERAGE         70                        64      6       65

PRECIPITATION (IN)
  TODAY            0.00          0.57 1984   0.05  -0.05     0.00
  MONTH TO DATE    0.49                      0.74  -0.25     1.01
  SINCE OCT 1     13.44                     15.63  -2.19    13.02
  SINCE JAN 1     10.43                     11.25  -0.82     8.45

SNOWFALL (IN)
  TODAY            0.0          MM      MM   0.0    0.0      0.0
  MONTH TO DATE    0.0                       0.0    0.0      0.0
  SINCE OCT 1     35.5                      56.2  -20.7     69.9
  SINCE JUL 1      0.0                       0.0    0.0      0.0
  SNOW DEPTH       0

DEGREE DAYS
 HEATING
  TODAY            0                         3     -3        0
  MONTH TO DATE    9                        34    -25        5
  SINCE SEP 1      9                        34    -25        5
  SINCE JUL 1     10                        39    -29        5

 COOLING
  TODAY            5                         3      2        0
  MONTH TO DATE  144                       101     43      194
  SINCE SEP 1    144                       101     43      194
  SINCE JAN 1   1197                      1137     60     1740
..................................................................


WIND (MPH)
  RESULTANT WIND SPEED   3   RESULTANT WIND DIRECTION   W (290)
  HIGHEST WIND SPEED    14   HIGHEST WIND DIRECTION    NW (300)
  HIGHEST GUST SPEED    18   HIGHEST GUST DIRECTION    NW (320)
  AVERAGE WIND SPEED     5.0


SKY COVER
  POSSIBLE SUNSHINE  MM
  AVERAGE SKY COVER 0.1


WEATHER CONDITIONS
 THE FOLLOWING WEATHER WAS RECORDED TODAY.
  HAZE


RELATIVE HUMIDITY (PERCENT)
 HIGHEST    80           400 AM
 LOWEST     26           200 PM
 AVERAGE    53

..........................................................


THE SALT LAKE CITY UT CLIMATE NORMALS FOR TOMORROW
                         NORMAL    RECORD    YEAR
 MAXIMUM TEMPERATURE (F)   77        90      2013
                                             1944
 MINIMUM TEMPERATURE (F)   51        32      1895


SUNRISE AND SUNSET
SEPTEMBER 20 2014.....SUNRISE   713 AM MDT   SUNSET   728 PM MDT
SEPTEMBER 21 2014.....SUNRISE   714 AM MDT   SUNSET   727 PM MDT


-  INDICATES NEGATIVE NUMBERS.
R  INDICATES RECORD WAS SET OR TIED.
MM INDICATES DATA IS MISSING.
T  INDICATES TRACE AMOUNT.




$$
