000
CDUS46 KPQR 261142
CLISLE


CLIMATE REPORT
NATIONAL WEATHER SERVICE PORTLAND OREGON
441 AM PDT MON JUN 26 2017


...................................

...THE SALEM OR CLIMATE SUMMARY FOR JUNE 25 2017...

CLIMATE NORMAL PERIOD 1981 TO 2010
CLIMATE RECORD PERIOD 1892 TO 2017


WEATHER ITEM   OBSERVED TIME   RECORD YEAR NORMAL DEPARTURE LAST
                VALUE   (LST)  VALUE       VALUE  FROM      YEAR
                                                  NORMAL
..................................................................
TEMPERATURE (F)
 YESTERDAY
  MAXIMUM         98    219 PM 100    2006  76     22       81
  MINIMUM         58    450 AM  35    1976  51      7       50
  AVERAGE         78                        63     15       66

PRECIPITATION (IN)
  YESTERDAY        0.00          0.80 1913   0.03  -0.03     0.00
  MONTH TO DATE    0.74                      1.40  -0.66     1.00
  SINCE OCT 1     56.60                     37.33  19.27    44.86
  SINCE JAN 1     33.30                     20.94  12.36    21.31

DEGREE DAYS
 HEATING
  YESTERDAY        0                         3     -3        0
  MONTH TO DATE   81                       116    -35       78
  SINCE JUN 1     81                       116    -35       78
  SINCE JUL 1   4417                      4639   -222     3604

 COOLING
  YESTERDAY       13                         1     12        1
  MONTH TO DATE   61                        19     42       67
  SINCE JUN 1     61                        19     42       67
  SINCE JAN 1     88                        28     60       88
..................................................................


WIND (MPH)
  HIGHEST WIND SPEED    16   HIGHEST WIND DIRECTION     W (270)
  HIGHEST GUST SPEED    21   HIGHEST GUST DIRECTION     W (280)
  AVERAGE WIND SPEED     5.0


SKY COVER
  POSSIBLE SUNSHINE  MM
  AVERAGE SKY COVER 0.0


WEATHER CONDITIONS
 THE FOLLOWING WEATHER WAS RECORDED YESTERDAY.
  NO SIGNIFICANT WEATHER WAS OBSERVED.


RELATIVE HUMIDITY (PERCENT)
 HIGHEST    64           400 AM
 LOWEST     22          1200 PM
 AVERAGE    43

..........................................................


THE SALEM OR CLIMATE NORMALS FOR TODAY
                         NORMAL    RECORD    YEAR
 MAXIMUM TEMPERATURE (F)   77       103      2006
 MINIMUM TEMPERATURE (F)   51        39      1976
                                             1963


SUNRISE AND SUNSET
JUNE 26 2017..........SUNRISE   527 AM PDT   SUNSET   903 PM PDT
JUNE 27 2017..........SUNRISE   528 AM PDT   SUNSET   902 PM PDT


-  INDICATES NEGATIVE NUMBERS.
R  INDICATES RECORD WAS SET OR TIED.
MM INDICATES DATA IS MISSING.
T  INDICATES TRACE AMOUNT.




$$
