000
CDUS46 KPQR 240221
CLISLE


CLIMATE REPORT
NATIONAL WEATHER SERVICE PORTLAND OREGON
621 PM PST MON JAN 23 2017


...................................

...THE SALEM OR CLIMATE SUMMARY FOR JANUARY 23 2017...
VALID TODAY AS OF 0600 PM LOCAL TIME.

CLIMATE NORMAL PERIOD 1981 TO 2010
CLIMATE RECORD PERIOD 1892 TO 2017


WEATHER ITEM   OBSERVED TIME   RECORD YEAR NORMAL DEPARTURE LAST
                VALUE   (LST)  VALUE       VALUE  FROM      YEAR
                                                  NORMAL
..................................................................
TEMPERATURE (F)
 TODAY
  MAXIMUM         53    321 PM  64    1931  49      4       53
  MINIMUM         30    752 AM   6    1943  35     -5       44
  AVERAGE         42                        42      0       49

PRECIPITATION (IN)
  TODAY            0.00          1.80 1965   0.18  -0.18     0.25
  MONTH TO DATE    5.37                      4.55   0.82     6.16
  SINCE OCT 1     28.67                     20.94   7.73    29.71
  SINCE JAN 1      5.37                      4.55   0.82     6.16

DEGREE DAYS
 HEATING
  TODAY           23                        23      0       16
  MONTH TO DATE  687                       554    133      531
  SINCE DEC 1   1553                      1326    227     1169
  SINCE JUL 1   2357                      2443    -86     2049

 COOLING
  TODAY            0                         0      0        0
  MONTH TO DATE    0                         0      0        0
  SINCE DEC 1      0                         0      0        0
  SINCE JAN 1      0                         0      0        0
..................................................................


WIND (MPH)
  HIGHEST WIND SPEED    15   HIGHEST WIND DIRECTION     N (20)
  HIGHEST GUST SPEED    18   HIGHEST GUST DIRECTION     N (10)
  AVERAGE WIND SPEED     3.7


SKY COVER
  POSSIBLE SUNSHINE  MM
  AVERAGE SKY COVER 0.4


WEATHER CONDITIONS
 THE FOLLOWING WEATHER WAS RECORDED TODAY.
  NO SIGNIFICANT WEATHER WAS OBSERVED.


RELATIVE HUMIDITY (PERCENT)
 HIGHEST    92           500 AM
 LOWEST     48           400 PM
 AVERAGE    70

..........................................................


THE SALEM OR CLIMATE NORMALS FOR TOMORROW
                         NORMAL    RECORD    YEAR
 MAXIMUM TEMPERATURE (F)   49        64      2015
                                             1935
 MINIMUM TEMPERATURE (F)   35         5      1943


SUNRISE AND SUNSET
JANUARY 23 2017.......SUNRISE   740 AM PST   SUNSET   508 PM PST
JANUARY 24 2017.......SUNRISE   739 AM PST   SUNSET   509 PM PST


-  INDICATES NEGATIVE NUMBERS.
R  INDICATES RECORD WAS SET OR TIED.
MM INDICATES DATA IS MISSING.
T  INDICATES TRACE AMOUNT.




$$
