000
CDUS46 KPQR 041141
CLISLE


CLIMATE REPORT
NATIONAL WEATHER SERVICE PORTLAND OREGON
441 AM PDT SAT JUL 4 2015


...................................

...THE SALEM OR CLIMATE SUMMARY FOR JULY 3 2015...

CLIMATE NORMAL PERIOD 1981 TO 2010
CLIMATE RECORD PERIOD 1892 TO 2015


WEATHER ITEM   OBSERVED TIME   RECORD YEAR NORMAL DEPARTURE LAST
                VALUE   (LST)  VALUE       VALUE  FROM      YEAR
                                                  NORMAL
..................................................................
TEMPERATURE (F)
 YESTERDAY
  MAXIMUM         99R   322 PM  98    1970  79     20       77
                                      1922
  MINIMUM         61    515 AM  35    1899  52      9       58
  AVERAGE         80                        65     15       68

PRECIPITATION (IN)
  YESTERDAY        0.00          0.50 1907   0.03  -0.03     0.00
  MONTH TO DATE    0.00                      0.07  -0.07     0.00
  SINCE OCT 1     32.81                     37.55  -4.74    26.59
  SINCE JAN 1     15.27                     21.16  -5.89    22.01

DEGREE DAYS
 HEATING
  YESTERDAY        0                         2     -2        0
  MONTH TO DATE    0                         6     -6        0
  SINCE JUN 1     22                       136   -114       66
  SINCE JUL 1      0                         6     -6        0

 COOLING
  YESTERDAY       15                         2     13        3
  MONTH TO DATE   46                         6     40       22
  SINCE JUN 1    206                        34    172       41
  SINCE JAN 1    219                        43    176       57
..................................................................


WIND (MPH)
  HIGHEST WIND SPEED    16   HIGHEST WIND DIRECTION     W (290)
  HIGHEST GUST SPEED    21   HIGHEST GUST DIRECTION     W (280)
  AVERAGE WIND SPEED     4.1


SKY COVER
  POSSIBLE SUNSHINE  MM
  AVERAGE SKY COVER 0.0


WEATHER CONDITIONS
 THE FOLLOWING WEATHER WAS RECORDED YESTERDAY.
  NO SIGNIFICANT WEATHER WAS OBSERVED.


RELATIVE HUMIDITY (PERCENT)
 HIGHEST    72           500 AM
 LOWEST     12           300 PM
 AVERAGE    42

..........................................................


THE SALEM OR CLIMATE NORMALS FOR TODAY
                         NORMAL    RECORD    YEAR
 MAXIMUM TEMPERATURE (F)   79        95      1958
                                             1926
                                             1922
 MINIMUM TEMPERATURE (F)   52        37      1935


SUNRISE AND SUNSET
JULY  4 2015..........SUNRISE   531 AM PDT   SUNSET   901 PM PDT
JULY  5 2015..........SUNRISE   532 AM PDT   SUNSET   901 PM PDT


-  INDICATES NEGATIVE NUMBERS.
R  INDICATES RECORD WAS SET OR TIED.
MM INDICATES DATA IS MISSING.
T  INDICATES TRACE AMOUNT.




$$
