000
CDUS46 KPQR 301142
CLISLE


CLIMATE REPORT
NATIONAL WEATHER SERVICE PORTLAND OREGON
441 AM PDT FRI SEP 30 2016


...................................

...THE SALEM OR CLIMATE SUMMARY FOR SEPTEMBER 29 2016...

CLIMATE NORMAL PERIOD 1981 TO 2010
CLIMATE RECORD PERIOD 1892 TO 2016


WEATHER ITEM   OBSERVED TIME   RECORD YEAR NORMAL DEPARTURE LAST
                VALUE   (LST)  VALUE       VALUE  FROM      YEAR
                                                  NORMAL
..................................................................
TEMPERATURE (F)
 YESTERDAY
  MAXIMUM         72    250 PM  91    1935  72      0       82
  MINIMUM         45    626 AM  33    1983  45      0       44
  AVERAGE         59                        59      0       63

PRECIPITATION (IN)
  YESTERDAY        0.00          1.63 2013   0.06  -0.06     0.00
  MONTH TO DATE    1.54                      1.22   0.32     1.13
  SINCE OCT 1     47.25                     39.61   7.64    34.66
  SINCE JAN 1     23.70                     23.22   0.48    17.12

DEGREE DAYS
 HEATING
  YESTERDAY        6                         6      0        2
  MONTH TO DATE   80                       102    -22       91
  SINCE SEP 1     80                       102    -22       91
  SINCE JUL 1     95                       158    -63       93

 COOLING
  YESTERDAY        0                         0      0        0
  MONTH TO DATE   19                        36    -17       43
  SINCE SEP 1     19                        36    -17       43
  SINCE JAN 1    465                       288    177      680
..................................................................


WIND (MPH)
  HIGHEST WIND SPEED    10   HIGHEST WIND DIRECTION     N (20)
  HIGHEST GUST SPEED    15   HIGHEST GUST DIRECTION    NE (30)
  AVERAGE WIND SPEED     1.8


SKY COVER
  POSSIBLE SUNSHINE  MM
  AVERAGE SKY COVER 0.0


WEATHER CONDITIONS
 THE FOLLOWING WEATHER WAS RECORDED YESTERDAY.
  NO SIGNIFICANT WEATHER WAS OBSERVED.


RELATIVE HUMIDITY (PERCENT)
 HIGHEST    93           300 AM
 LOWEST     35           200 PM
 AVERAGE    64

..........................................................


THE SALEM OR CLIMATE NORMALS FOR TODAY
                         NORMAL    RECORD    YEAR
 MAXIMUM TEMPERATURE (F)   72        90      1975
 MINIMUM TEMPERATURE (F)   45        33      1983


SUNRISE AND SUNSET
SEPTEMBER 30 2016.....SUNRISE   709 AM PDT   SUNSET   653 PM PDT
OCTOBER  1 2016.......SUNRISE   711 AM PDT   SUNSET   651 PM PDT


-  INDICATES NEGATIVE NUMBERS.
R  INDICATES RECORD WAS SET OR TIED.
MM INDICATES DATA IS MISSING.
T  INDICATES TRACE AMOUNT.




$$
