000
CDUS46 KPQR 310222
CLISLE


CLIMATE REPORT
NATIONAL WEATHER SERVICE PORTLAND OREGON
722 PM PDT THU OCT 30 2014


...................................

...THE SALEM OR CLIMATE SUMMARY FOR OCTOBER 30 2014...
VALID TODAY AS OF 0700 PM LOCAL TIME.

CLIMATE NORMAL PERIOD 1981 TO 2010
CLIMATE RECORD PERIOD 1892 TO 2014


WEATHER ITEM   OBSERVED TIME   RECORD YEAR NORMAL DEPARTURE LAST
                VALUE   (LST)  VALUE       VALUE  FROM      YEAR
                                                  NORMAL
..................................................................
TEMPERATURE (F)
 TODAY
  MAXIMUM         60    458 PM  81    1900  58      2       60
  MINIMUM         55    652 AM  22    2002  41     14       32
  AVERAGE         58                        49      9       46

PRECIPITATION (IN)
  TODAY            0.23          1.23 1990   0.15   0.08      T
  MONTH TO DATE    4.81                      2.88   1.93     0.63
  SINCE OCT 1      4.81                      2.88   1.93     0.63
  SINCE JAN 1     28.83                     26.16   2.67    19.63

DEGREE DAYS
 HEATING
  TODAY            7                        16     -9       19
  MONTH TO DATE  164                       351   -187      397
  SINCE SEP 1    192                       460   -268      449
  SINCE JUL 1    196                       516   -320      454

 COOLING
  TODAY            0                         0      0        0
  MONTH TO DATE   14                         0     14        0
  SINCE SEP 1     87                        37     50       75
  SINCE JAN 1    605                       289    316      502
..................................................................


WIND (MPH)
  HIGHEST WIND SPEED    13   HIGHEST WIND DIRECTION     S (160)
  HIGHEST GUST SPEED    17   HIGHEST GUST DIRECTION    SE (150)
  AVERAGE WIND SPEED     4.4


SKY COVER
  POSSIBLE SUNSHINE  MM
  AVERAGE SKY COVER 0.9


WEATHER CONDITIONS
 THE FOLLOWING WEATHER WAS RECORDED TODAY.
  LIGHT RAIN
  FOG


RELATIVE HUMIDITY (PERCENT)
 HIGHEST   100           100 AM
 LOWEST     87          1200 PM
 AVERAGE    94

..........................................................


THE SALEM OR CLIMATE NORMALS FOR TOMORROW
                         NORMAL    RECORD    YEAR
 MAXIMUM TEMPERATURE (F)   58        75      1954
 MINIMUM TEMPERATURE (F)   40        20      2002


SUNRISE AND SUNSET
OCTOBER 30 2014.......SUNRISE   748 AM PDT   SUNSET   603 PM PDT
OCTOBER 31 2014.......SUNRISE   749 AM PDT   SUNSET   602 PM PDT


-  INDICATES NEGATIVE NUMBERS.
R  INDICATES RECORD WAS SET OR TIED.
MM INDICATES DATA IS MISSING.
T  INDICATES TRACE AMOUNT.




$$
