000
CDUS46 KPQR 250223
CLISLE


CLIMATE REPORT
NATIONAL WEATHER SERVICE PORTLAND OREGON
723 PM PDT TUE MAY 24 2016


...................................

...THE SALEM OR CLIMATE SUMMARY FOR MAY 24 2016...
VALID TODAY AS OF 0700 PM LOCAL TIME.

CLIMATE NORMAL PERIOD 1981 TO 2010
CLIMATE RECORD PERIOD 1892 TO 2016


WEATHER ITEM   OBSERVED TIME   RECORD YEAR NORMAL DEPARTURE LAST
                VALUE   (LST)  VALUE       VALUE  FROM      YEAR
                                                  NORMAL
..................................................................
TEMPERATURE (F)
 TODAY
  MAXIMUM         72   1255 PM  93    1928  70      2       69
  MINIMUM         51    424 AM  34    1955  46      5       52
  AVERAGE         62                        58      4       61

PRECIPITATION (IN)
  TODAY            0.00          1.00 1899   0.07  -0.07     0.00
  MONTH TO DATE    1.17                      1.69  -0.52     0.72
  SINCE OCT 1     43.85                     35.40   8.45    32.14
  SINCE JAN 1     20.30                     19.01   1.29    14.60

DEGREE DAYS
 HEATING
  TODAY            3                         7     -4        4
  MONTH TO DATE  112                       231   -119      149
  SINCE MAR 1    838                      1234   -396      976
  SINCE JUL 1   3494                      4474   -980     3446

 COOLING
  TODAY            0                         0      0        0
  MONTH TO DATE   10                         0     10        0
  SINCE MAR 1     17                         0     17        0
  SINCE JAN 1     17                         0     17        0
..................................................................


WIND (MPH)
  HIGHEST WIND SPEED    13   HIGHEST WIND DIRECTION    NW (330)
  HIGHEST GUST SPEED    15   HIGHEST GUST DIRECTION    NW (320)
  AVERAGE WIND SPEED     4.2


SKY COVER
  POSSIBLE SUNSHINE  MM
  AVERAGE SKY COVER 0.8


WEATHER CONDITIONS
 THE FOLLOWING WEATHER WAS RECORDED TODAY.
  NO SIGNIFICANT WEATHER WAS OBSERVED.


RELATIVE HUMIDITY (PERCENT)
 HIGHEST    89           400 AM
 LOWEST     41           100 PM
 AVERAGE    65

..........................................................


THE SALEM OR CLIMATE NORMALS FOR TOMORROW
                         NORMAL    RECORD    YEAR
 MAXIMUM TEMPERATURE (F)   70        90      1947
 MINIMUM TEMPERATURE (F)   47        31      1920


SUNRISE AND SUNSET
MAY 24 2016...........SUNRISE   534 AM PDT   SUNSET   844 PM PDT
MAY 25 2016...........SUNRISE   533 AM PDT   SUNSET   845 PM PDT


-  INDICATES NEGATIVE NUMBERS.
R  INDICATES RECORD WAS SET OR TIED.
MM INDICATES DATA IS MISSING.
T  INDICATES TRACE AMOUNT.




$$
