000
CDUS46 KPQR 040224
CLISLE


CLIMATE REPORT
NATIONAL WEATHER SERVICE PORTLAND OREGON
623 PM PST TUE MAR 3 2015


...................................

...THE SALEM OR CLIMATE SUMMARY FOR MARCH 3 2015...
VALID TODAY AS OF 0600 PM LOCAL TIME.

CLIMATE NORMAL PERIOD 1981 TO 2010
CLIMATE RECORD PERIOD 1892 TO 2015


WEATHER ITEM   OBSERVED TIME   RECORD YEAR NORMAL DEPARTURE LAST
                VALUE   (LST)  VALUE       VALUE  FROM      YEAR
                                                  NORMAL
..................................................................
TEMPERATURE (F)
 TODAY
  MAXIMUM         57    409 PM  68    1905  54      3       61
  MINIMUM         28    710 AM  20    1976  36     -8       42
  AVERAGE         43                        45     -2       52

PRECIPITATION (IN)
  TODAY            0.00          1.20 1916   0.15  -0.15     0.40
  MONTH TO DATE    0.02                      0.47  -0.45     0.81
  SINCE OCT 1     25.10                     27.38  -2.28    14.66
  SINCE JAN 1      7.56                     10.99  -3.43    10.08

DEGREE DAYS
 HEATING
  TODAY           22                        20      2       13
  MONTH TO DATE   64                        60      4       50
  SINCE MAR 1     64                        60      4       50
  SINCE JUL 1   2534                      3300   -766     3336

 COOLING
  TODAY            0                         0      0        0
  MONTH TO DATE    0                         0      0        0
  SINCE MAR 1      0                         0      0        0
  SINCE JAN 1      0                         0      0        0
..................................................................


WIND (MPH)
  HIGHEST WIND SPEED    14   HIGHEST WIND DIRECTION     N (350)
  HIGHEST GUST SPEED    17   HIGHEST GUST DIRECTION     N (350)
  AVERAGE WIND SPEED     4.2


SKY COVER
  POSSIBLE SUNSHINE  MM
  AVERAGE SKY COVER 0.0


WEATHER CONDITIONS
 THE FOLLOWING WEATHER WAS RECORDED TODAY.
  NO SIGNIFICANT WEATHER WAS OBSERVED.


RELATIVE HUMIDITY (PERCENT)
 HIGHEST    92          1200 AM
 LOWEST     30           400 PM
 AVERAGE    61

..........................................................


THE SALEM OR CLIMATE NORMALS FOR TOMORROW
                         NORMAL    RECORD    YEAR
 MAXIMUM TEMPERATURE (F)   55        66      1986
                                             1968
                                             1965
 MINIMUM TEMPERATURE (F)   36        24      1967
                                             1963
                                             1896


SUNRISE AND SUNSET
MARCH  3 2015.........SUNRISE   646 AM PST   SUNSET   602 PM PST
MARCH  4 2015.........SUNRISE   645 AM PST   SUNSET   603 PM PST


-  INDICATES NEGATIVE NUMBERS.
R  INDICATES RECORD WAS SET OR TIED.
MM INDICATES DATA IS MISSING.
T  INDICATES TRACE AMOUNT.




$$
