000
CDUS46 KPQR 291141
CLISLE


CLIMATE REPORT
NATIONAL WEATHER SERVICE PORTLAND OREGON
440 AM PDT MON AUG 29 2016


...................................

...THE SALEM OR CLIMATE SUMMARY FOR AUGUST 28 2016...

CLIMATE NORMAL PERIOD 1981 TO 2010
CLIMATE RECORD PERIOD 1892 TO 2016


WEATHER ITEM   OBSERVED TIME   RECORD YEAR NORMAL DEPARTURE LAST
                VALUE   (LST)  VALUE       VALUE  FROM      YEAR
                                                  NORMAL
..................................................................
TEMPERATURE (F)
 YESTERDAY
  MAXIMUM         87    428 PM 100    1935  81      6       82
  MINIMUM         56    543 AM  36    1980  52      4       64
  AVERAGE         72                        66      6       73

PRECIPITATION (IN)
  YESTERDAY        0.00          0.61 1983   0.03  -0.03      T
  MONTH TO DATE    0.24                      0.38  -0.14      T
  SINCE OCT 1     45.54                     38.32   7.22    32.82
  SINCE JAN 1     21.99                     21.93   0.06    15.28

DEGREE DAYS
 HEATING
  YESTERDAY        0                         1     -1        0
  MONTH TO DATE    7                        25    -18        0
  SINCE JUN 1     90                       185    -95       24
  SINCE JUL 1     12                        55    -43        2

 COOLING
  YESTERDAY        7                         3      4        8
  MONTH TO DATE  209                        99    110      197
  SINCE JUN 1    421                       236    185      618
  SINCE JAN 1    442                       245    197      631
..................................................................


WIND (MPH)
  HIGHEST WIND SPEED    10   HIGHEST WIND DIRECTION     W (290)
  HIGHEST GUST SPEED    14   HIGHEST GUST DIRECTION     W (290)
  AVERAGE WIND SPEED     4.3


SKY COVER
  POSSIBLE SUNSHINE  MM
  AVERAGE SKY COVER 0.0


WEATHER CONDITIONS
 THE FOLLOWING WEATHER WAS RECORDED YESTERDAY.
  NO SIGNIFICANT WEATHER WAS OBSERVED.


RELATIVE HUMIDITY (PERCENT)
 HIGHEST    86           300 AM
 LOWEST     30           400 PM
 AVERAGE    58

..........................................................


THE SALEM OR CLIMATE NORMALS FOR TODAY
                         NORMAL    RECORD    YEAR
 MAXIMUM TEMPERATURE (F)   81       101      1931
 MINIMUM TEMPERATURE (F)   52        38      1969
                                             1965


SUNRISE AND SUNSET
AUGUST 29 2016........SUNRISE   631 AM PDT   SUNSET   753 PM PDT
AUGUST 30 2016........SUNRISE   632 AM PDT   SUNSET   751 PM PDT


-  INDICATES NEGATIVE NUMBERS.
R  INDICATES RECORD WAS SET OR TIED.
MM INDICATES DATA IS MISSING.
T  INDICATES TRACE AMOUNT.




$$
