000
CDUS46 KPQR 201148
CLISLE


CLIMATE REPORT
NATIONAL WEATHER SERVICE PORTLAND OREGON
348 AM PST MON FEB 20 2017


...................................

...THE SALEM OR CLIMATE SUMMARY FOR FEBRUARY 19 2017...

CLIMATE NORMAL PERIOD 1981 TO 2010
CLIMATE RECORD PERIOD 1892 TO 2017


WEATHER ITEM   OBSERVED TIME   RECORD YEAR NORMAL DEPARTURE LAST
                VALUE   (LST)  VALUE       VALUE  FROM      YEAR
                                                  NORMAL
..................................................................
TEMPERATURE (F)
 YESTERDAY
  MAXIMUM         51   1131 AM  67    1995  52     -1       49
  MINIMUM         39    358 AM  18    2006  35      4       40
  AVERAGE         45                        43      2       45

PRECIPITATION (IN)
  YESTERDAY        0.59          1.50 1968   0.16   0.43     0.38
  MONTH TO DATE   11.13                      3.16   7.97     2.18
  SINCE OCT 1     39.83                     25.51  14.32    33.55
  SINCE JAN 1     16.53                      9.12   7.41    10.00

DEGREE DAYS
 HEATING
  YESTERDAY       20                        22     -2       20
  MONTH TO DATE  390                       425    -35      303
  SINCE DEC 1   2136                      1935    201     1605
  SINCE JUL 1   2940                      3052   -112     2485

 COOLING
  YESTERDAY        0                         0      0        0
  MONTH TO DATE    0                         0      0        0
  SINCE DEC 1      0                         0      0        0
  SINCE JAN 1      0                         0      0        0
..................................................................


WIND (MPH)
  HIGHEST WIND SPEED    25   HIGHEST WIND DIRECTION     S (200)
  HIGHEST GUST SPEED    35   HIGHEST GUST DIRECTION     S (200)
  AVERAGE WIND SPEED    10.6


SKY COVER
  POSSIBLE SUNSHINE  MM
  AVERAGE SKY COVER 0.9


WEATHER CONDITIONS
 THE FOLLOWING WEATHER WAS RECORDED YESTERDAY.
  HEAVY RAIN
  RAIN
  LIGHT RAIN
  FOG


RELATIVE HUMIDITY (PERCENT)
 HIGHEST    83          1200 AM
 LOWEST     76           500 AM
 AVERAGE    80

..........................................................


THE SALEM OR CLIMATE NORMALS FOR TODAY
                         NORMAL    RECORD    YEAR
 MAXIMUM TEMPERATURE (F)   52        64      1995
 MINIMUM TEMPERATURE (F)   35        18      2006


SUNRISE AND SUNSET
FEBRUARY 20 2017......SUNRISE   704 AM PST   SUNSET   548 PM PST
FEBRUARY 21 2017......SUNRISE   703 AM PST   SUNSET   549 PM PST


-  INDICATES NEGATIVE NUMBERS.
R  INDICATES RECORD WAS SET OR TIED.
MM INDICATES DATA IS MISSING.
T  INDICATES TRACE AMOUNT.




$$
