000
CDUS46 KPQR 241141
CLISLE


CLIMATE REPORT
NATIONAL WEATHER SERVICE PORTLAND OREGON
440 AM PDT THU JUL 24 2014


...................................

...THE SALEM OR CLIMATE SUMMARY FOR JULY 23 2014...

CLIMATE NORMAL PERIOD 1981 TO 2010
CLIMATE RECORD PERIOD 1892 TO 2014


WEATHER ITEM   OBSERVED TIME   RECORD YEAR NORMAL DEPARTURE LAST
                VALUE   (LST)  VALUE       VALUE  FROM      YEAR
                                                  NORMAL
..................................................................
TEMPERATURE (F)
 YESTERDAY
  MAXIMUM         68    447 PM 108    1927  84    -16       94
  MINIMUM         58   1159 PM  38    1920  54      4       60
  AVERAGE         63                        69     -6       77

PRECIPITATION (IN)
  YESTERDAY        0.26          0.60 1918   0.01   0.25     0.00
  MONTH TO DATE    0.43                      0.38   0.05     0.00
  SINCE OCT 1     27.02                     37.86 -10.84    33.87
  SINCE JAN 1     22.44                     21.47   0.97    11.61

DEGREE DAYS
 HEATING
  YESTERDAY        2                         1      1        0
  MONTH TO DATE    2                        28    -26        1
  SINCE JUN 1     68                       158    -90       80
  SINCE JUL 1      2                        28    -26        1

 COOLING
  YESTERDAY        0                         4     -4       12
  MONTH TO DATE  180                        73    107      128
  SINCE JUN 1    199                       101     98      181
  SINCE JAN 1    215                       110    105      191
..................................................................


WIND (MPH)
  HIGHEST WIND SPEED    20   HIGHEST WIND DIRECTION    SW (240)
  HIGHEST GUST SPEED    25   HIGHEST GUST DIRECTION    SW (210)
  AVERAGE WIND SPEED     9.7


SKY COVER
  POSSIBLE SUNSHINE  MM
  AVERAGE SKY COVER 0.8


WEATHER CONDITIONS
 THE FOLLOWING WEATHER WAS RECORDED YESTERDAY.
  RAIN
  LIGHT RAIN
  FOG


RELATIVE HUMIDITY (PERCENT)
 HIGHEST    93           700 AM
 LOWEST     52           500 PM
 AVERAGE    73

..........................................................


THE SALEM OR CLIMATE NORMALS FOR TODAY
                         NORMAL    RECORD    YEAR
 MAXIMUM TEMPERATURE (F)   84       102      1928
 MINIMUM TEMPERATURE (F)   54        42      1973
                                             1953


SUNRISE AND SUNSET
JULY 24 2014..........SUNRISE   549 AM PDT   SUNSET   847 PM PDT
JULY 25 2014..........SUNRISE   550 AM PDT   SUNSET   846 PM PDT


-  INDICATES NEGATIVE NUMBERS.
R  INDICATES RECORD WAS SET OR TIED.
MM INDICATES DATA IS MISSING.
T  INDICATES TRACE AMOUNT.




$$
