451
CDUS46 KPQR 180226
CLISLE


CLIMATE REPORT
NATIONAL WEATHER SERVICE PORTLAND OREGON
626 PM PST SUN DEC 17 2017


...................................

...THE SALEM OR CLIMATE SUMMARY FOR DECEMBER 17 2017...
VALID TODAY AS OF 0600 PM LOCAL TIME.

CLIMATE NORMAL PERIOD 1981 TO 2010
CLIMATE RECORD PERIOD 1892 TO 2017


WEATHER ITEM   OBSERVED TIME   RECORD YEAR NORMAL DEPARTURE LAST
                VALUE   (LST)  VALUE       VALUE  FROM      YEAR
                                                  NORMAL
..................................................................
TEMPERATURE (F)
 TODAY
  MAXIMUM         50    257 PM  61    1979  46      4       33
  MINIMUM         39    312 AM   9    1964  34      5       16
  AVERAGE         45                        40      5       25

PRECIPITATION (IN)
  TODAY            T             2.31 2015   0.21  -0.21     0.00
  MONTH TO DATE    0.67                      3.89  -3.22     3.56
  SINCE OCT 1     12.69                     13.42  -0.73    21.71
  SINCE JAN 1     48.50                     36.70  11.80    45.42

DEGREE DAYS
 HEATING
  TODAY           20                        25     -5       40
  MONTH TO DATE  432                       414     18      472
  SINCE DEC 1    432                       414     18      472
  SINCE JUL 1   1364                      1531   -167     1276

 COOLING
  TODAY            0                         0      0        0
  MONTH TO DATE    0                         0      0        0
  SINCE DEC 1      0                         0      0        0
  SINCE JAN 1    647                       290    357      465
..................................................................


WIND (MPH)
  HIGHEST WIND SPEED    15   HIGHEST WIND DIRECTION     S (200)
  HIGHEST GUST SPEED    19   HIGHEST GUST DIRECTION     S (180)
  AVERAGE WIND SPEED     8.8


SKY COVER
  POSSIBLE SUNSHINE  MM
  AVERAGE SKY COVER 0.7


WEATHER CONDITIONS
 THE FOLLOWING WEATHER WAS RECORDED TODAY.
  LIGHT RAIN


RELATIVE HUMIDITY (PERCENT)
 HIGHEST    92           200 AM
 LOWEST     56           200 PM
 AVERAGE    74

..........................................................


THE SALEM OR CLIMATE NORMALS FOR TOMORROW
                         NORMAL    RECORD    YEAR
 MAXIMUM TEMPERATURE (F)   46        59      1959
 MINIMUM TEMPERATURE (F)   34         6      1924


SUNRISE AND SUNSET
DECEMBER 17 2017......SUNRISE   745 AM PST   SUNSET   432 PM PST
DECEMBER 18 2017......SUNRISE   745 AM PST   SUNSET   432 PM PST


-  INDICATES NEGATIVE NUMBERS.
R  INDICATES RECORD WAS SET OR TIED.
MM INDICATES DATA IS MISSING.
T  INDICATES TRACE AMOUNT.




$$
