000
CDUS41 KBTV 040533
CLISLK


CLIMATE REPORT
NATIONAL WEATHER SERVICE BURLINGTON VT
132 AM EDT SAT JUL 4 2015


...................................

...THE SARANAC LAKE NY CLIMATE SUMMARY FOR JULY 3 2015...

CLIMATE NORMAL PERIOD 1981 TO 2010
CLIMATE RECORD PERIOD 9999 TO 9999


WEATHER ITEM   OBSERVED TIME   NORMAL DEPARTURE LAST
                VALUE   (LST)  VALUE  FROM      YEAR
                                      NORMAL
......................................................
TEMPERATURE (F)
 YESTERDAY
  MAXIMUM         72    333 PM  76     -4       80
  MINIMUM         35    432 AM  51    -16       59
  AVERAGE         54            63     -9       70

PRECIPITATION (IN)
  YESTERDAY        0.00          0.14  -0.14     0.38
  MONTH TO DATE    0.30          0.41  -0.11     0.40
  SINCE JUN 1     10.07          4.26   5.81     7.18
  SINCE JAN 1     17.86         16.61   1.25    19.34

DEGREE DAYS
 HEATING
  YESTERDAY       11             3      8        0
  MONTH TO DATE   22             9     13        0
  SINCE JUN 1    218           193     25      167
  SINCE JUL 1     22             9     13        0

 COOLING
  YESTERDAY        0             2     -2        5
  MONTH TO DATE    0             6     -6       23
  SINCE JUN 1      6            32    -26       44
  SINCE JAN 1     22            35    -13       45
......................................................


WIND (MPH)
  HIGHEST WIND SPEED    13   HIGHEST WIND DIRECTION    SW (240)
  HIGHEST GUST SPEED    18   HIGHEST GUST DIRECTION    SW (230)
  AVERAGE WIND SPEED     2.5


SKY COVER
  AVERAGE SKY COVER 0.2


WEATHER CONDITIONS
 THE FOLLOWING WEATHER WAS RECORDED YESTERDAY.
  FOG
  FOG W/VISIBILITY <= 1/4 MILE


RELATIVE HUMIDITY (PERCENT)
 HIGHEST   100           400 AM
 LOWEST     35           200 PM
 AVERAGE    68

..........................................................


THE SARANAC LAKE NY CLIMATE NORMALS FOR TODAY
                         NORMAL    RECORD    YEAR
 MAXIMUM TEMPERATURE (F)   76        86      2003
 MINIMUM TEMPERATURE (F)   51        44      2008


SUNRISE AND SUNSET
JULY  4 2015..........SUNRISE   518 AM EDT   SUNSET   844 PM EDT
JULY  5 2015..........SUNRISE   519 AM EDT   SUNSET   844 PM EDT


-  INDICATES NEGATIVE NUMBERS.
R  INDICATES RECORD WAS SET OR TIED.
MM INDICATES DATA IS MISSING.
T  INDICATES TRACE AMOUNT.




$$
