000
CDUS41 KBTV 060550
CLISLK


CLIMATE REPORT
NATIONAL WEATHER SERVICE BURLINGTON VT
1241 AM EST TUE DEC 6 2016


...................................

...THE SARANAC LAKE NY CLIMATE SUMMARY FOR DECEMBER 5 2016...

CLIMATE NORMAL PERIOD 1981 TO 2010
CLIMATE RECORD PERIOD 9999 TO 9999


WEATHER ITEM   OBSERVED TIME   NORMAL DEPARTURE LAST
                VALUE   (LST)  VALUE  FROM      YEAR
                                      NORMAL
......................................................
TEMPERATURE (F)
 YESTERDAY
  MAXIMUM         32    239 PM  33     -1       38
  MINIMUM          9   1229 AM  14     -5       30
  AVERAGE         21            23     -2       34

PRECIPITATION (IN)
  YESTERDAY        0.16          0.10   0.06     0.00
  MONTH TO DATE    0.82          0.47   0.35     1.04
  SINCE DEC 1      0.82          0.47   0.35     1.04
  SINCE JAN 1     31.55         35.70  -4.15    33.17

DEGREE DAYS
 HEATING
  YESTERDAY       44            42      2       31
  MONTH TO DATE  184           204    -20      160
  SINCE DEC 1    184           204    -20      160
  SINCE JUL 1   2026          2479   -453     2110

 COOLING
  YESTERDAY        0             0      0        0
  MONTH TO DATE    0             0      0        0
  SINCE DEC 1      0             0      0        0
  SINCE JAN 1    166           114     52      130
......................................................


WIND (MPH)
  HIGHEST WIND SPEED    13   HIGHEST WIND DIRECTION    SW (220)
  HIGHEST GUST SPEED    19   HIGHEST GUST DIRECTION    SW (240)
  AVERAGE WIND SPEED     4.3


SKY COVER
  AVERAGE SKY COVER 0.8


WEATHER CONDITIONS
 THE FOLLOWING WEATHER WAS RECORDED YESTERDAY.
  LIGHT SNOW
  FOG


RELATIVE HUMIDITY (PERCENT)
 HIGHEST    92           100 AM
 LOWEST     83          1200 AM
 AVERAGE    88

..........................................................


THE SARANAC LAKE NY CLIMATE NORMALS FOR TODAY
                         NORMAL    RECORD    YEAR
 MAXIMUM TEMPERATURE (F)   32        61      2001
 MINIMUM TEMPERATURE (F)   13        -7      2004


SUNRISE AND SUNSET
DECEMBER  6 2016......SUNRISE   719 AM EST   SUNSET   417 PM EST
DECEMBER  7 2016......SUNRISE   719 AM EST   SUNSET   417 PM EST


-  INDICATES NEGATIVE NUMBERS.
R  INDICATES RECORD WAS SET OR TIED.
MM INDICATES DATA IS MISSING.
T  INDICATES TRACE AMOUNT.




$$
