000
CDUS41 KBTV 250600
CLISLK


CLIMATE REPORT
NATIONAL WEATHER SERVICE BURLINGTON VT
135 AM EDT THU MAY 25 2017


...................................

...THE SARANAC LAKE NY CLIMATE SUMMARY FOR MAY 24 2017...

CLIMATE NORMAL PERIOD 1981 TO 2010
CLIMATE RECORD PERIOD 9999 TO 9999


WEATHER ITEM   OBSERVED TIME   NORMAL DEPARTURE LAST
                VALUE   (LST)  VALUE  FROM      YEAR
                                      NORMAL
......................................................
TEMPERATURE (F)
 YESTERDAY
  MAXIMUM         72    142 PM  66      6       81
  MINIMUM         37    430 AM  40     -3       31
  AVERAGE         55            53      2       56

PRECIPITATION (IN)
  YESTERDAY        0.00          0.12  -0.12     0.00
  MONTH TO DATE    4.89          2.57   2.32     1.81
  SINCE MAR 1     10.02          7.74   2.28     7.51
  SINCE JAN 1     14.56         11.48   3.08    11.39

DEGREE DAYS
 HEATING
  YESTERDAY       10            12     -2        9
  MONTH TO DATE  405           386     19      413
  SINCE MAR 1   2438          2452    -14     2345
  SINCE JUL 1   8134          9157  -1023     7940

 COOLING
  YESTERDAY        0             0      0        0
  MONTH TO DATE    6             0      6        0
  SINCE MAR 1      6             0      6        0
  SINCE JAN 1      6             0      6        0
......................................................


WIND (MPH)
  HIGHEST WIND SPEED    10   HIGHEST WIND DIRECTION     E (70)
  HIGHEST GUST SPEED    14   HIGHEST GUST DIRECTION    NE (60)
  AVERAGE WIND SPEED     2.9


SKY COVER
  AVERAGE SKY COVER 0.4


WEATHER CONDITIONS
 THE FOLLOWING WEATHER WAS RECORDED YESTERDAY.
  FOG
  FOG W/VISIBILITY <= 1/4 MILE


RELATIVE HUMIDITY (PERCENT)
 HIGHEST   100          1200 AM
 LOWEST     40           100 PM
 AVERAGE    70

..........................................................


THE SARANAC LAKE NY CLIMATE NORMALS FOR TODAY
                         NORMAL    RECORD    YEAR
 MAXIMUM TEMPERATURE (F)   67        86      2010
 MINIMUM TEMPERATURE (F)   40        23      2002


SUNRISE AND SUNSET
MAY 25 2017...........SUNRISE   520 AM EDT   SUNSET   828 PM EDT
MAY 26 2017...........SUNRISE   519 AM EDT   SUNSET   829 PM EDT


-  INDICATES NEGATIVE NUMBERS.
R  INDICATES RECORD WAS SET OR TIED.
MM INDICATES DATA IS MISSING.
T  INDICATES TRACE AMOUNT.




$$
