000
CDUS41 KBTV 220723
CLISLK


CLIMATE REPORT
NATIONAL WEATHER SERVICE BURLINGTON VT
217 AM EST WED NOV 22 2017


...................................

...THE SARANAC LAKE NY CLIMATE SUMMARY FOR NOVEMBER 21 2017...

CLIMATE NORMAL PERIOD 1981 TO 2010
CLIMATE RECORD PERIOD 9999 TO 9999


WEATHER ITEM   OBSERVED TIME   NORMAL DEPARTURE LAST
                VALUE   (LST)  VALUE  FROM      YEAR
                                      NORMAL
......................................................
TEMPERATURE (F)
 YESTERDAY
  MAXIMUM         47    237 PM  40      7       23
  MINIMUM         20    537 AM  21     -1       20
  AVERAGE         34            30      4       22

PRECIPITATION (IN)
  YESTERDAY        T             0.10  -0.10     0.02
  MONTH TO DATE    2.30          2.39  -0.09     1.77
  SINCE SEP 1      9.56          9.73  -0.17     8.57
  SINCE JAN 1     41.22         34.27   6.95    30.49

DEGREE DAYS
 HEATING
  YESTERDAY       31            35     -4       43
  MONTH TO DATE  723           647     76      535
  SINCE SEP 1   1441          1699   -258     1410
  SINCE JUL 1   1713          1939   -226     1531

 COOLING
  YESTERDAY        0             0      0        0
  MONTH TO DATE    0             0      0        0
  SINCE SEP 1     16             7      9       15
  SINCE JAN 1     69           114    -45      166
......................................................


WIND (MPH)
  HIGHEST WIND SPEED    22   HIGHEST WIND DIRECTION    SW (220)
  HIGHEST GUST SPEED    30   HIGHEST GUST DIRECTION    SW (220)
  AVERAGE WIND SPEED     9.2


SKY COVER
  AVERAGE SKY COVER 0.1


WEATHER CONDITIONS
 THE FOLLOWING WEATHER WAS RECORDED YESTERDAY.
  LIGHT SNOW
  FOG


RELATIVE HUMIDITY (PERCENT)
 HIGHEST   100          1200 AM
 LOWEST     38           300 PM
 AVERAGE    69

..........................................................


THE SARANAC LAKE NY CLIMATE NORMALS FOR TODAY
                         NORMAL    RECORD    YEAR
 MAXIMUM TEMPERATURE (F)   39        63      1999
 MINIMUM TEMPERATURE (F)   20        -2      2000


SUNRISE AND SUNSET
NOVEMBER 22 2017......SUNRISE   702 AM EST   SUNSET   423 PM EST
NOVEMBER 23 2017......SUNRISE   703 AM EST   SUNSET   423 PM EST


-  INDICATES NEGATIVE NUMBERS.
R  INDICATES RECORD WAS SET OR TIED.
MM INDICATES DATA IS MISSING.
T  INDICATES TRACE AMOUNT.




$$
