000
CDUS41 KBTV 290540
CLISLK


CLIMATE REPORT
NATIONAL WEATHER SERVICE BURLINGTON VT
136 AM EDT FRI APR 29 2016


...................................

...THE SARANAC LAKE NY CLIMATE SUMMARY FOR APRIL 28 2016...

CLIMATE NORMAL PERIOD 1981 TO 2010
CLIMATE RECORD PERIOD 9999 TO 9999


WEATHER ITEM   OBSERVED TIME   NORMAL DEPARTURE LAST
                VALUE   (LST)  VALUE  FROM      YEAR
                                      NORMAL
......................................................
TEMPERATURE (F)
 YESTERDAY
  MAXIMUM         48    419 PM  57     -9       59
  MINIMUM         16    457 AM  30    -14       31
  AVERAGE         32            43    -11       45

PRECIPITATION (IN)
  YESTERDAY        0.00          0.10  -0.10     0.00
  MONTH TO DATE    2.88          2.66   0.22     2.46
  SINCE MAR 1      5.70          4.94   0.76     3.33
  SINCE JAN 1      9.58          8.68   0.90     4.20

DEGREE DAYS
 HEATING
  YESTERDAY       33            22     11       20
  MONTH TO DATE  856           768     88      771
  SINCE MAR 1   1887          2025   -138     2179
  SINCE JUL 1   7482          8730  -1248     8962

 COOLING
  YESTERDAY        0             0      0        0
  MONTH TO DATE    0             0      0        0
  SINCE MAR 1      0             0      0        0
  SINCE JAN 1      0             0      0        0
......................................................


WIND (MPH)
  HIGHEST WIND SPEED    13   HIGHEST WIND DIRECTION    NE (60)
  HIGHEST GUST SPEED    18   HIGHEST GUST DIRECTION     N (20)
  AVERAGE WIND SPEED     4.9


SKY COVER
  AVERAGE SKY COVER 0.0


WEATHER CONDITIONS
 THE FOLLOWING WEATHER WAS RECORDED YESTERDAY.
  HAZE


RELATIVE HUMIDITY (PERCENT)
 HIGHEST    88           500 AM
 LOWEST     25           400 PM
 AVERAGE    57

..........................................................


THE SARANAC LAKE NY CLIMATE NORMALS FOR TODAY
                         NORMAL    RECORD    YEAR
 MAXIMUM TEMPERATURE (F)   57        79      2004
 MINIMUM TEMPERATURE (F)   31        15      2001


SUNRISE AND SUNSET
APRIL 29 2016.........SUNRISE   550 AM EDT   SUNSET   759 PM EDT
APRIL 30 2016.........SUNRISE   548 AM EDT   SUNSET   800 PM EDT


-  INDICATES NEGATIVE NUMBERS.
R  INDICATES RECORD WAS SET OR TIED.
MM INDICATES DATA IS MISSING.
T  INDICATES TRACE AMOUNT.




$$
