000
CDUS41 KBTV 290540
CLISLK


CLIMATE REPORT
NATIONAL WEATHER SERVICE BURLINGTON VT
136 AM EDT SAT AUG 29 2015


...................................

...THE SARANAC LAKE NY CLIMATE SUMMARY FOR AUGUST 28 2015...

CLIMATE NORMAL PERIOD 1981 TO 2010
CLIMATE RECORD PERIOD 9999 TO 9999


WEATHER ITEM   OBSERVED TIME   NORMAL DEPARTURE LAST
                VALUE   (LST)  VALUE  FROM      YEAR
                                      NORMAL
......................................................
TEMPERATURE (F)
 YESTERDAY
  MAXIMUM         71    316 PM  73     -2       64
  MINIMUM         45   1110 PM  47     -2       53
  AVERAGE         58            60     -2       59

PRECIPITATION (IN)
  YESTERDAY        0.00          0.14  -0.14     0.00
  MONTH TO DATE    3.40          3.74  -0.34     2.84
  SINCE JUN 1     16.26         11.78   4.48    13.68
  SINCE JAN 1     24.05         24.13  -0.08    25.84

DEGREE DAYS
 HEATING
  YESTERDAY        7             6      1        6
  MONTH TO DATE   87           128    -41      133
  SINCE JUN 1    378           406    -28      435
  SINCE JUL 1    182           222    -40      268

 COOLING
  YESTERDAY        0             1     -1        0
  MONTH TO DATE   31            28      3        4
  SINCE JUN 1     87           100    -13       63
  SINCE JAN 1    103           103      0       64
......................................................


WIND (MPH)
  HIGHEST WIND SPEED    12   HIGHEST WIND DIRECTION    SW (230)
  HIGHEST GUST SPEED    14   HIGHEST GUST DIRECTION     W (290)
  AVERAGE WIND SPEED     2.6


SKY COVER
  AVERAGE SKY COVER 0.5


WEATHER CONDITIONS
 THE FOLLOWING WEATHER WAS RECORDED YESTERDAY.
  FOG
  FOG W/VISIBILITY <= 1/4 MILE


RELATIVE HUMIDITY (PERCENT)
 HIGHEST   100           600 AM
 LOWEST     53           200 PM
 AVERAGE    77

..........................................................


THE SARANAC LAKE NY CLIMATE NORMALS FOR TODAY
                         NORMAL    RECORD    YEAR
 MAXIMUM TEMPERATURE (F)   72        88      2007
 MINIMUM TEMPERATURE (F)   47        32      2012


SUNRISE AND SUNSET
AUGUST 29 2015........SUNRISE   616 AM EDT   SUNSET   739 PM EDT
AUGUST 30 2015........SUNRISE   617 AM EDT   SUNSET   737 PM EDT


-  INDICATES NEGATIVE NUMBERS.
R  INDICATES RECORD WAS SET OR TIED.
MM INDICATES DATA IS MISSING.
T  INDICATES TRACE AMOUNT.




$$
